000
CXUS51 KBUF 271205
CF6ROC
PRELIMINARY LOCAL CLIMATOLOGICAL DATA (WS FORM: F-6)

                                          STATION:   ROCHESTER NY
                                          MONTH:     FEBRUARY
                                          YEAR:      2015
                                          LATITUDE:   43  7 N
                                          LONGITUDE:  77 40 W

  TEMPERATURE IN F:       :PCPN:    SNOW:  WIND      :SUNSHINE: SKY     :PK WND
================================================================================
1   2   3   4   5  6A  6B    7    8   9   10  11  12  13   14  15   16   17  18
                                     12Z  AVG MX 2MIN
DY MAX MIN AVG DEP HDD CDD  WTR  SNW DPTH SPD SPD DIR MIN PSBL S-S WX    SPD DR
================================================================================

 1  28  13  21  -3  44   0 0.15  2.3    4 11.9 20  70   M    M  10 19     25  70
 2  19   9  14 -10  51   0 0.41  6.1    7 14.9 28  20   M    M  10 19     34  20
 3  22   0  11 -14  54   0    T    T    8 10.4 24 270   M    M   5 8      29 270
 4  34  20  27   2  38   0 0.12  2.4    9 11.3 20 290   M    M  10 18     25 280
 5  22   2  12 -13  53   0 0.02  0.4   12 12.6 22 310   M    M   8 189    29 320
 6  23   2  13 -12  52   0 0.02  0.5   12 16.9 29 250   M    M   8 89     38 260
 7  30  23  27   2  38   0 0.07  0.9   12  7.6 17 250   M    M  10 1      23 240
 8  25  14  20  -5  45   0 0.37  5.5   13 13.8 20  40   M    M  10 12     24  40
 9  19  14  17  -8  48   0 0.32  6.5   17 11.7 22  30   M    M  10 1      26  30
10  21  13  17  -8  48   0    T  0.2   18  3.8 13  20   M    M  10 1      15  20
11  32  11  22  -4  43   0 0.06  0.8   18  4.3 17 240   M    M   9 128    21 230
12  31   4  18  -8  47   0 0.10  2.9   19 14.7 26 290   M    M  10 19     32 290
13  10  -2   4 -22  61   0 0.02  0.4   21  9.1 17 270   M    M   8 189    22 310
14  24   7  16 -10  49   0 0.05  1.5   19 13.7 22 290   M    M   9 189    29 310
15   7  -3   2 -24  63   0 0.25  4.0   21 15.8 26 300   M    M   9 189    37 310
16   8  -7   1 -25  64   0 0.01  0.2   17  6.0 17 250   M    M   8 19     20 250
17  17 -10   4 -23  61   0 0.00  0.0   16  5.8 16 270   M    M   7        20 270
18  22   4  13 -14  52   0 0.11  2.2   15  7.6 20 260   M    M  10 1289   24 260
19  14  -1   7 -20  58   0 0.09  2.7   17 15.1 25 280   M    M   9 189    36 290
20   6 -11  -2 -29  67   0 0.04  1.1   20 11.6 22 260   M    M   4 9      28 270
21  23 -11   6 -21  59   0 0.16  1.1   18  5.7 16 190   M    M  10 9      21 190
22  29   9  19  -9  46   0 0.06  1.3   19  9.4 21 330   M    M   8 189    27 270
23  13  -7   3 -25  62   0 0.01  0.3   17 12.8 22 260   M    M   5 9      28 270
24  26  -9   9 -19  56   0    T  0.1   16 12.4 25 240   M    M   7        33 250
25  22  10  16 -12  49   0 0.06  1.4   16 12.5 28 290   M    M   8 19     37 290
26  15   9  12 -17  53   0 0.01  0.4   16  6.1 15  40   M    M  10 1      18  40
================================================================================
SM  542  103      1361   0  2.51    45.2 277.5          M      222
================================================================================
AV 20.8  4.0                              10.7 FASTST   M    M   9    MAX(MPH)
                                 MISC ---->  # 29 250               # 38  260
================================================================================
NOTES:
# LAST OF SEVERAL OCCURRENCES

COLUMN 17 PEAK WIND IN M.P.H.

PRELIMINARY LOCAL CLIMATOLOGICAL DATA (WS FORM: F-6) , PAGE 2

                                          STATION:  ROCHESTER NY
                                          MONTH:    FEBRUARY
                                          YEAR:     2015
                                          LATITUDE:   43  7 N
                                          LONGITUDE:  77 40 W

[TEMPERATURE DATA]      [PRECIPITATION DATA]       SYMBOLS USED IN COLUMN 16

AVERAGE MONTHLY: 12.4   TOTAL FOR MONTH:   2.51    1 = FOG OR MIST
DPTR FM NORMAL: -13.8   DPTR FM NORMAL:    0.72    2 = FOG REDUCING VISIBILITY
HIGHEST:    34 ON  4    GRTST 24HR  0.56 ON  1- 2      TO 1/4 MILE OR LESS
LOWEST:    -11 ON 21,20                            3 = THUNDER
                        SNOW, ICE PELLETS, HAIL    4 = ICE PELLETS
                        TOTAL MONTH:  45.2 INCHES  5 = HAIL
                        GRTST 24HR   6.5 ON  9- 9  6 = FREEZING RAIN OR DRIZZLE
                        GRTST DEPTH:  21 ON 15,13  7 = DUSTSTORM OR SANDSTORM:
                                                       VSBY 1/2 MILE OR LESS
                                                   8 = SMOKE OR HAZE
[NO. OF DAYS WITH]      [WEATHER - DAYS WITH]      9 = BLOWING SNOW
                                                   X = TORNADO
MAX 32 OR BELOW:  25    0.01 INCH OR MORE:  22
MAX 90 OR ABOVE:   0    0.10 INCH OR MORE:   9
MIN 32 OR BELOW:  26    0.50 INCH OR MORE:   0
MIN  0 OR BELOW:  10    1.00 INCH OR MORE:   0

[HDD (BASE 65) ]
TOTAL THIS MO.  1361    CLEAR  (SCALE 0-3)   0
DPTR FM NORMAL   352    PTCLDY (SCALE 4-7)   8
TOTAL FM JUL 1  4983    CLOUDY (SCALE 8-10) 18
DPTR FM NORMAL   270

[CDD (BASE 65) ]
TOTAL THIS MO.     0
DPTR FM NORMAL     0    [PRESSURE DATA]
TOTAL FM JAN 1     0    HIGHEST SLP M ON M
DPTR FM NORMAL     0    LOWEST  SLP 29.53 ON 14

[REMARKS]
