000
CXUS56 KFGZ 240900
CF6RQE
PRELIMINARY LOCAL CLIMATOLOGICAL DATA (WS FORM: F-6)

                                          STATION:   WINDOW ROCK AZ AIRPORT
                                          MONTH:     NOVEMBER
                                          YEAR:      2014
                                          LATITUDE:   35 39 N
                                          LONGITUDE: 109  4 W

  TEMPERATURE IN F:       :PCPN:    SNOW:  WIND      :SUNSHINE: SKY     :PK WND
================================================================================
1   2   3   4   5  6A  6B    7    8   9   10  11  12  13   14  15   16   17  18
                                     12Z  AVG MX 2MIN
DY MAX MIN AVG DEP HDD CDD  WTR  SNW DPTH SPD SPD DIR MIN PSBL S-S WX    SPD DR
================================================================================

 1  72  44  58  15   7   0    T    M    M  9.4 28 230   M    M   1        37 200
 2  58  35  47   4  18   0 0.03    M    M 12.7 31 230   M    M   7        41 240
 3  54  23  39  -4  26   0 0.00    M    M  4.5 17  40   M    M   1        21  40
 4  53  19  36  -6  29   0 0.00    M    M  4.4 16  70   M    M   0        23  70
 5  62  16  39  -3  26   0 0.00    M    M  2.8 13  70   M    M   0        17  70
 6  69  19  44   2  21   0 0.00    M    M  1.7 10 110   M    M   0        14  70
 7  71  19  45   4  20   0 0.00    M    M  2.9 15 350   M    M   0        19 310
 8  68  24  46   5  19   0 0.00    M    0  2.0 10  80   M    M   0        15  70
 9  69  21  45   4  20   0 0.00    M    0  3.3 15 230   M    M   0        20 220
10  67  31  49   9  16   0 0.00    M    0 14.1 33 250   M    M   0        44 250
11  63  31  47   7  18   0 0.00    M    M 10.0 24 240   M    M   0        37 230
12  60  39  50  10  15   0 0.00    M    M 10.9 24 250   M    M   1        36 240
13  58  33  46   7  19   0 0.00    M    M  9.5 23 250   M    M   1        31 250
14  54  41  48   9  17   0 0.01    M    M  9.2 21 230   M    M   6        27 220
15  57  36  47   9  18   0    T    M    M 13.8 29 240   M    M   4        41 240
16  44  16  30  -8  35   0 0.08    M    M 12.2 26 240   M    M   3 1      38 220
17  46   5  26 -12  39   0 0.00    M    M  3.0 13  10   M    M   0        16  20
18  52   6  29  -8  36   0 0.00    M    M  1.9 13 270   M    M   M        16 230
19  58  10  34  -3  31   0 0.00    M    M  2.2 12 240   M    M   M        16 260
20   M   M   M   M   M   M    M    M    M   M   M   M   M    M   M         M  M
21   M   M   M   M   M   M    M    M    M   M   M   M   M    M   M         M  M
22  55  13  34  -2  31   0 0.00    M    M   M   M   M   M    M   M         M  M
23  41  22  32  -3  33   0 0.03    M    M   M   M   M   M    M   M         M  M
================================================================================
SM 1231  503       494   0  0.15    M    130.5          M       24
================================================================================
AV 58.6 24.0                               6.9 FASTST   M    M   1    MAX(MPH)
                                 MISC ---->  # 33 250               # 44  250
================================================================================
NOTES:
# LAST OF SEVERAL OCCURRENCES

COLUMN 17 PEAK WIND IN M.P.H.

PRELIMINARY LOCAL CLIMATOLOGICAL DATA (WS FORM: F-6) , PAGE 2

                                          STATION:  WINDOW ROCK AZ AIRPORT
                                          MONTH:    NOVEMBER
                                          YEAR:     2014
                                          LATITUDE:   35 39 N
                                          LONGITUDE: 109  4 W

[TEMPERATURE DATA]      [PRECIPITATION DATA]       SYMBOLS USED IN COLUMN 16

AVERAGE MONTHLY: 41.3   TOTAL FOR MONTH:   0.15    1 = FOG OR MIST
DPTR FM NORMAL:   1.9   DPTR FM NORMAL:   -0.55    2 = FOG REDUCING VISIBILITY
HIGHEST:    72 ON  1    GRTST 24HR  0.08 ON 16-16      TO 1/4 MILE OR LESS
LOWEST:      5 ON 17                               3 = THUNDER
                        SNOW, ICE PELLETS, HAIL    4 = ICE PELLETS
                        TOTAL MONTH:    M          5 = HAIL
                        GRTST 24HR    M  ON   M    6 = FREEZING RAIN OR DRIZZLE
                        GRTST DEPTH:   0           7 = DUSTSTORM OR SANDSTORM:
                                                       VSBY 1/2 MILE OR LESS
                                                   8 = SMOKE OR HAZE
[NO. OF DAYS WITH]      [WEATHER - DAYS WITH]      9 = BLOWING SNOW
                                                   X = TORNADO
MAX 32 OR BELOW:   0    0.01 INCH OR MORE:   4
MAX 90 OR ABOVE:   0    0.10 INCH OR MORE:   0
MIN 32 OR BELOW:  15    0.50 INCH OR MORE:   0
MIN  0 OR BELOW:   0    1.00 INCH OR MORE:   0

[HDD (BASE 65) ]
TOTAL THIS MO.   494    CLEAR  (SCALE 0-3)  14
DPTR FM NORMAL   -95    PTCLDY (SCALE 4-7)   3
TOTAL FM JUL 1   947    CLOUDY (SCALE 8-10)  0
DPTR FM NORMAL  -344

[CDD (BASE 65) ]
TOTAL THIS MO.     0
DPTR FM NORMAL     0    [PRESSURE DATA]
TOTAL FM JAN 1   450    HIGHEST SLP M ON M
DPTR FM NORMAL   170    LOWEST  SLP 29.70 ON 10

[REMARKS]
