000
CXUS54 KTSA 290840
CF6RVS
PRELIMINARY LOCAL CLIMATOLOGICAL DATA (WS FORM: F-6)

                                          STATION:   TULSA-RIVERSIDE  OKLAHOMA
                                          MONTH:     JUNE
                                          YEAR:      2015
                                          LATITUDE:   36  2 N
                                          LONGITUDE:  95 59 W

  TEMPERATURE IN F:       :PCPN:    SNOW:  WIND      :SUNSHINE: SKY     :PK WND
================================================================================
1   2   3   4   5  6A  6B    7    8   9   10  11  12  13   14  15   16   17  18
                                     12Z  AVG MX 2MIN
DY MAX MIN AVG DEP HDD CDD  WTR  SNW DPTH SPD SPD DIR MIN PSBL S-S WX    SPD DR
================================================================================

 1  80  55  68  -5   0   3 0.00  0.0    0  2.1  8 130   M    M   1 1      10  60
 2  87  62  75   2   0  10 0.00  0.0    0  6.3 15 180   M    M   3        21 170
 3  89  68  79   5   0  14 0.00  0.0    0  9.3 18 180   M    M   1        25 190
 4  90  67  79   5   0  14 0.00  0.0    0  7.3 16 180   M    M   1        21 170
 5  91  68  80   6   0  15 0.00  0.0    0  3.7 13 210   M    M   1 1      17 170
 6  93  69  81   7   0  16 0.00  0.0    0  4.9 13 170   M    M   1 18     17 190
 7  94  69  82   7   0  17 0.00  0.0    0  6.8 17 210   M    M   0 18     24 220
 8  92  67  80   5   0  15 0.00  0.0    0  2.7 12  20   M    M   1        16  20
 9  95  65  80   5   0  15 0.00  0.0    0  3.1 10 170   M    M   0        13 180
10  98  69  84   8   0  19 0.00  0.0    0  5.9 15 170   M    M   1        21 160
11  95  76  86  10   0  21 0.00  0.0    0 10.9 21 180   M    M   0        29 170
12  95  69  82   6   0  17 0.02  0.0    0  8.7 20 180   M    M   3 13     25 210
13  86  68  77   1   0  12 1.52  0.0    0  5.3 25 180   M    M   3 138    34 180
14  89  72  81   4   0  16 0.05  0.0    0  8.1 21 170   M    M   6 3      27 190
15  80  70  75  -2   0  10 0.36  0.0    0  5.6 13 180   M    M   6 13     16 170
16  84  71  78   1   0  13 0.54  0.0    0  4.7 10 180   M    M   8 13      M  M
17  79  72  76  -1   0  11 1.19  0.0    0  6.2 17 110   M    M   6 1      22 110
18  76  71  74  -4   0   9 2.23  0.0    0  8.9 16 360   M    M   8 1      23 360
19  89  70  80   2   0  15 0.00  0.0    0  2.7  8 250   M    M   1        13  10
20  93  72  83   5   0  18 0.00  0.0    0  8.8 21 200   M    M   0        28 200
21  89  72  81   3   0  16 0.00  0.0    0  9.8 21 180   M    M   2        28 180
22  93  76  85   7   0  20 0.00  0.0    0 11.6 22 220   M    M   1        32 230
23  94  74  84   5   0  19 0.00  0.0    0  6.6 14 200   M    M   0        18 180
24  95  72  84   5   0  19 0.00  0.0    0  7.8 16 180   M    M   1        21 180
25  95  75  85   6   0  20 0.00  0.0    0  7.3 14 200   M    M   1        20 210
26  92  75  84   5   0  19 0.00  0.0    0  6.5 16  10   M    M   3 3      23  10
27  86  66  76  -4   0  11 0.00  0.0    0  5.8 14  20   M    M   0        18  10
28  92  63  78  -2   0  13 0.00  0.0    0  6.0 16 200   M    M   0 1      21 200
================================================================================
SM 2511 1943         0 417  5.91     0.0 183.4          M       59
================================================================================
AV 89.7 69.4                               6.6 FASTST   M    M   2    MAX(MPH)
                                 MISC ---->  # 25 180               # 34  180
================================================================================
NOTES:
# LAST OF SEVERAL OCCURRENCES

COLUMN 17 PEAK WIND IN M.P.H.

PRELIMINARY LOCAL CLIMATOLOGICAL DATA (WS FORM: F-6) , PAGE 2

                                          STATION:  TULSA-RIVERSIDE  OKLAHOMA
                                          MONTH:    JUNE
                                          YEAR:     2015
                                          LATITUDE:   36  2 N
                                          LONGITUDE:  95 59 W

[TEMPERATURE DATA]      [PRECIPITATION DATA]       SYMBOLS USED IN COLUMN 16

AVERAGE MONTHLY: 79.5   TOTAL FOR MONTH:   5.91    1 = FOG OR MIST
DPTR FM NORMAL:   2.9   DPTR FM NORMAL:    1.01    2 = FOG REDUCING VISIBILITY
HIGHEST:    98 ON 10    GRTST 24HR  3.41 ON 17-18      TO 1/4 MILE OR LESS
LOWEST:     55 ON  1                               3 = THUNDER
                        SNOW, ICE PELLETS, HAIL    4 = ICE PELLETS
                        TOTAL MONTH:   0.0 INCH    5 = HAIL
                        GRTST 24HR     0.0         6 = FREEZING RAIN OR DRIZZLE
                        GRTST DEPTH:   0           7 = DUSTSTORM OR SANDSTORM:
                                                       VSBY 1/2 MILE OR LESS
                                                   8 = SMOKE OR HAZE
[NO. OF DAYS WITH]      [WEATHER - DAYS WITH]      9 = BLOWING SNOW
                                                   X = TORNADO
MAX 32 OR BELOW:   0    0.01 INCH OR MORE:   7
MAX 90 OR ABOVE:  16    0.10 INCH OR MORE:   5
MIN 32 OR BELOW:   0    0.50 INCH OR MORE:   4
MIN  0 OR BELOW:   0    1.00 INCH OR MORE:   3

[HDD (BASE 65) ]
TOTAL THIS MO.     0    CLEAR  (SCALE 0-3)  21
DPTR FM NORMAL     0    PTCLDY (SCALE 4-7)   7
TOTAL FM JUL 1  3663    CLOUDY (SCALE 8-10)  0
DPTR FM NORMAL   -29

[CDD (BASE 65) ]
TOTAL THIS MO.   417
DPTR FM NORMAL    90    [PRESSURE DATA]
TOTAL FM JAN 1   588    HIGHEST SLP M ON M
DPTR FM NORMAL    58    LOWEST  SLP 29.72 ON 11

[REMARKS]
