000
CXUS55 KCYS 241000
CF6RWL
PRELIMINARY LOCAL CLIMATOLOGICAL DATA (WS FORM: F-6)

                                          STATION:   RAWLINS WYOMING AIRPORT
                                          MONTH:     MAY
                                          YEAR:      2016
                                          LATITUDE:   41 47 N
                                          LONGITUDE: 107 12 W

  TEMPERATURE IN F:       :PCPN:    SNOW:  WIND      :SUNSHINE: SKY     :PK WND
================================================================================
1   2   3   4   5  6A  6B    7    8   9   10  11  12  13   14  15   16   17  18
                                     12Z  AVG MX 2MIN
DY MAX MIN AVG DEP HDD CDD  WTR  SNW DPTH SPD SPD DIR MIN PSBL S-S WX    SPD DR
================================================================================

 1  45  27  36  -9  29   0 0.00    M    M 15.3 26  50   M    M   3        33  40
 2  58  20  39  -6  26   0    M    M    M  7.6 18 280   M    M   0        24 280
 3  65  28  47   2  18   0    M    M    M  4.5 12 310   M    M   0        18 350
 4  72  30  51   5  14   0    M    M    M  4.8 21 210   M    M   0        29 210
 5  76  37  57  11   8   0    M    M    M  3.7 16 280   M    M   1        22 240
 6  69  44  57  11   8   0    M    M    M 11.1 37 360   M    M   5 138    45 360
 7  50  33  42  -5  23   0    M    M    M 12.2 29 220   M    M  10 138    37  80
 8  45  33  39  -8  26   0    M    M    M  9.0 17 240   M    M  10 12     22 280
 9  60  36  48   1  17   0    M    M    M 15.5 35 270   M    M   7 138    43 280
10  50  32  41  -7  24   0    M    M    M 20.5 33 240   M    M   3 8      38 270
11  52  28  40  -8  25   0 0.00    M    M 12.5 23 270   M    M   3        32 240
12  66  29  48   0  17   0 0.00    M    M 15.1 28 230   M    M   0        38 240
13  70  38  54   6  11   0 0.00    M    M 12.5 25 300   M    M   1        32 290
14  61  36  49   0  16   0 0.00    M    M 12.1 25  60   M    M   5        29  60
15  53  37  45  -4  20   0 0.11    M    M  7.2 18 250   M    M   7 18     21 240
16  50  34  42  -7  23   0 0.07    M    M 13.0 22  70   M    M  10 18     30  60
17  58  34  46  -4  19   0 0.03    M    M 15.6 22  70   M    M   5        29  70
18  65  29  47  -3  18   0 0.00    M    M  4.0 18 300   M    M   3        22 310
19  68  44  56   6   9   0 0.00    M    M 13.8 29 250   M    M   3 8      36 260
20  72  48  60   9   5   0 0.00    M    M 12.6 31 200   M    M   2        38 200
21  75  39  57   6   8   0 0.00    M    M 16.7 35 290   M    M   0        43 280
22  56  36  46  -5  19   0 0.10    M    M 11.6 32 240   M    M   7 18     41 220
23  61  31  46  -6  19   0 0.00    M    M 10.1 26 280   M    M   1        32 300
================================================================================
SM 1397  783       402   0  0.31    M    261.0          M       86
================================================================================
AV 60.7 34.0                              11.3 FASTST   M    M   4    MAX(MPH)
                                 MISC ---->  # 37 360               # 45  360
================================================================================
NOTES:
# LAST OF SEVERAL OCCURRENCES

COLUMN 17 PEAK WIND IN M.P.H.

PRELIMINARY LOCAL CLIMATOLOGICAL DATA (WS FORM: F-6) , PAGE 2

                                          STATION:  RAWLINS WYOMING AIRPORT
                                          MONTH:    MAY
                                          YEAR:     2016
                                          LATITUDE:   41 47 N
                                          LONGITUDE: 107 12 W

[TEMPERATURE DATA]      [PRECIPITATION DATA]       SYMBOLS USED IN COLUMN 16

AVERAGE MONTHLY: 47.4   TOTAL FOR MONTH:   0.31    1 = FOG OR MIST
DPTR FM NORMAL:  -0.8   DPTR FM NORMAL:   -0.72    2 = FOG REDUCING VISIBILITY
HIGHEST:    76 ON  5    GRTST 24HR  0.11 ON 15-15      TO 1/4 MILE OR LESS
LOWEST:     20 ON  2                               3 = THUNDER
                        SNOW, ICE PELLETS, HAIL    4 = ICE PELLETS
                        TOTAL MONTH:    M          5 = HAIL
                        GRTST 24HR    M  ON   M    6 = FREEZING RAIN OR DRIZZLE
                        GRTST DEPTH:  M  ON   M    7 = DUSTSTORM OR SANDSTORM:
                                                       VSBY 1/2 MILE OR LESS
                                                   8 = SMOKE OR HAZE
[NO. OF DAYS WITH]      [WEATHER - DAYS WITH]      9 = BLOWING SNOW
                                                   X = TORNADO
MAX 32 OR BELOW:   0    0.01 INCH OR MORE:   4
MAX 90 OR ABOVE:   0    0.10 INCH OR MORE:   2
MIN 32 OR BELOW:   9    0.50 INCH OR MORE:   0
MIN  0 OR BELOW:   0    1.00 INCH OR MORE:   0

[HDD (BASE 65) ]
TOTAL THIS MO.   402    CLEAR  (SCALE 0-3)  11
DPTR FM NORMAL    16    PTCLDY (SCALE 4-7)   9
TOTAL FM JUL 1  7503    CLOUDY (SCALE 8-10)  3
DPTR FM NORMAL  -602

[CDD (BASE 65) ]
TOTAL THIS MO.     0
DPTR FM NORMAL     0    [PRESSURE DATA]
TOTAL FM JAN 1     0    HIGHEST SLP M ON M
DPTR FM NORMAL     0    LOWEST  SLP 29.46 ON  9

[REMARKS]
