000
CXUS54 KEWX 240910
CF6RYW
PRELIMINARY LOCAL CLIMATOLOGICAL DATA (WS FORM: F-6)

                                          STATION:   LAGO VISTA
                                          MONTH:     FEBRUARY
                                          YEAR:      2017
                                          LATITUDE:   30 30 N
                                          LONGITUDE:  97 58 W

  TEMPERATURE IN F:       :PCPN:    SNOW:  WIND      :SUNSHINE: SKY     :PK WND
================================================================================
1   2   3   4   5  6A  6B    7    8   9   10  11  12  13   14  15   16   17  18
                                     12Z  AVG MX 2MIN
DY MAX MIN AVG DEP HDD CDD  WTR  SNW DPTH SPD SPD DIR MIN PSBL S-S WX    SPD DR
================================================================================

 1  83  57  70   M   0   5 0.00    M    M  6.7 12  20   M    M   0        20  20
 2  59  41  50   M  15   0 0.00    M    M  9.0 13 360   M    M   4        21  10
 3  51  41  46   M  19   0 0.00    M    M  8.0 12  40   M    M  10        17  50
 4  51  46  49   M  16   0 0.00    M    M  1.7  6  90   M    M  10 12      M  M
 5  70  51  61   M   4   0 0.00    M    M  7.0 13 190   M    M  10 1      20 200
 6  75  66  71   M   0   6 0.00    M    M  8.9 14 190   M    M   9 1      23 190
 7  82  66  74   M   0   9 0.00    M    M  5.7 12 280   M    M   3 1      22 190
 8  84  53  69   M   0   4 0.00    M    M  9.9 17  10   M    M   0        28  20
 9  68  40  54   M  11   0 0.00    M    M  7.9 15  20   M    M   0        23  20
10  76  51  64   M   1   0 0.00    M    M  9.6 14 190   M    M   4        22 200
11  82  66  74   M   0   9 0.00    M    M  9.4 15 200   M    M   5 1      22 210
12  74  63  69   M   0   4 0.00    M    M  8.2 14  30   M    M   7 1      21  40
13  76  59  68   M   0   3 0.02    M    M  9.8 13 110   M    M  10 3      21  90
14  66  45  56   M   9   0 0.72    M    M 11.7 18 300   M    M  10 3      29 160
15  63  41  52   M  13   0 0.00    M    M  8.2 13 330   M    M   1        21 340
16  67  38  53   M  12   0 0.00    M    M  4.8  8 280   M    M   0         M  M
17  76  52  64   M   1   0 0.00    M    M  7.9 18 220   M    M   1        27 220
18  85  58  72   M   0   7 0.00    M    M  6.7 12 210   M    M   3        18 160
19  80  59  70   M   0   5 1.08    M    M  8.5 14 140   M    M   9 13     24 150
20  69  57  63   M   2   0 0.83    M    M  5.1 15 330   M    M   7 13     27 260
21  79  52  66   M   0   1 0.00    M    M  9.2 15 300   M    M   0        23 300
22  87  49  68   M   0   3 0.00    M    M  4.6  8 270   M    M   0        16 220
23  90  62  76   M   0  11 0.00    M    0  8.6 15 200   M    M   0        28 200
================================================================================
SM 1693 1213       103  67  2.65    M    177.1          M      103
================================================================================
AV 73.6 52.7                               7.7 FASTST   M    M   4    MAX(MPH)
                                 MISC ---->    18   M                 29    M
================================================================================
NOTES:
# LAST OF SEVERAL OCCURRENCES

COLUMN 17 PEAK WIND IN M.P.H.

PRELIMINARY LOCAL CLIMATOLOGICAL DATA (WS FORM: F-6) , PAGE 2

                                          STATION:  LAGO VISTA
                                          MONTH:    FEBRUARY
                                          YEAR:     2017
                                          LATITUDE:   30 30 N
                                          LONGITUDE:  97 58 W

[TEMPERATURE DATA]      [PRECIPITATION DATA]       SYMBOLS USED IN COLUMN 16

AVERAGE MONTHLY: 63.2   TOTAL FOR MONTH:   2.65    1 = FOG OR MIST
DPTR FM NORMAL:     M   DPTR FM NORMAL:       M    2 = FOG REDUCING VISIBILITY
HIGHEST:    90 ON 23    GRTST 24HR  1.08 ON 19-19      TO 1/4 MILE OR LESS
LOWEST:     38 ON 16                               3 = THUNDER
                        SNOW, ICE PELLETS, HAIL    4 = ICE PELLETS
                        TOTAL MONTH:    M          5 = HAIL
                        GRTST 24HR    M  ON   M    6 = FREEZING RAIN OR DRIZZLE
                        GRTST DEPTH:   0           7 = DUSTSTORM OR SANDSTORM:
                                                       VSBY 1/2 MILE OR LESS
                                                   8 = SMOKE OR HAZE
[NO. OF DAYS WITH]      [WEATHER - DAYS WITH]      9 = BLOWING SNOW
                                                   X = TORNADO
MAX 32 OR BELOW:   0    0.01 INCH OR MORE:   4
MAX 90 OR ABOVE:   1    0.10 INCH OR MORE:   3
MIN 32 OR BELOW:   0    0.50 INCH OR MORE:   3
MIN  0 OR BELOW:   0    1.00 INCH OR MORE:   1

[HDD (BASE 65) ]
TOTAL THIS MO.   103    CLEAR  (SCALE 0-3)  11
DPTR FM NORMAL     M    PTCLDY (SCALE 4-7)   5
TOTAL FM JUL 1   856    CLOUDY (SCALE 8-10)  7
DPTR FM NORMAL     M

[CDD (BASE 65) ]
TOTAL THIS MO.    67
DPTR FM NORMAL     M    [PRESSURE DATA]
TOTAL FM JAN 1    86    HIGHEST SLP M ON M
DPTR FM NORMAL     M    LOWEST  SLP M ON M

[REMARKS]
