000
CXUS54 KEWX 290910
CF6RYW
PRELIMINARY LOCAL CLIMATOLOGICAL DATA (WS FORM: F-6)

                                          STATION:   LAGO VISTA
                                          MONTH:     MARCH
                                          YEAR:      2015
                                          LATITUDE:   30 30 N
                                          LONGITUDE:  97 58 W

  TEMPERATURE IN F:       :PCPN:    SNOW:  WIND      :SUNSHINE: SKY     :PK WND
================================================================================
1   2   3   4   5  6A  6B    7    8   9   10  11  12  13   14  15   16   17  18
                                     12Z  AVG MX 2MIN
DY MAX MIN AVG DEP HDD CDD  WTR  SNW DPTH SPD SPD DIR MIN PSBL S-S WX    SPD DR
================================================================================

 1  42  33  38   M  27   0    M    M    M  6.7  9  10   M    M  10 12     16  20
 2  42  37  40   M  25   0    M    M    M  5.0  8 350   M    M  10 12      M  M
 3  61  41  51   M  14   0 0.00  0.0    0  4.3  9 200   M    M  10 12     17 190
 4  67  33  50   M  15   0 0.16    M    0  7.1 21  30   M    M  10 12     35  30
 5  44  28  36   M  29   0 0.13    M    0 12.5 18  10   M    M   4        30 360
 6  55  27  41   M  24   0 0.00  0.0    0  4.1  7  20   M    M   0         M  M
 7  57  40  49   M  16   0 0.00  0.0    0  2.1  7 180   M    M  10         M  M
 8  52  47  50   M  15   0 0.07    M    0  4.2  8 110   M    M  10 12      M  M
 9  55  48  52   M  13   0 1.52    M    0  6.2 12  20   M    M  10 1       M  M
10  61  50  56   M   9   0 0.00    M    0  3.5  8 330   M    M  10 1       M  M
11  60  53  57   M   8   0 0.00    M    0  5.5 10  30   M    M   9        16  20
12  73  51  62   M   3   0 0.00  0.0    0  6.9 15  20   M    M   3        23  20
13  76  54  65   M   0   0 0.00  0.0    0  5.6 12 300   M    M   4 12     16 300
14  75  55  65   M   0   0 0.00  0.0    0  5.8 13 360   M    M   2        17 340
15  68  52  60   M   5   0 0.00  0.0    0  4.5 12  20   M    M   3         M  M
16  77  53  65   M   0   0 0.00  0.0    0  3.1  8 150   M    M   7         M  M
17  74  63  69   M   0   4 0.00  0.0    0  3.9  9 150   M    M   8 1       M  M
18  79  60  70   M   0   5 0.06  0.0    0  5.4 12 240   M    M   6         M  M
19  81  64  73   M   0   8 0.00  0.0    0  5.0  9 190   M    M   7 1      17 190
20  69  56  63   M   2   0 0.34    M    0  5.9 13  10   M    M  10 1      25 360
21  59  55  57   M   8   0 0.67  0.0    0  6.3 12  60   M    M  10 1      18  10
22  75  57  66   M   0   1 0.00  0.0    0  5.4  9 290   M    M   6 1      16 260
23  81  58  70   M   0   5 0.00  0.0    0  4.4  7 150   M    M   0         M  M
24  84  62  73   M   0   8 0.00  0.0    0  9.4 14 180   M    M   0        21 200
25  83  60  72   M   0   7 0.00  0.0    0  9.3 14 170   M    M   2 1      22 170
26  68  52  60   M   5   0 0.00    M    0 11.3 17  20   M    M   4        31  10
27  79  43  61   M   4   0 0.00  0.0    0  6.8 15 270   M    M   0        20 270
28  84  53  69   M   0   4 0.00  0.0    0  7.2 16 180   M    M   0        24 190
================================================================================
SM 1881 1385       222  42  2.95     0.0 167.4          M      165
================================================================================
AV 67.2 49.5                               6.0 FASTST   M    M   6    MAX(MPH)
                                 MISC ---->    21   M               # 35   30
================================================================================
NOTES:
# LAST OF SEVERAL OCCURRENCES

COLUMN 17 PEAK WIND IN M.P.H.

PRELIMINARY LOCAL CLIMATOLOGICAL DATA (WS FORM: F-6) , PAGE 2

                                          STATION:  LAGO VISTA
                                          MONTH:    MARCH
                                          YEAR:     2015
                                          LATITUDE:   30 30 N
                                          LONGITUDE:  97 58 W

[TEMPERATURE DATA]      [PRECIPITATION DATA]       SYMBOLS USED IN COLUMN 16

AVERAGE MONTHLY: 58.3   TOTAL FOR MONTH:   2.95    1 = FOG OR MIST
DPTR FM NORMAL:     M   DPTR FM NORMAL:       M    2 = FOG REDUCING VISIBILITY
HIGHEST:    84 ON 28,24 GRTST 24HR  1.52 ON  9- 9      TO 1/4 MILE OR LESS
LOWEST:     27 ON  6                               3 = THUNDER
                        SNOW, ICE PELLETS, HAIL    4 = ICE PELLETS
                        TOTAL MONTH:   0.0 INCH    5 = HAIL
                        GRTST 24HR     0.0         6 = FREEZING RAIN OR DRIZZLE
                        GRTST DEPTH:   0           7 = DUSTSTORM OR SANDSTORM:
                                                       VSBY 1/2 MILE OR LESS
                                                   8 = SMOKE OR HAZE
[NO. OF DAYS WITH]      [WEATHER - DAYS WITH]      9 = BLOWING SNOW
                                                   X = TORNADO
MAX 32 OR BELOW:   0    0.01 INCH OR MORE:   7
MAX 90 OR ABOVE:   0    0.10 INCH OR MORE:   5
MIN 32 OR BELOW:   2    0.50 INCH OR MORE:   2
MIN  0 OR BELOW:   0    1.00 INCH OR MORE:   1

[HDD (BASE 65) ]
TOTAL THIS MO.   222    CLEAR  (SCALE 0-3)   8
DPTR FM NORMAL     M    PTCLDY (SCALE 4-7)   8
TOTAL FM JUL 1  1772    CLOUDY (SCALE 8-10) 12
DPTR FM NORMAL     M

[CDD (BASE 65) ]
TOTAL THIS MO.    42
DPTR FM NORMAL     M    [PRESSURE DATA]
TOTAL FM JAN 1    56    HIGHEST SLP M ON M
DPTR FM NORMAL     M    LOWEST  SLP M ON M

[REMARKS]
