000
CXUS55 KTWC 290855
CF6SAD
PRELIMINARY LOCAL CLIMATOLOGICAL DATA (WS FORM: F-6)

                                          STATION:   SAFFORD AZ AIRPORT
                                          MONTH:     MAY
                                          YEAR:      2016
                                          LATITUDE:   32 50 N
                                          LONGITUDE: 109 38 W

  TEMPERATURE IN F:       :PCPN:    SNOW:  WIND      :SUNSHINE: SKY     :PK WND
================================================================================
1   2   3   4   5  6A  6B    7    8   9   10  11  12  13   14  15   16   17  18
                                     12Z  AVG MX 2MIN
DY MAX MIN AVG DEP HDD CDD  WTR  SNW DPTH SPD SPD DIR MIN PSBL S-S WX    SPD DR
================================================================================

 1  75  47  61  -8   4   0 0.00    M    M  8.5 22 180   M    M   3        26 170
 2  79  48  64  -5   1   0    T    M    M  8.8 21 140   M    M   0        31 120
 3  87  53  70   0   0   5 0.00    M    M  5.3 15 100   M    M   0        20 160
 4  93  61  77   7   0  12 0.00    M    M 13.4 25 110   M    M   0        33 100
 5  97  68  83  13   0  18 0.00    M    M 12.7 28 230   M    M   0        35 220
 6  85  57  71   0   0   6 0.00    M    M 12.6 29 200   M    M   0        39 210
 7  78  54  66  -5   0   1 0.00    M    M  8.9 18 310   M    M   0        22 320
 8  76  55  66  -5   0   1 0.00    M    M 12.0 25 300   M    M   1        35 290
 9  83  47  65  -7   0   0 0.00    M    M 11.1 24 310   M    M   M        32 310
10  88  50  69  -3   0   4 0.00    M    M  7.3 23 310   M    M   0        27 310
11  92  53  73   1   0   8 0.00    M    M  7.4 17 290   M    M   0        20 260
12  96  57  77   4   0  12 0.00    M    M  6.1 13 100   M    M   M        18 240
13 100  64  82   9   0  17 0.00    M    M  8.7 21 290   M    M   M        25 290
14  96  70  83  10   0  18 0.00    M    M  5.9 32 190   M    M   M 38     40 180
15  96  70  83   9   0  18 0.00    M    M 13.2 30 280   M    M   M        38 290
16  91  52  72  -2   0   7 0.00    M    M  8.7 24 300   M    M   0        31 300
17  84  58  71  -3   0   6 0.03    M    M  9.4 30 300   M    M   3 3      38  90
18  78  58  68  -6   0   3 0.35    M    M  8.2 31 290   M    M   5 3      39 290
19  84  49  67  -8   0   2 0.00    M    M  5.2 14 290   M    M   0        18 290
20  93  55  74  -1   0   9 0.00    M    M  7.6 23 160   M    M   0        30 170
21  90  56  73  -2   0   8 0.00    M    M  8.0 20 320   M    M   0        27 170
22  90  53  72  -4   0   7 0.00    M    M  9.2 24 270   M    M   0        34 270
23  90  55  73  -3   0   8 0.00    M    M  7.9 23 280   M    M   0        29 280
24  92  54  73  -3   0   8 0.00    M    M  9.3 28 280   M    M   0        36 270
25  91  53  72  -4   0   7 0.00    M    M  9.7 21 230   M    M   0        28 230
26  82  60  71  -6   0   6 0.00    M    M 13.3 26 330   M    M   0        36 290
27  87  51  69  -8   0   4 0.00    M    M  9.3 21 290   M    M   0        26 300
28  93  53  73  -4   0   8 0.00    M    M  6.7 17 310   M    M   0        24 310
================================================================================
SM 2466 1561         5 203  0.38    M    254.4          M       12
================================================================================
AV 88.1 55.8                               9.1 FASTST   M    M   1    MAX(MPH)
                                 MISC ---->  # 32 190               # 40  180
================================================================================
NOTES:
# LAST OF SEVERAL OCCURRENCES

COLUMN 17 PEAK WIND IN M.P.H.

PRELIMINARY LOCAL CLIMATOLOGICAL DATA (WS FORM: F-6) , PAGE 2

                                          STATION:  SAFFORD AZ AIRPORT
                                          MONTH:    MAY
                                          YEAR:     2016
                                          LATITUDE:   32 50 N
                                          LONGITUDE: 109 38 W

[TEMPERATURE DATA]      [PRECIPITATION DATA]       SYMBOLS USED IN COLUMN 16

AVERAGE MONTHLY: 71.9   TOTAL FOR MONTH:   0.38    1 = FOG OR MIST
DPTR FM NORMAL:  -1.4   DPTR FM NORMAL:    0.02    2 = FOG REDUCING VISIBILITY
HIGHEST:   100 ON 13    GRTST 24HR  0.38 ON 17-18      TO 1/4 MILE OR LESS
LOWEST:     47 ON  9, 1                            3 = THUNDER
                        SNOW, ICE PELLETS, HAIL    4 = ICE PELLETS
                        TOTAL MONTH:    M          5 = HAIL
                        GRTST 24HR    M  ON   M    6 = FREEZING RAIN OR DRIZZLE
                        GRTST DEPTH:  M  ON   M    7 = DUSTSTORM OR SANDSTORM:
                                                       VSBY 1/2 MILE OR LESS
                                                   8 = SMOKE OR HAZE
[NO. OF DAYS WITH]      [WEATHER - DAYS WITH]      9 = BLOWING SNOW
                                                   X = TORNADO
MAX 32 OR BELOW:   0    0.01 INCH OR MORE:   2
MAX 90 OR ABOVE:  15    0.10 INCH OR MORE:   1
MIN 32 OR BELOW:   0    0.50 INCH OR MORE:   0
MIN  0 OR BELOW:   0    1.00 INCH OR MORE:   0

[HDD (BASE 65) ]
TOTAL THIS MO.     5    CLEAR  (SCALE 0-3)  21
DPTR FM NORMAL     0    PTCLDY (SCALE 4-7)   2
TOTAL FM JUL 1  2112    CLOUDY (SCALE 8-10)  0
DPTR FM NORMAL  -151

[CDD (BASE 65) ]
TOTAL THIS MO.   203
DPTR FM NORMAL   -38    [PRESSURE DATA]
TOTAL FM JAN 1   266    HIGHEST SLP M ON M
DPTR FM NORMAL   -51    LOWEST  SLP 29.63 ON 15

[REMARKS]
