000
CXUS55 KLOX 301655
CF6SBA
PRELIMINARY LOCAL CLIMATOLOGICAL DATA (WS FORM: F-6)

                                          STATION:   SANTA BARBARA AIRPORT CA
                                          MONTH:     JUNE
                                          YEAR:      2015
                                          LATITUDE:   34 25 N
                                          LONGITUDE: 119 50 W

  TEMPERATURE IN F:       :PCPN:    SNOW:  WIND      :SUNSHINE: SKY     :PK WND
================================================================================
1   2   3   4   5  6A  6B    7    8   9   10  11  12  13   14  15   16   17  18
                                     12Z  AVG MX 2MIN
DY MAX MIN AVG DEP HDD CDD  WTR  SNW DPTH SPD SPD DIR MIN PSBL S-S WX    SPD DR
================================================================================

 1  66  56  61   0   4   0 0.00  0.0    0  6.9 13  70   M    M   5 8      16 120
 2  70  53  62   1   3   0 0.00  0.0    0  6.0 13 140   M    M   1 1      16 130
 3  69  52  61   0   4   0 0.00  0.0    0  5.9 15  50   M    M   4        20  40
 4  71  53  62   1   3   0 0.00  0.0    0  4.5 13 270   M    M   4        17 260
 5  70  51  61   0   4   0 0.00  0.0    0  6.7 16 270   M    M   2        26 350
 6  68  56  62   1   3   0 0.00  0.0    0  6.2 16 260   M    M   5        20 270
 7  71  58  65   4   0   0 0.00  0.0    0  7.0 15 110   M    M   4        19 120
 8  69  58  64   2   1   0 0.00  0.0    0  6.3 15  90   M    M   6 18     20  90
 9  72  57  65   3   0   0 0.30  0.0    M  5.6 16  70   M    M   8 1      20  80
10  72  60  66   4   0   1 0.00  0.0    0  6.9 14 130   M    M   6 18     17 120
11  68  60  64   2   1   0 0.00  0.0    0  6.1 15 270   M    M   9 18     18 280
12  70  59  65   3   0   0 0.00  0.0    0  4.2 14 260   M    M   9 18     16 260
13  72  59  66   4   0   1 0.00  0.0    0  6.0 13 260   M    M  10 1      16 250
14  68  60  64   2   1   0 0.00  0.0    0  6.7 14 250   M    M   7 1       M  M
15  72  59  66   4   0   1 0.00  0.0    0  5.5 10 150   M    M   5 1      16 230
16  73  54  64   2   1   0 0.00  0.0    0  6.3 12 210   M    M   1 1      13 220
17  68  59  64   2   1   0 0.00  0.0    0  5.1 12 210   M    M   4 18     15 240
18  69  57  63   0   2   0 0.00  0.0    0  5.2 12 210   M    M   5 18     15 240
19  79  57  68   5   0   3 0.00  0.0    0  4.8 13 140   M    M   1 128    14 140
20  77  55  66   3   0   1 0.00  0.0    0  5.0 10 140   M    M   0 8      13 210
21  75  57  66   3   0   1 0.00  0.0    0  5.0 13 130   M    M   0 1      16 140
22  78  54  66   3   0   1 0.00  0.0    0  4.6 12 140   M    M   0 8      14 150
23  78  56  67   4   0   2 0.00  0.0    0  5.4 14 140   M    M   0        17 340
24  77  55  66   2   0   1 0.00  0.0    0  4.9 12 250   M    M   0        15 220
25  70  58  64   0   1   0 0.00  0.0    0  5.4 13 240   M    M   4 18     15 260
26  70  57  64   0   1   0 0.00  0.0    0  7.2 17 250   M    M   3 128    21 250
27  73  56  65   1   0   0    T  0.0    0  6.1 15 260   M    M   3        19 270
28  79  58  69   5   0   4 0.00  0.0    0  5.1 12 260   M    M   0        15 230
29  78  60  69   5   0   4 0.00  0.0    0  4.8 15 140   M    M   1 1      18 140
================================================================================
SM 2092 1644        30  20  0.30     0.0 165.5          M      107
================================================================================
AV 72.1 56.7                               5.7 FASTST   M    M   4    MAX(MPH)
                                 MISC ---->  # 17 250               # 26  350
================================================================================
NOTES:
# LAST OF SEVERAL OCCURRENCES

COLUMN 17 PEAK WIND IN M.P.H.

PRELIMINARY LOCAL CLIMATOLOGICAL DATA (WS FORM: F-6) , PAGE 2

                                          STATION:  SANTA BARBARA AIRPORT CA
                                          MONTH:    JUNE
                                          YEAR:     2015
                                          LATITUDE:   34 25 N
                                          LONGITUDE: 119 50 W

[TEMPERATURE DATA]      [PRECIPITATION DATA]       SYMBOLS USED IN COLUMN 16

AVERAGE MONTHLY: 64.4   TOTAL FOR MONTH:   0.30    1 = FOG OR MIST
DPTR FM NORMAL:   2.0   DPTR FM NORMAL:    0.23    2 = FOG REDUCING VISIBILITY
HIGHEST:    79 ON 28,19 GRTST 24HR  0.30 ON  9- 9      TO 1/4 MILE OR LESS
LOWEST:     51 ON  5                               3 = THUNDER
                        SNOW, ICE PELLETS, HAIL    4 = ICE PELLETS
                        TOTAL MONTH:   0.0 INCH    5 = HAIL
                        GRTST 24HR     0.0         6 = FREEZING RAIN OR DRIZZLE
                        GRTST DEPTH:   0           7 = DUSTSTORM OR SANDSTORM:
                                                       VSBY 1/2 MILE OR LESS
                                                   8 = SMOKE OR HAZE
[NO. OF DAYS WITH]      [WEATHER - DAYS WITH]      9 = BLOWING SNOW
                                                   X = TORNADO
MAX 32 OR BELOW:   0    0.01 INCH OR MORE:   1
MAX 90 OR ABOVE:   0    0.10 INCH OR MORE:   1
MIN 32 OR BELOW:   0    0.50 INCH OR MORE:   0
MIN  0 OR BELOW:   0    1.00 INCH OR MORE:   0

[HDD (BASE 65) ]
TOTAL THIS MO.    30    CLEAR  (SCALE 0-3)  12
DPTR FM NORMAL   -59    PTCLDY (SCALE 4-7)  14
TOTAL FM JUL 1  1297    CLOUDY (SCALE 8-10)  3
DPTR FM NORMAL -1076

[CDD (BASE 65) ]
TOTAL THIS MO.    20
DPTR FM NORMAL     8    [PRESSURE DATA]
TOTAL FM JAN 1    58    HIGHEST SLP M ON M
DPTR FM NORMAL    32    LOWEST  SLP 29.70 ON 14

[REMARKS]
