000
CXUS53 KMKX 290756
CF6SBM
PRELIMINARY LOCAL CLIMATOLOGICAL DATA (WS FORM: F-6)

                                          STATION:   SHEBOYGAN WI
                                          MONTH:     APRIL
                                          YEAR:      2017
                                          LATITUDE:   43 46 N
                                          LONGITUDE:  87 51 W

  TEMPERATURE IN F:       :PCPN:    SNOW:  WIND      :SUNSHINE: SKY     :PK WND
================================================================================
1   2   3   4   5  6A  6B    7    8   9   10  11  12  13   14  15   16   17  18
                                     12Z  AVG MX 2MIN
DY MAX MIN AVG DEP HDD CDD  WTR  SNW DPTH SPD SPD DIR MIN PSBL S-S WX    SPD DR
================================================================================

 1  60  27  44   6  21   0 0.00  0.0    0  5.7 13 310   M    M   0        16 310
 2  55  34  45   6  20   0 0.03    M    M  5.4 12 150   M    M   6        16 140
 3  48  41  45   6  20   0 0.33    M    M  8.3 23  40   M    M   9 1      28  40
 4  59  37  48   8  17   0 0.29    M    M  9.8 18 340   M    M   7 1      23 340
 5  42  35  39  -1  26   0 0.12    M    M  7.7 17 360   M    M   7        27  10
 6  50  36  43   3  22   0 0.00  0.0    M 16.7 29 350   M    M   3        38 340
 7  54  34  44   3  21   0 0.00  0.0    0  9.8 18 350   M    M   0 8      24 340
 8  58  33  46   5  19   0 0.00  0.0    0 11.6 23 180   M    M   0 8      28 170
 9  72  48  60  18   5   0 0.00  0.0    0 10.0 22 210   M    M   4        30 180
10  70  36  53  11  12   0 0.16    M    0 13.6 30  40   M    M   7 13     39  30
11  45  35  40  -2  25   0 0.00  0.0    0  9.2 18 270   M    M  10 1      23 280
12  54  32  43   0  22   0 0.04  0.0    0  5.5 15  70   M    M   4        16 130
13  49  36  43   0  22   0 0.27  0.0    0  7.3 14  50   M    M   9 1      16  50
14  57  34  46   3  19   0 0.10  0.0    0  7.2 17 150   M    M   3 1      24 150
15  76  46  61  17   4   0 1.72  0.0    0 11.3 47 270   M    M   7 138    65 270
16  67  46  57  13   8   0 0.22  0.0    0 13.2 29 270   M    M   4 1      37 270
17  49  37  43  -1  22   0 0.00  0.0    0 11.6 21  50   M    M   5 12     23  50
18  59  37  48   3  17   0    T    M    0  9.1 21 160   M    M   2        29 170
19  61  39  50   5  15   0 0.08    M    0 12.9 36  60   M    M   5 13     40  60
20  54  41  48   3  17   0 0.57    M    0 11.4 25 310   M    M   9 138    32 300
21  57  37  47   1  18   0 0.00  0.0    M 11.2 24 340   M    M   5 8      30 320
22  61  31  46   0  19   0 0.00  0.0    0  4.1 10 180   M    M   0 8      14 130
23  65  37  51   5  14   0 0.00  0.0    M 13.2 26  50   M    M   0 8      31  40
24  64  33  49   3  16   0 0.00  0.0    M  7.2 17 180   M    M   0 8      22 170
25  63  47  55   8  10   0 0.00  0.0    0  8.1 20 160   M    M   2        25 160
26  69  51  60  13   5   0 0.11  0.0    0 10.4 21 210   M    M   6 18     22 200
27  51  39  45  -2  20   0 0.66    M    0 12.2 30 250   M    M  10 1      36 260
28  51  37  44  -4  21   0 0.08  0.0    0  7.7 21 240   M    M   8 1      26 240
================================================================================
SM 1620 1056       477   0  4.78     0.0 271.4          M      132
================================================================================
AV 57.9 37.7                               9.7 FASTST   M    M   5    MAX(MPH)
                                 MISC ---->  # 47 270               # 65  270
================================================================================
NOTES:
# LAST OF SEVERAL OCCURRENCES

COLUMN 17 PEAK WIND IN M.P.H.

PRELIMINARY LOCAL CLIMATOLOGICAL DATA (WS FORM: F-6) , PAGE 2

                                          STATION:  SHEBOYGAN WI
                                          MONTH:    APRIL
                                          YEAR:     2017
                                          LATITUDE:   43 46 N
                                          LONGITUDE:  87 51 W

[TEMPERATURE DATA]      [PRECIPITATION DATA]       SYMBOLS USED IN COLUMN 16

AVERAGE MONTHLY: 47.8   TOTAL FOR MONTH:   4.78    1 = FOG OR MIST
DPTR FM NORMAL:   4.5   DPTR FM NORMAL:    2.06    2 = FOG REDUCING VISIBILITY
HIGHEST:    76 ON 15    GRTST 24HR  1.72 ON 15-15      TO 1/4 MILE OR LESS
LOWEST:     27 ON  1                               3 = THUNDER
                        SNOW, ICE PELLETS, HAIL    4 = ICE PELLETS
                        TOTAL MONTH:   0.0 INCH    5 = HAIL
                        GRTST 24HR     0.0         6 = FREEZING RAIN OR DRIZZLE
                        GRTST DEPTH:   0           7 = DUSTSTORM OR SANDSTORM:
                                                       VSBY 1/2 MILE OR LESS
                                                   8 = SMOKE OR HAZE
[NO. OF DAYS WITH]      [WEATHER - DAYS WITH]      9 = BLOWING SNOW
                                                   X = TORNADO
MAX 32 OR BELOW:   0    0.01 INCH OR MORE:  15
MAX 90 OR ABOVE:   0    0.10 INCH OR MORE:  11
MIN 32 OR BELOW:   3    0.50 INCH OR MORE:   3
MIN  0 OR BELOW:   0    1.00 INCH OR MORE:   1

[HDD (BASE 65) ]
TOTAL THIS MO.   477    CLEAR  (SCALE 0-3)   9
DPTR FM NORMAL  -130    PTCLDY (SCALE 4-7)  14
TOTAL FM JUL 1  6187    CLOUDY (SCALE 8-10)  5
DPTR FM NORMAL  -959

[CDD (BASE 65) ]
TOTAL THIS MO.     0
DPTR FM NORMAL     0    [PRESSURE DATA]
TOTAL FM JAN 1     0    HIGHEST SLP M ON M
DPTR FM NORMAL     0    LOWEST  SLP 29.33 ON 26

[REMARKS]
