000
CXUS53 KMKX 290648
CF6SBM
PRELIMINARY LOCAL CLIMATOLOGICAL DATA (WS FORM: F-6)

                                          STATION:   SHEBOYGAN WI
                                          MONTH:     JANUARY
                                          YEAR:      2016
                                          LATITUDE:   43 46 N
                                          LONGITUDE:  87 51 W

  TEMPERATURE IN F:       :PCPN:    SNOW:  WIND      :SUNSHINE: SKY     :PK WND
================================================================================
1   2   3   4   5  6A  6B    7    8   9   10  11  12  13   14  15   16   17  18
                                     12Z  AVG MX 2MIN
DY MAX MIN AVG DEP HDD CDD  WTR  SNW DPTH SPD SPD DIR MIN PSBL S-S WX    SPD DR
================================================================================

 1  26  15  21   1  44   0    T    M    M 11.8 21 260   M    M   7 8      27 300
 2  33  15  24   4  41   0 0.00  0.0    0 11.5 26 250   M    M   1        33 240
 3  28  23  26   6  39   0    T    M    M  9.8 17 340   M    M   9        22 310
 4  25   2  14  -6  51   0 0.00  0.0    0  7.3 16 350   M    M   5        21 330
 5  29   2  16  -3  49   0 0.00  0.0    0  9.6 23 210   M    M   0 18     29 210
 6  33  17  25   6  40   0 0.00  0.0    0  7.1 14 200   M    M   2 1      17 210
 7  37  29  33  14  32   0 0.05    M    0  4.8 12 200   M    M  10 1      14 200
 8  38  34  36  17  29   0 0.12    M    M  4.2  9 280   M    M  10 12     12 150
 9  36  24  30  11  35   0 0.14    M    M  8.4 21 350   M    M  10 1      28 340
10  24  -2  11  -8  54   0    T    M    M 15.8 23 300   M    M   3        30 330
11  10  -5   3 -16  62   0 0.03    M    0  8.2 16 280   M    M   4 1      23 270
12   9   0   5 -14  60   0    T    M    0 16.1 25 290   M    M   2 89     34 290
13  18  -3   8 -11  57   0    T    M    0  8.4 16 250   M    M   6        24 280
14  35  15  25   6  40   0 0.00  0.0    0  4.0 10 100   M    M   7 128    13 110
15  33  25  29  10  36   0    T    M    0  7.8 21 340   M    M  10 12     25 330
16  27  -2  13  -6  52   0    T    M    0 14.0 23 290   M    M   3 8      30 290
17   2  -6  -2 -21  67   0    T    M    0 17.1 25 280   M    M   2        34 270
18   4  -7  -1 -20  66   0 0.00  0.0    M 15.0 22 270   M    M   0        28 280
19  15  -4   6 -13  59   0 0.00  0.0    M  5.4 15 280   M    M   0        21 280
20  20   9  15  -4  50   0    T    M    0  4.0 10 240   M    M   7 8      12 250
21  25  13  19   0  46   0    T    M    0  6.1 12 270   M    M  10        13 270
22  32  21  27   8  38   0    T    M    0  8.4 14 350   M    M  10 8      19 350
23  99  26  63  44   2   0    T    M    0  5.8 14 220   M    M   8        16 220
24   M  29   M   M   M   M 0.00  0.0    0  6.7 18 240   M    M   8        25 230
25   M   M   M   M   M   M 0.30    M    0  4.2 10 180   M    M   8 128    13 160
26  32  25  29  10  36   0 0.02    M    M 13.6 20 280   M    M  10 1      26 270
27  35  21  28   9  37   0 0.00    M    M 15.3 26 220   M    M   8 8      32 230
28  36  17  27   8  38   0    T    M    M 14.9 23 320   M    M   9        31 330
================================================================================
SM  741  333      1160   0  0.66     0.0 265.3          M      169
================================================================================
AV 28.5 12.3                               9.5 FASTST   M    M   6    MAX(MPH)
                                 MISC ---->  # 26 250               # 34  290
================================================================================
NOTES:
# LAST OF SEVERAL OCCURRENCES

COLUMN 17 PEAK WIND IN M.P.H.

PRELIMINARY LOCAL CLIMATOLOGICAL DATA (WS FORM: F-6) , PAGE 2

                                          STATION:  SHEBOYGAN WI
                                          MONTH:    JANUARY
                                          YEAR:     2016
                                          LATITUDE:   43 46 N
                                          LONGITUDE:  87 51 W

[TEMPERATURE DATA]      [PRECIPITATION DATA]       SYMBOLS USED IN COLUMN 16

AVERAGE MONTHLY: 20.4   TOTAL FOR MONTH:   0.66    1 = FOG OR MIST
DPTR FM NORMAL:   1.3   DPTR FM NORMAL:   -0.47    2 = FOG REDUCING VISIBILITY
HIGHEST:    99 ON 23    GRTST 24HR  0.32 ON 25-26      TO 1/4 MILE OR LESS
LOWEST:     -7 ON 18                               3 = THUNDER
                        SNOW, ICE PELLETS, HAIL    4 = ICE PELLETS
                        TOTAL MONTH:   0.0 INCH    5 = HAIL
                        GRTST 24HR     0.0         6 = FREEZING RAIN OR DRIZZLE
                        GRTST DEPTH:   0           7 = DUSTSTORM OR SANDSTORM:
                                                       VSBY 1/2 MILE OR LESS
                                                   8 = SMOKE OR HAZE
[NO. OF DAYS WITH]      [WEATHER - DAYS WITH]      9 = BLOWING SNOW
                                                   X = TORNADO
MAX 32 OR BELOW:  16    0.01 INCH OR MORE:   6
MAX 90 OR ABOVE:   1    0.10 INCH OR MORE:   3
MIN 32 OR BELOW:  26    0.50 INCH OR MORE:   0
MIN  0 OR BELOW:   8    1.00 INCH OR MORE:   0

[HDD (BASE 65) ]
TOTAL THIS MO.  1160    CLEAR  (SCALE 0-3)   8
DPTR FM NORMAL  -124    PTCLDY (SCALE 4-7)   9
TOTAL FM JUL 1  3379    CLOUDY (SCALE 8-10) 11
DPTR FM NORMAL  -825

[CDD (BASE 65) ]
TOTAL THIS MO.     0
DPTR FM NORMAL     0    [PRESSURE DATA]
TOTAL FM JAN 1     0    HIGHEST SLP M ON M
DPTR FM NORMAL     0    LOWEST  SLP 29.36 ON 15

[REMARKS]
