000
CXUS52 KMLB 250627
CF6SFB
PRELIMINARY LOCAL CLIMATOLOGICAL DATA (WS FORM: F-6)

                                          STATION:   SANFORD
                                          MONTH:     SEPTEMBER
                                          YEAR:      2017
                                          LATITUDE:   28 46 N
                                          LONGITUDE:  81 15 W

  TEMPERATURE IN F:       :PCPN:    SNOW:  WIND      :SUNSHINE: SKY     :PK WND
================================================================================
1   2   3   4   5  6A  6B    7    8   9   10  11  12  13   14  15   16   17  18
                                     12Z  AVG MX 2MIN
DY MAX MIN AVG DEP HDD CDD  WTR  SNW DPTH SPD SPD DIR MIN PSBL S-S WX    SPD DR
================================================================================

 1  95  73  84   2   0  19 0.07  0.0    0  7.5 17 290   M    M   3 13     22 290
 2  91  74  83   1   0  18 0.10  0.0    0  3.7 23 150   M    M   2 13     27 150
 3  87  75  81  -1   0  16 0.00  0.0    0  3.0  9 100   M    M   5        11 100
 4  90  75  83   1   0  18 0.25  0.0    0  3.5 17 150   M    M   6 13     22 100
 5  90  74  82   0   0  17 0.01  0.0    0  4.2 15 160   M    M   2 3      19 160
 6  86  75  81  -1   0  16 0.68  0.0    0  3.6 15 300   M    M   1 1      19 290
 7  92  75  84   2   0  19 0.00  0.0    0  5.4 17  80   M    M   2        20  40
 8  90  75  83   1   0  18 0.14  0.0    0  8.6 22  70   M    M   4 13     27  70
 9  84  73  79  -3   0  14 0.17  0.0    0 13.3 25  60   M    M   6 13     34  60
10  80  74  77  -5   0  12 9.24  0.0    0 21.1 59 100   M    M   7 123    73  80
11  85  74  80  -2   0  15 0.48  0.0    0 20.0 55 130   M    M   8 1      74 130
12  89  73  81   0   0  16 0.00  0.0    0  8.9 20 240   M    M   2        24 240
13  91  70  81   0   0  16 0.00  0.0    0  4.1 13 110   M    M   1        15 110
14  93  75  84   3   0  19 0.09  0.0    0  3.8 14  90   M    M   2 13     16  70
15  90  75  83   2   0  18 0.00  0.0    0  5.1 17 110   M    M   1        21  80
16  90  75  83   2   0  18 0.00  0.0    0  7.4 17  50   M    M   1        22  40
17  90  75  83   2   0  18 0.00  0.0    0  8.7 17  20   M    M   1        23  20
18  84  74  79  -2   0  14 0.04  0.0    0  7.4 16  40   M    M   7 1      22  10
19  90  72  81   0   0  16 0.00  0.0    0  6.6 15  70   M    M   6        19  80
20  91  72  82   1   0  17 0.00  0.0    0  5.2 15  60   M    M   1        19  70
21  90  71  81   1   0  16 0.00  0.0    0  6.0 17  50   M    M   1        21  50
22  90  72  81   1   0  16 0.33  0.0    0  6.5 16  80   M    M   4 3      20  90
23  88  74  81   1   0  16 0.08  0.0    0  7.8 23  50   M    M   1        27  40
24  90  76  83   3   0  18    T  0.0    0  8.0 17  50   M    M   2        21  60
================================================================================
SM 2136 1771         0 400 11.68     0.0 179.4          M       76
================================================================================
AV 89.0 73.8                               7.5 FASTST   M    M   3    MAX(MPH)
                                 MISC ---->  # 59 100               # 74  130
================================================================================
NOTES:
# LAST OF SEVERAL OCCURRENCES

COLUMN 17 PEAK WIND IN M.P.H.

PRELIMINARY LOCAL CLIMATOLOGICAL DATA (WS FORM: F-6) , PAGE 2

                                          STATION:  SANFORD
                                          MONTH:    SEPTEMBER
                                          YEAR:     2017
                                          LATITUDE:   28 46 N
                                          LONGITUDE:  81 15 W

[TEMPERATURE DATA]      [PRECIPITATION DATA]       SYMBOLS USED IN COLUMN 16

AVERAGE MONTHLY: 81.4   TOTAL FOR MONTH:  11.68    1 = FOG OR MIST
DPTR FM NORMAL:   0.1   DPTR FM NORMAL:    6.64    2 = FOG REDUCING VISIBILITY
HIGHEST:    95 ON  1    GRTST 24HR  9.24 ON 10-10      TO 1/4 MILE OR LESS
LOWEST:     70 ON 13                               3 = THUNDER
                        SNOW, ICE PELLETS, HAIL    4 = ICE PELLETS
                        TOTAL MONTH:   0.0 INCH    5 = HAIL
                        GRTST 24HR     0.0         6 = FREEZING RAIN OR DRIZZLE
                        GRTST DEPTH:   0           7 = DUSTSTORM OR SANDSTORM:
                                                       VSBY 1/2 MILE OR LESS
                                                   8 = SMOKE OR HAZE
[NO. OF DAYS WITH]      [WEATHER - DAYS WITH]      9 = BLOWING SNOW
                                                   X = TORNADO
MAX 32 OR BELOW:   0    0.01 INCH OR MORE:  13
MAX 90 OR ABOVE:  16    0.10 INCH OR MORE:   8
MIN 32 OR BELOW:   0    0.50 INCH OR MORE:   2
MIN  0 OR BELOW:   0    1.00 INCH OR MORE:   1

[HDD (BASE 65) ]
TOTAL THIS MO.     0    CLEAR  (SCALE 0-3)  15
DPTR FM NORMAL     0    PTCLDY (SCALE 4-7)   9
TOTAL FM JUL 1     0    CLOUDY (SCALE 8-10)  0
DPTR FM NORMAL     0

[CDD (BASE 65) ]
TOTAL THIS MO.   400
DPTR FM NORMAL     9    [PRESSURE DATA]
TOTAL FM JAN 1  3142    HIGHEST SLP 29.77 ON 12
DPTR FM NORMAL   335    LOWEST  SLP 29.08 ON 11

[REMARKS]
