000
CXUS52 KMLB 261253
CF6SFB
PRELIMINARY LOCAL CLIMATOLOGICAL DATA (WS FORM: F-6)

                                          STATION:   SANFORD
                                          MONTH:     NOVEMBER
                                          YEAR:      2014
                                          LATITUDE:   28 46 N
                                          LONGITUDE:  81 15 W

  TEMPERATURE IN F:       :PCPN:    SNOW:  WIND      :SUNSHINE: SKY     :PK WND
================================================================================
1   2   3   4   5  6A  6B    7    8   9   10  11  12  13   14  15   16   17  18
                                     12Z  AVG MX 2MIN
DY MAX MIN AVG DEP HDD CDD  WTR  SNW DPTH SPD SPD DIR MIN PSBL S-S WX    SPD DR
================================================================================

 1  62  46  54 -18  11   0 0.00    M    0 14.3 28 290   M    M   1        38 300
 2  66  39  53 -18  12   0 0.00  0.0    0  7.9 16 320   M    M   0        18 320
 3  75  44  60 -11   5   0 0.00  0.0    0  7.5 18  30   M    M   2        23  50
 4  81  55  68  -3   0   3 0.00  0.0    0  7.0 20 110   M    M   4        26 110
 5  84  62  73   3   0   8 0.00  0.0    0  5.9 17 120   M    M   2        25 100
 6  86  60  73   3   0   8 0.00  0.0    0  5.2 15 300   M    M   1 1      20 310
 7  75  56  66  -4   0   1 0.00  0.0    0  8.3 15  50   M    M   1 1      18  60
 8  78  52  65  -5   0   0 0.03  0.0    0  6.0 15 340   M    M   2        19 340
 9  70  58  64  -6   1   0 0.24  0.0    0  7.8 14 360   M    M   8 1      17  10
10  67  59  63  -6   2   0 0.53  0.0    0  9.7 16 360   M    M   9 1      21 360
11  80  57  69   0   0   4 0.00  0.0    M 10.4 16 330   M    M   0        23 330
12  79  54  67  -2   0   2 0.00  0.0    M  5.5 12 340   M    M   0        17  70
13  81  56  69   0   0   4 0.00  0.0    0  3.5  9  40   M    M   0 1      13  10
14  71  53  62  -6   3   0 0.00  0.0    0  6.6 12 350   M    M   5 18     16 340
15  76  48  62  -6   3   0 0.00  0.0    0  8.1 14  20   M    M   2        18  60
16  82  54  68   0   0   3 0.00  0.0    0  4.5 14 100   M    M   1 1      16 110
17  84  67  76   8   0  11 1.00  0.0    0  9.2 24 220   M    M   4 13     32 230
18  68  45  57 -11   8   0 0.06    M    0 11.2 22 340   M    M   7 1      29 340
19  60  41  51 -17  14   0 0.00  0.0    0 12.2 20 350   M    M   3        24 340
20  66  44  55 -12  10   0 0.00  0.0    0  8.1 15  40   M    M   0        17  10
21  74  53  64  -3   1   0 0.00  0.0    0 10.2 22  40   M    M   3        28  40
22  72  64  68   1   0   3 0.11  0.0    0 10.4 21  80   M    M  10 18     26  80
23  85  70  78  11   0  13 0.08  0.0    0 10.0 21 190   M    M   8 1      28 200
24  88  74  81  15   0  16 0.00  0.0    0  8.7 18 220   M    M   4        23 220
25  74  68  71   5   0   6 4.07  0.0    0  6.2 21 150   M    M   8 123    25 150
================================================================================
SM 1884 1379        70  82  6.12     0.0 204.4          M       85
================================================================================
AV 75.4 55.2                               8.2 FASTST   M    M   3    MAX(MPH)
                                 MISC ---->  # 28 290               # 38  300
================================================================================
NOTES:
# LAST OF SEVERAL OCCURRENCES

COLUMN 17 PEAK WIND IN M.P.H.

PRELIMINARY LOCAL CLIMATOLOGICAL DATA (WS FORM: F-6) , PAGE 2

                                          STATION:  SANFORD
                                          MONTH:    NOVEMBER
                                          YEAR:     2014
                                          LATITUDE:   28 46 N
                                          LONGITUDE:  81 15 W

[TEMPERATURE DATA]      [PRECIPITATION DATA]       SYMBOLS USED IN COLUMN 16

AVERAGE MONTHLY: 65.3   TOTAL FOR MONTH:   6.12    1 = FOG OR MIST
DPTR FM NORMAL:  -3.5   DPTR FM NORMAL:    4.08    2 = FOG REDUCING VISIBILITY
HIGHEST:    88 ON 24    GRTST 24HR  4.07 ON 25-25      TO 1/4 MILE OR LESS
LOWEST:     39 ON  2                               3 = THUNDER
                        SNOW, ICE PELLETS, HAIL    4 = ICE PELLETS
                        TOTAL MONTH:   0.0 INCH    5 = HAIL
                        GRTST 24HR     0.0         6 = FREEZING RAIN OR DRIZZLE
                        GRTST DEPTH:   0           7 = DUSTSTORM OR SANDSTORM:
                                                       VSBY 1/2 MILE OR LESS
                                                   8 = SMOKE OR HAZE
[NO. OF DAYS WITH]      [WEATHER - DAYS WITH]      9 = BLOWING SNOW
                                                   X = TORNADO
MAX 32 OR BELOW:   0    0.01 INCH OR MORE:   8
MAX 90 OR ABOVE:   0    0.10 INCH OR MORE:   5
MIN 32 OR BELOW:   0    0.50 INCH OR MORE:   3
MIN  0 OR BELOW:   0    1.00 INCH OR MORE:   2

[HDD (BASE 65) ]
TOTAL THIS MO.    70    CLEAR  (SCALE 0-3)  13
DPTR FM NORMAL    43    PTCLDY (SCALE 4-7)  10
TOTAL FM JUL 1    70    CLOUDY (SCALE 8-10)  2
DPTR FM NORMAL    37

[CDD (BASE 65) ]
TOTAL THIS MO.    82
DPTR FM NORMAL   -42    [PRESSURE DATA]
TOTAL FM JAN 1  3414    HIGHEST SLP M ON M
DPTR FM NORMAL    66    LOWEST  SLP 29.85 ON 25

[REMARKS]
