000
CXUS53 KSGF 300800
CF6SGF
PRELIMINARY LOCAL CLIMATOLOGICAL DATA (WS FORM: F-6)

                                          STATION:   SPRINGFIELD MO
                                          MONTH:     APRIL
                                          YEAR:      2017
                                          LATITUDE:   37 13 N
                                          LONGITUDE:  93 23 W

  TEMPERATURE IN F:       :PCPN:    SNOW:  WIND      :SUNSHINE: SKY     :PK WND
================================================================================
1   2   3   4   5  6A  6B    7    8   9   10  11  12  13   14  15   16   17  18
                                     12Z  AVG MX 2MIN
DY MAX MIN AVG DEP HDD CDD  WTR  SNW DPTH SPD SPD DIR MIN PSBL S-S WX    SPD DR
================================================================================

 1  67  47  57   6   8   0 0.00  0.0    0 10.3 20 140   M    M   6        23 130
 2  73  50  62  10   3   0 0.02  0.0    0 11.4 24 150   M    M   4 13     29 150
 3  65  48  57   5   8   0 0.07  0.0    0 12.0 25 260   M    M   8 1      32 260
 4  71  46  59   7   6   0 0.87  0.0    0 10.2 38  60   M    M   5 135    52 270
 5  58  42  50  -2  15   0 0.07  0.0    0 14.2 29 340   M    M   7 1      40 330
 6  60  40  50  -3  15   0 0.00  0.0    0 11.8 25 320   M    M   3        33 320
 7  64  31  48  -5  17   0 0.00  0.0    0  4.9 14 150   M    M   0        17 160
 8  79  50  65  12   0   0 0.00  0.0    0 16.1 29 190   M    M   0        35 170
 9  80  61  71  17   0   6 0.00  0.0    0 17.9 30 200   M    M   0        37 190
10  74  49  62   8   3   0 0.00  0.0    0 12.5 25 230   M    M   1        30 220
11  68  40  54   0  11   0 0.00  0.0    0  5.2 13 360   M    M   0        15 360
12  76  45  61   6   4   0 0.00  0.0    0  9.9 18 160   M    M   0        23 150
13  80  56  68  13   0   3 0.00  0.0    0  6.5 14 160   M    M   1        17 150
14  82  62  72  17   0   7 0.00  0.0    0 12.7 25 190   M    M   3        30 190
15  81  61  71  15   0   6 0.00  0.0    0 13.7 25 200   M    M   2        33 200
16  74  60  67  11   0   2 0.66  0.0    0  8.2 18 100   M    M   4 13     21 330
17  71  59  65   9   0   0 0.38  0.0    0  8.6 21 120   M    M   7 13     27 120
18  78  54  66  10   0   1 0.00  0.0    0  8.1 15 160   M    M   5 1      20 140
19  81  60  71  14   0   6 0.00  0.0    0 12.5 23 200   M    M   1        29 190
20  73  58  66   9   0   1 0.98  0.0    0  7.7 18 360   M    M   7 13     22 360
21  59  47  53  -5  12   0 1.97  0.0    0 12.6 33  60   M    M  10 13     39  50
22  50  43  47 -11  18   0 0.16  0.0    0 11.8 26  40   M    M  10 18     32  30
23  69  38  54  -4  11   0 0.00  0.0    0  7.0 18  40   M    M   0        22  20
24  75  38  57  -1   8   0 0.00  0.0    0  9.6 23 140   M    M   0        31 130
25  81  54  68   9   0   3 0.00  0.0    0 13.9 26 170   M    M   2        34 160
26  69  44  57  -2   8   0 1.21    M    0 11.2 33 270   M    M   9 138    48 270
27  65  40  53  -6  12   0 0.01  0.0    0  7.6 16 160   M    M   3        21 150
28  64  54  59  -1   6   0 0.89  0.0    0 12.6 33 150   M    M   9 13     39 150
29  64  59  62   2   3   0 4.31  0.0    M 11.7 25  70   M    M   8 13     32  70
================================================================================
SM 2051 1436       168  35 11.60     0.0 312.4          M      115
================================================================================
AV 70.7 49.5                              10.8 FASTST   M    M   4    MAX(MPH)
                                 MISC ---->  # 38  60               # 52  270
================================================================================
NOTES:
# LAST OF SEVERAL OCCURRENCES

COLUMN 17 PEAK WIND IN M.P.H.

PRELIMINARY LOCAL CLIMATOLOGICAL DATA (WS FORM: F-6) , PAGE 2

                                          STATION:  SPRINGFIELD MO
                                          MONTH:    APRIL
                                          YEAR:     2017
                                          LATITUDE:   37 13 N
                                          LONGITUDE:  93 23 W

[TEMPERATURE DATA]      [PRECIPITATION DATA]       SYMBOLS USED IN COLUMN 16

AVERAGE MONTHLY: 60.1   TOTAL FOR MONTH:  11.60    1 = FOG OR MIST
DPTR FM NORMAL:   4.5   DPTR FM NORMAL:    7.46    2 = FOG REDUCING VISIBILITY
HIGHEST:    82 ON 14    GRTST 24HR  4.31 ON 29-29      TO 1/4 MILE OR LESS
LOWEST:     31 ON  7                               3 = THUNDER
                        SNOW, ICE PELLETS, HAIL    4 = ICE PELLETS
                        TOTAL MONTH:   0.0 INCH    5 = HAIL
                        GRTST 24HR     0.0         6 = FREEZING RAIN OR DRIZZLE
                        GRTST DEPTH:   0           7 = DUSTSTORM OR SANDSTORM:
                                                       VSBY 1/2 MILE OR LESS
                                                   8 = SMOKE OR HAZE
[NO. OF DAYS WITH]      [WEATHER - DAYS WITH]      9 = BLOWING SNOW
                                                   X = TORNADO
MAX 32 OR BELOW:   0    0.01 INCH OR MORE:  13
MAX 90 OR ABOVE:   0    0.10 INCH OR MORE:   9
MIN 32 OR BELOW:   1    0.50 INCH OR MORE:   7
MIN  0 OR BELOW:   0    1.00 INCH OR MORE:   3

[HDD (BASE 65) ]
TOTAL THIS MO.   168    CLEAR  (SCALE 0-3)  13
DPTR FM NORMAL  -126    PTCLDY (SCALE 4-7)  12
TOTAL FM JUL 1  3273    CLOUDY (SCALE 8-10)  4
DPTR FM NORMAL -1195

[CDD (BASE 65) ]
TOTAL THIS MO.    35
DPTR FM NORMAL    13    [PRESSURE DATA]
TOTAL FM JAN 1    50    HIGHEST SLP M ON M
DPTR FM NORMAL    25    LOWEST  SLP 29.36 ON  4

[REMARKS]
