000
CXUS54 KLZK 261430
CF6SGT
PRELIMINARY LOCAL CLIMATOLOGICAL DATA (WS FORM: F-6)

                                          STATION:   Stuttgart Airport
                                          MONTH:     FEBRUARY
                                          YEAR:      2015
                                          LATITUDE:   34 35 N
                                          LONGITUDE:  91 34 W

  TEMPERATURE IN F:       :PCPN:    SNOW:  WIND      :SUNSHINE: SKY     :PK WND
================================================================================
1   2   3   4   5  6A  6B    7    8   9   10  11  12  13   14  15   16   17  18
                                     12Z  AVG MX 2MIN
DY MAX MIN AVG DEP HDD CDD  WTR  SNW DPTH SPD SPD DIR MIN PSBL S-S WX    SPD DR
================================================================================

 1  57  36  47   6  18   0 0.36    M    0 18.9 28 280   M    M   9        35 280
 2  37  27  32  -9  33   0 0.00  0.0    0 11.9 23 290   M    M   5        28 320
 3  46  27  37  -4  28   0 0.00  0.0    0  8.0 13 160   M    M   0         M  M
 4  55  34  45   3  20   0 0.00  0.0    0  7.8 24  10   M    M   7        33  10
 5  39  27  33  -9  32   0 0.00  0.0    0 14.3 24  20   M    M   3        30  10
 6  52  25  39  -3  26   0 0.00  0.0    0  7.0 15 200   M    M   2         M  M
 7  66  37  52  10  13   0 0.00  0.0    0 14.0 23 180   M    M   0        29 200
 8  64  52  58  16   7   0 0.00  0.0    0 12.4 18 210   M    M   6        25 210
 9  57  39  48   5  17   0 0.00  0.0    0 11.6 17  30   M    M   1        21  10
10  48  32  40  -3  25   0 0.00  0.0    0 10.3 17  50   M    M   3         M  M
11  57  32  45   2  20   0 0.00  0.0    0  5.8 17  20   M    M   0         M  M
12  45  28  37  -6  28   0 0.00  0.0    0 14.8 23  10   M    M   1        27  10
13  45  25  35  -9  30   0 0.00  0.0    0  7.0 10 190   M    M   0         M  M
14  72  28  50   6  15   0 0.00  0.0    0 11.7 25  50   M    M   0        33  50
15  37  23  30 -14  35   0 0.02    M    0 15.6 25  40   M    M   3        30  40
16  30  23  27 -17  38   0 0.45    M    0  2.5 17  20   M    M   8         M  M
17  34  18  26 -19  39   0 0.08    M    0  0.0  M   M   M    M   1         M  M
18  39  25  32 -13  33   0 0.01    M    0 13.8 18 340   M    M   2        22 300
19  27  19  23 -22  42   0 0.00  0.0    0  9.2 13  20   M    M   5         M  M
20  39  25  32 -14  33   0 0.23    M    0 11.5 14 130   M    M  10 3      18 120
21  61  34  48   2  17   0 0.58    M    0 16.8 23  10   M    M   8        28 180
22  43  28  36 -10  29   0 0.35    M    0 19.5 24  20   M    M   7        32  30
23  30  21  26 -20  39   0 0.00  0.0    0 17.8 23  20   M    M   9        32  20
24  37  23  30 -17  35   0 0.02    M    0  6.7 12 230   M    M   6         M  M
25  34  28  31 -16  34   0 0.39    M    0  1.9  7  40   M    M   7         M  M
================================================================================
SM 1151  716       686   0  2.49     0.0 270.8          M      103
================================================================================
AV 46.0 28.6                              10.8 FASTST   M    M   4    MAX(MPH)
                                 MISC ---->    28   M               # 35  280
================================================================================
NOTES:
# LAST OF SEVERAL OCCURRENCES

COLUMN 17 PEAK WIND IN M.P.H.

PRELIMINARY LOCAL CLIMATOLOGICAL DATA (WS FORM: F-6) , PAGE 2

                                          STATION:  Stuttgart Airport
                                          MONTH:    FEBRUARY
                                          YEAR:     2015
                                          LATITUDE:   34 35 N
                                          LONGITUDE:  91 34 W

[TEMPERATURE DATA]      [PRECIPITATION DATA]       SYMBOLS USED IN COLUMN 16

AVERAGE MONTHLY: 37.3   TOTAL FOR MONTH:   2.49    1 = FOG OR MIST
DPTR FM NORMAL:  -6.4   DPTR FM NORMAL:   -1.23    2 = FOG REDUCING VISIBILITY
HIGHEST:    72 ON 14    GRTST 24HR  0.58 ON 21-21      TO 1/4 MILE OR LESS
LOWEST:     18 ON 17                               3 = THUNDER
                        SNOW, ICE PELLETS, HAIL    4 = ICE PELLETS
                        TOTAL MONTH:   0.0 INCH    5 = HAIL
                        GRTST 24HR     0.0         6 = FREEZING RAIN OR DRIZZLE
                        GRTST DEPTH:   0           7 = DUSTSTORM OR SANDSTORM:
                                                       VSBY 1/2 MILE OR LESS
                                                   8 = SMOKE OR HAZE
[NO. OF DAYS WITH]      [WEATHER - DAYS WITH]      9 = BLOWING SNOW
                                                   X = TORNADO
MAX 32 OR BELOW:   3    0.01 INCH OR MORE:  10
MAX 90 OR ABOVE:   0    0.10 INCH OR MORE:   6
MIN 32 OR BELOW:  19    0.50 INCH OR MORE:   1
MIN  0 OR BELOW:   0    1.00 INCH OR MORE:   0

[HDD (BASE 65) ]
TOTAL THIS MO.   686    CLEAR  (SCALE 0-3)  12
DPTR FM NORMAL   153    PTCLDY (SCALE 4-7)  10
TOTAL FM JUL 1  2681    CLOUDY (SCALE 8-10)  3
DPTR FM NORMAL   125

[CDD (BASE 65) ]
TOTAL THIS MO.     0
DPTR FM NORMAL     0    [PRESSURE DATA]
TOTAL FM JAN 1     0    HIGHEST SLP M ON M
DPTR FM NORMAL     0    LOWEST  SLP M ON M

[REMARKS]
