000
CXUS56 KFGZ 220900
CF6SJN
PRELIMINARY LOCAL CLIMATOLOGICAL DATA (WS FORM: F-6)

                                          STATION:   SAINT JOHNS AZ AIRPORT
                                          MONTH:     FEBRUARY
                                          YEAR:      2018
                                          LATITUDE:   34 31 N
                                          LONGITUDE: 109 23 W

  TEMPERATURE IN F:       :PCPN:    SNOW:  WIND      :SUNSHINE: SKY     :PK WND
================================================================================
1   2   3   4   5  6A  6B    7    8   9   10  11  12  13   14  15   16   17  18
                                     12Z  AVG MX 2MIN
DY MAX MIN AVG DEP HDD CDD  WTR  SNW DPTH SPD SPD DIR MIN PSBL S-S WX    SPD DR
================================================================================

 1  66  23  45   7  20   0 0.00    M    M  5.0 14 190   M    M   0        17 190
 2  67  22  45   7  20   0 0.00  0.0    0  7.2 18 320   M    M   0 8      24 320
 3  62  25  44   6  21   0 0.00    M    M  7.2 21 300   M    M   0        33 300
 4  64  23  44   6  21   0 0.00  0.0    0  5.6 13 310   M    M   0        17 290
 5  65  23  44   6  21   0 0.00    M    M  7.1 18 240   M    M   0        23 230
 6  61  28  45   6  20   0    T    M    M 10.9 38 330   M    M   0 8      52 340
 7  55  15  35  -4  30   0 0.00  0.0    0  2.6 10 190   M    M   0 18     13 190
 8  63  19  41   2  24   0 0.00  0.0    0  4.9 13 320   M    M   0        15 320
 9  69  22  46   7  19   0 0.00  0.0    0  6.2 17 320   M    M   0        22 240
10  63  38  51  12  14   0 0.00  0.0    0 19.9 37 260   M    M   1        46 240
11  52  18  35  -4  30   0 0.00  0.0    0  4.5 17 360   M    M   2        22  10
12  59  26  43   4  22   0 0.00  0.0    0  9.5 32 230   M    M   1 8      42 230
13  59  22  41   1  24   0 0.00  0.0    0  3.9 12 250   M    M   0 18     15 250
14  57  31  44   4  21   0 0.36    M    0  7.1 28 250   M    M   5 1      33 250
15  48  36  42   2  23   0 0.58    M    M  5.4 13 190   M    M   8 1      15 190
16  44  30  37  -3  28   0 0.00  0.0    0  2.1  9 190   M    M   4        10 190
17  57  27  42   2  23   0 0.00    M    M  3.9 10 180   M    M   0 12     13 190
18  60  30  45   5  20   0 0.00    M    M 11.5 29 230   M    M   0        44 220
19  54  27  41   1  24   0 0.07    M    M 22.6 49 220   M    M   5 1      64 230
20  39  23  31 -10  34   0 0.02    M    M  8.4 23 250   M    M   7 1      30 250
21  52  20  36  -5  29   0 0.00    M    M  7.0 23 250   M    M   2        31 240
================================================================================
SM 1216  528       488   0  1.03     0.0 162.5          M       35
================================================================================
AV 57.9 25.1                               7.7 FASTST   M    M   2    MAX(MPH)
                                 MISC ---->  # 49 220               # 64  230
================================================================================
NOTES:
# LAST OF SEVERAL OCCURRENCES

COLUMN 17 PEAK WIND IN M.P.H.

PRELIMINARY LOCAL CLIMATOLOGICAL DATA (WS FORM: F-6) , PAGE 2

                                          STATION:  SAINT JOHNS AZ AIRPORT
                                          MONTH:    FEBRUARY
                                          YEAR:     2018
                                          LATITUDE:   34 31 N
                                          LONGITUDE: 109 23 W

[TEMPERATURE DATA]      [PRECIPITATION DATA]       SYMBOLS USED IN COLUMN 16

AVERAGE MONTHLY: 41.5   TOTAL FOR MONTH:   1.03    1 = FOG OR MIST
DPTR FM NORMAL:   2.2   DPTR FM NORMAL:    0.64    2 = FOG REDUCING VISIBILITY
HIGHEST:    69 ON  9    GRTST 24HR  0.58 ON 15-15      TO 1/4 MILE OR LESS
LOWEST:     15 ON  7                               3 = THUNDER
                        SNOW, ICE PELLETS, HAIL    4 = ICE PELLETS
                        TOTAL MONTH:   0.0 INCH    5 = HAIL
                        GRTST 24HR     0.0         6 = FREEZING RAIN OR DRIZZLE
                        GRTST DEPTH:   0           7 = DUSTSTORM OR SANDSTORM:
                                                       VSBY 1/2 MILE OR LESS
                                                   8 = SMOKE OR HAZE
[NO. OF DAYS WITH]      [WEATHER - DAYS WITH]      9 = BLOWING SNOW
                                                   X = TORNADO
MAX 32 OR BELOW:   0    0.01 INCH OR MORE:   4
MAX 90 OR ABOVE:   0    0.10 INCH OR MORE:   2
MIN 32 OR BELOW:  19    0.50 INCH OR MORE:   1
MIN  0 OR BELOW:   0    1.00 INCH OR MORE:   0

[HDD (BASE 65) ]
TOTAL THIS MO.   488    CLEAR  (SCALE 0-3)  16
DPTR FM NORMAL   -52    PTCLDY (SCALE 4-7)   5
TOTAL FM JUL 1  3023    CLOUDY (SCALE 8-10)  0
DPTR FM NORMAL  -406

[CDD (BASE 65) ]
TOTAL THIS MO.     0
DPTR FM NORMAL     0    [PRESSURE DATA]
TOTAL FM JAN 1     0    HIGHEST SLP M ON M
DPTR FM NORMAL     0    LOWEST  SLP 29.41 ON 19

[REMARKS]
