000
CXUS54 KSJT 301210
CF6SJT
PRELIMINARY LOCAL CLIMATOLOGICAL DATA (WS FORM: F-6)

                                          STATION:   SAN ANGELO
                                          MONTH:     AUGUST
                                          YEAR:      2016
                                          LATITUDE:   31 21 N
                                          LONGITUDE: 100 30 W

  TEMPERATURE IN F:       :PCPN:    SNOW:  WIND      :SUNSHINE: SKY     :PK WND
================================================================================
1   2   3   4   5  6A  6B    7    8   9   10  11  12  13   14  15   16   17  18
                                     12Z  AVG MX 2MIN
DY MAX MIN AVG DEP HDD CDD  WTR  SNW DPTH SPD SPD DIR MIN PSBL S-S WX    SPD DR
================================================================================

 1 102  77  90   6   0  25 0.00  0.0    0 11.5 21 160   M    M   0        28 160
 2 103  76  90   6   0  25 0.00  0.0    0 10.0 18 170   M    M   0        24 170
 3 104  76  90   6   0  25 0.00  0.0    0  8.2 15 180   M    M   1        20 120
 4 103  76  90   6   0  25 0.00  0.0    0 10.0 18 190   M    M   0        22 200
 5 103  76  90   6   0  25 0.00  0.0    0  9.6 17 100   M    M   2        25  80
 6 102  73  88   4   0  23 0.00  0.0    0  7.2 15 140   M    M   1        23 200
 7 103  78  91   7   0  26 0.00  0.0    0  9.6 16 180   M    M   1        22 180
 8 103  79  91   7   0  26 0.00  0.0    0  9.7 20 180   M    M   0        25 180
 9 104  80  92   8   0  27 0.00  0.0    0 10.3 21  70   M    M   2        28  70
10 105  79  92   8   0  27 0.00  0.0    0  8.5 16 130   M    M   2        21 130
11 105  80  93   9   0  28 0.00  0.0    0  9.4 22 260   M    M   1        27 110
12 104  75  90   7   0  25    T  0.0    0  6.6 28 330   M    M   3 3      33 330
13  85  71  78  -5   0  13 2.03  0.0    0  4.6 23  70   M    M   5 13     30  60
14  91  71  81  -2   0  16 0.00  0.0    0  8.6 21 360   M    M   0        25  20
15  90  67  79  -4   0  14    T  0.0    0  7.6 20 100   M    M   1        25 100
16  86  63  75  -8   0  10 0.00  0.0    0  6.3 15  80   M    M   3        20  70
17  88  72  80  -3   0  15 0.76  0.0    0  5.5 28 170   M    M   8 138    37 180
18  88  73  81  -2   0  16    T  0.0    0  6.6 15 100   M    M   6        20 180
19  91  74  83   0   0  18 0.02  0.0    0  8.5 17 180   M    M   5 3      21 190
20  83  71  77  -6   0  12 0.05  0.0    0  7.9 20  10   M    M   7 3      24  10
21  85  68  77  -5   0  12 0.00  0.0    0  6.6 17 100   M    M   7 1      21 100
22  90  69  80  -2   0  15 0.01  0.0    0  7.2 20 190   M    M   7 13     27 160
23  95  77  86   4   0  21 0.00  0.0    0 13.7 23 180   M    M   3        31 170
24  95  72  84   2   0  19 0.00  0.0    0  9.9 22 180   M    M   1        27 180
25  96  71  84   2   0  19 0.00  0.0    0  7.4 16 150   M    M   1        22 140
26  94  68  81  -1   0  16    T  0.0    0  4.8 26 330   M    M   2        32 330
27  93  70  82   1   0  17    T  0.0    0  6.0 24 210   M    M   2 3      32 210
28  92  68  80  -1   0  15    T  0.0    0  6.2 28  80   M    M   1 38     38  80
29  91  69  80  -1   0  15 0.00  0.0    0  8.4 20  70   M    M   4 1      25  70
================================================================================
SM 2774 2119         0 570  2.87     0.0 236.4          M       76
================================================================================
AV 95.7 73.1                               8.2 FASTST   M    M   3    MAX(MPH)
                                 MISC ---->  # 28 330               # 38   80
================================================================================
NOTES:
# LAST OF SEVERAL OCCURRENCES

COLUMN 17 PEAK WIND IN M.P.H.

PRELIMINARY LOCAL CLIMATOLOGICAL DATA (WS FORM: F-6) , PAGE 2

                                          STATION:  SAN ANGELO
                                          MONTH:    AUGUST
                                          YEAR:     2016
                                          LATITUDE:   31 21 N
                                          LONGITUDE: 100 30 W

[TEMPERATURE DATA]      [PRECIPITATION DATA]       SYMBOLS USED IN COLUMN 16

AVERAGE MONTHLY: 84.4   TOTAL FOR MONTH:   2.87    1 = FOG OR MIST
DPTR FM NORMAL:   1.4   DPTR FM NORMAL:    0.82    2 = FOG REDUCING VISIBILITY
HIGHEST:   105 ON 11,10 GRTST 24HR  2.03 ON 13-13      TO 1/4 MILE OR LESS
LOWEST:     63 ON 16                               3 = THUNDER
                        SNOW, ICE PELLETS, HAIL    4 = ICE PELLETS
                        TOTAL MONTH:   0.0 INCH    5 = HAIL
                        GRTST 24HR     0.0         6 = FREEZING RAIN OR DRIZZLE
                        GRTST DEPTH:   0           7 = DUSTSTORM OR SANDSTORM:
                                                       VSBY 1/2 MILE OR LESS
                                                   8 = SMOKE OR HAZE
[NO. OF DAYS WITH]      [WEATHER - DAYS WITH]      9 = BLOWING SNOW
                                                   X = TORNADO
MAX 32 OR BELOW:   0    0.01 INCH OR MORE:   5
MAX 90 OR ABOVE:  23    0.10 INCH OR MORE:   2
MIN 32 OR BELOW:   0    0.50 INCH OR MORE:   2
MIN  0 OR BELOW:   0    1.00 INCH OR MORE:   1

[HDD (BASE 65) ]
TOTAL THIS MO.     0    CLEAR  (SCALE 0-3)  21
DPTR FM NORMAL     0    PTCLDY (SCALE 4-7)   8
TOTAL FM JUL 1     0    CLOUDY (SCALE 8-10)  0
DPTR FM NORMAL     0

[CDD (BASE 65) ]
TOTAL THIS MO.   570
DPTR FM NORMAL    50    [PRESSURE DATA]
TOTAL FM JAN 1  2128    HIGHEST SLP M ON M
DPTR FM NORMAL   121    LOWEST  SLP 29.73 ON  8

[REMARKS]
