000
CXUS55 KLOX 271655
CF6SMX
PRELIMINARY LOCAL CLIMATOLOGICAL DATA (WS FORM: F-6)

                                          STATION:   SANTA MARIA AIRPORT CA
                                          MONTH:     FEBRUARY
                                          YEAR:      2015
                                          LATITUDE:   34 54 N
                                          LONGITUDE: 120 27 W

  TEMPERATURE IN F:       :PCPN:    SNOW:  WIND      :SUNSHINE: SKY     :PK WND
================================================================================
1   2   3   4   5  6A  6B    7    8   9   10  11  12  13   14  15   16   17  18
                                     12Z  AVG MX 2MIN
DY MAX MIN AVG DEP HDD CDD  WTR  SNW DPTH SPD SPD DIR MIN PSBL S-S WX    SPD DR
================================================================================

 1  73  42  58   6   7   0 0.00  0.0    0  3.4 12 300   M    M   1 18     17 290
 2  78  44  61   9   4   0 0.00  0.0    0  4.0 14 320   M    M   2         M  M
 3  78  43  61   9   4   0 0.00  0.0    0  3.6 13 330   M    M   3 128    15 310
 4  69  43  56   4   9   0 0.00  0.0    0  3.4 14 300   M    M   7 128    17 300
 5  71  45  58   6   7   0 0.00  0.0    0  4.1 12 300   M    M   8 128    14 310
 6  72  47  60   8   5   0    T    M    0  8.6 23 180   M    M   6 18     30 190
 7  68  58  63  11   2   0 0.31  0.0    0  8.3 16 140   M    M   9 18     21 160
 8  76  53  65  13   0   0 0.08  0.0    0  8.4 21 180   M    M   7 12     27 180
 9  69  53  61   8   4   0    T  0.0    M  8.1 22 300   M    M   4 128    25 300
10  76  49  63  10   2   0 0.00    M    0 12.5 29  30   M    M   1        35  10
11  81  47  64  11   1   0 0.00  0.0    0  3.8 10 290   M    M   1         M  M
12  82  45  64  11   1   0 0.00  0.0    0  4.5 15 310   M    M   0        18 340
13  84  45  65  12   0   0 0.00  0.0    0  4.0 16 320   M    M   0        19 320
14  82  45  64  11   1   0 0.00  0.0    0  3.5 14 300   M    M   3 8      16 320
15  75  45  60   7   5   0 0.00  0.0    0  2.9 12 300   M    M   3 18     15 290
16  64  51  58   5   7   0 0.00  0.0    0  4.1 12 300   M    M   9 128    14 320
17  61  55  58   5   7   0 0.00  0.0    0  3.2  9 320   M    M  10 18      M  M
18  69  54  62   9   3   0 0.00  0.0    0  4.3 13 310   M    M   8 18     16 310
19  68  56  62   9   3   0 0.00  0.0    0  4.8 14 300   M    M   8 18     17 300
20  69  57  63  10   2   0 0.00  0.0    0  4.1 14 310   M    M   8 18      M  M
21  68  53  61   8   4   0    T  0.0    0  4.8 14 300   M    M   9 18     18 300
22  65  46  56   3   9   0 0.07    M    0  4.9 17 240   M    M   8        22 250
23  64  42  53   0  12   0 0.00  0.0    0  6.5 15 290   M    M   1         M  M
24  70  37  54   1  11   0 0.00  0.0    0  7.4 21 310   M    M   1         M  M
25  69  38  54   1  11   0 0.00  0.0    0  7.8 25 310   M    M   1 1      28 310
26  72  41  57   4   8   0 0.00  0.0    0  7.1 25 300   M    M   4 18     30 300
================================================================================
SM 1873 1234       129   0  0.46     0.0 142.2          M      122
================================================================================
AV 72.0 47.5                               5.5 FASTST   M    M   5    MAX(MPH)
                                 MISC ---->    29   M                 35    M
================================================================================
NOTES:
# LAST OF SEVERAL OCCURRENCES

COLUMN 17 PEAK WIND IN M.P.H.

PRELIMINARY LOCAL CLIMATOLOGICAL DATA (WS FORM: F-6) , PAGE 2

                                          STATION:  SANTA MARIA AIRPORT CA
                                          MONTH:    FEBRUARY
                                          YEAR:     2015
                                          LATITUDE:   34 54 N
                                          LONGITUDE: 120 27 W

[TEMPERATURE DATA]      [PRECIPITATION DATA]       SYMBOLS USED IN COLUMN 16

AVERAGE MONTHLY: 59.8   TOTAL FOR MONTH:   0.46    1 = FOG OR MIST
DPTR FM NORMAL:   7.1   DPTR FM NORMAL:   -2.33    2 = FOG REDUCING VISIBILITY
HIGHEST:    84 ON 13    GRTST 24HR  0.31 ON  7- 7      TO 1/4 MILE OR LESS
LOWEST:     37 ON 24                               3 = THUNDER
                        SNOW, ICE PELLETS, HAIL    4 = ICE PELLETS
                        TOTAL MONTH:   0.0 INCH    5 = HAIL
                        GRTST 24HR     0.0         6 = FREEZING RAIN OR DRIZZLE
                        GRTST DEPTH:   0           7 = DUSTSTORM OR SANDSTORM:
                                                       VSBY 1/2 MILE OR LESS
                                                   8 = SMOKE OR HAZE
[NO. OF DAYS WITH]      [WEATHER - DAYS WITH]      9 = BLOWING SNOW
                                                   X = TORNADO
MAX 32 OR BELOW:   0    0.01 INCH OR MORE:   3
MAX 90 OR ABOVE:   0    0.10 INCH OR MORE:   1
MIN 32 OR BELOW:   0    0.50 INCH OR MORE:   0
MIN  0 OR BELOW:   0    1.00 INCH OR MORE:   0

[HDD (BASE 65) ]
TOTAL THIS MO.   129    CLEAR  (SCALE 0-3)  10
DPTR FM NORMAL  -191    PTCLDY (SCALE 4-7)  12
TOTAL FM JUL 1   667    CLOUDY (SCALE 8-10)  4
DPTR FM NORMAL -1145

[CDD (BASE 65) ]
TOTAL THIS MO.     0
DPTR FM NORMAL     0    [PRESSURE DATA]
TOTAL FM JAN 1     0    HIGHEST SLP M ON M
DPTR FM NORMAL     0    LOWEST  SLP 29.79 ON M

[REMARKS]
