000
CXUS56 KSGX 261445
CF6SNA
PRELIMINARY LOCAL CLIMATOLOGICAL DATA (WS FORM: F-6)

                                          STATION:   JOHN WAYNE AIRPORT CA
                                          MONTH:     MAY
                                          YEAR:      2015
                                          LATITUDE:   33 40 N
                                          LONGITUDE: 117 53 W

  TEMPERATURE IN F:       :PCPN:    SNOW:  WIND      :SUNSHINE: SKY     :PK WND
================================================================================
1   2   3   4   5  6A  6B    7    8   9   10  11  12  13   14  15   16   17  18
                                     12Z  AVG MX 2MIN
DY MAX MIN AVG DEP HDD CDD  WTR  SNW DPTH SPD SPD DIR MIN PSBL S-S WX    SPD DR
================================================================================

 1  85  61  73  10   0   8 0.00  0.0    0  3.0 12 220   M    M   4 8      14 220
 2  76  59  68   4   0   3 0.00  0.0    0  6.3 15 210   M    M   2 8      18 210
 3  71  59  65   1   0   0 0.00  0.0    0  6.0 16 200   M    M   5        21 200
 4  68  58  63  -1   2   0 0.00  0.0    0  5.0 13 220   M    M   6        18 230
 5  67  58  63  -1   2   0 0.00  0.0    0  4.4 14 210   M    M   8        17 230
 6  68  57  63  -1   2   0    T  0.0    0  6.1 15 200   M    M   8 8      17 170
 7  67  53  60  -4   5   0 0.39  0.0    0  6.6 22 190   M    M   8 18     30 190
 8  63  52  58  -6   7   0 0.11  0.0    0  4.5 15 200   M    M   7        22 200
 9  66  56  61  -3   4   0 0.00  0.0    0  2.9 10 220   M    M   7        15 220
10  72  54  63  -2   2   0 0.00  0.0    0  4.0 14 220   M    M   1        17 220
11  72  58  65   0   0   0 0.00  0.0    0  4.6 14 200   M    M   4        17 190
12  68  58  63  -2   2   0 0.00  0.0    0  8.3 17 210   M    M   5        24 200
13  68  57  63  -2   2   0 0.00  0.0    0  6.9 16 200   M    M   7 8      18 200
14  67  54  61  -4   4   0 0.37  0.0    0  5.5 15 200   M    M   6 1      21 200
15  68  55  62  -3   3   0 0.19  0.0    0  4.5 15 270   M    M   5 1      21 230
16  69  56  63  -2   2   0 0.00  0.0    0  7.6 20 190   M    M   7        25 190
17  70  57  64  -1   1   0 0.00  0.0    0  4.5 13 220   M    M   7        18 210
18  69  59  64  -1   1   0 0.00  0.0    0  6.8 16 200   M    M   6        22 200
19  69  58  64  -1   1   0 0.00  0.0    0  5.8 16 180   M    M   3        21 190
20  69  58  64  -2   1   0 0.00  0.0    0  5.9 16 220   M    M   5        21 210
21  69  59  64  -2   1   0 0.01  0.0    0  5.4 16 210   M    M   8        21 210
22  68  58  63  -3   2   0    T  0.0    0  5.6 14 220   M    M   8        20 220
23  69  59  64  -2   1   0 0.00  0.0    0  5.8 15 210   M    M   7        21 220
24  68  60  64  -2   1   0 0.00  0.0    0  4.5 10 190   M    M   8        16 220
25  67  60  64  -2   1   0 0.00  0.0    0  4.7 13 200   M    M  10        16 210
================================================================================
SM 1733 1433        47  11  1.07     0.0 135.2          M      152
================================================================================
AV 69.3 57.3                               5.4 FASTST   M    M   6    MAX(MPH)
                                 MISC ---->  # 22 190               # 30  190
================================================================================
NOTES:
# LAST OF SEVERAL OCCURRENCES

COLUMN 17 PEAK WIND IN M.P.H.

PRELIMINARY LOCAL CLIMATOLOGICAL DATA (WS FORM: F-6) , PAGE 2

                                          STATION:  JOHN WAYNE AIRPORT CA
                                          MONTH:    MAY
                                          YEAR:     2015
                                          LATITUDE:   33 40 N
                                          LONGITUDE: 117 53 W

[TEMPERATURE DATA]      [PRECIPITATION DATA]       SYMBOLS USED IN COLUMN 16

AVERAGE MONTHLY: 63.3   TOTAL FOR MONTH:   1.07    1 = FOG OR MIST
DPTR FM NORMAL:  -1.5   DPTR FM NORMAL:    0.84    2 = FOG REDUCING VISIBILITY
HIGHEST:    85 ON  1    GRTST 24HR  0.56 ON 14-15      TO 1/4 MILE OR LESS
LOWEST:     52 ON  8                               3 = THUNDER
                        SNOW, ICE PELLETS, HAIL    4 = ICE PELLETS
                        TOTAL MONTH:   0.0 INCH    5 = HAIL
                        GRTST 24HR     0.0         6 = FREEZING RAIN OR DRIZZLE
                        GRTST DEPTH:   0           7 = DUSTSTORM OR SANDSTORM:
                                                       VSBY 1/2 MILE OR LESS
                                                   8 = SMOKE OR HAZE
[NO. OF DAYS WITH]      [WEATHER - DAYS WITH]      9 = BLOWING SNOW
                                                   X = TORNADO
MAX 32 OR BELOW:   0    0.01 INCH OR MORE:   5
MAX 90 OR ABOVE:   0    0.10 INCH OR MORE:   4
MIN 32 OR BELOW:   0    0.50 INCH OR MORE:   0
MIN  0 OR BELOW:   0    1.00 INCH OR MORE:   0

[HDD (BASE 65) ]
TOTAL THIS MO.    47    CLEAR  (SCALE 0-3)   2
DPTR FM NORMAL    11    PTCLDY (SCALE 4-7)  20
TOTAL FM JUL 1   347    CLOUDY (SCALE 8-10)  3
DPTR FM NORMAL  -896

[CDD (BASE 65) ]
TOTAL THIS MO.    11
DPTR FM NORMAL   -14    [PRESSURE DATA]
TOTAL FM JAN 1   235    HIGHEST SLP M ON M
DPTR FM NORMAL   181    LOWEST  SLP 29.79 ON 15

[REMARKS]
