000
CXAK56 PASN 271157
CF6SNP

PRELIMINARY LOCAL CLIMATOLOGICAL DATA (WS FORM: F-6)

                                          STATION:   ST PAUL
                                          MONTH:     01
                                          YEAR:      2015
                                          LATITUDE:   57 10 N
                                          LONGITUDE: 170 13 W

  TEMPERATURE IN F:       :PCPN:    SNOW:  WIND      :SUNSHINE: SKY     :PK WND
================================================================================
1   2   3   4   5  6A  6B    7     8   9   10  11  12  13   14  15   16  17  18
                                      12Z  AVG MX 2MIN
DY MAX MIN AVG DEP HDD CDD  WTR   SNW DPTH SPD SPD DIR MIN PSBL S-S WX   SPD DR
================================================================================

 1  39  32  36   9  29   0  0.20    T   T 11.2 32  160   M    M   M 1     37 160
 2  40  31  36   9  29   0     T  0.0   0 16.5 37  140   M    M   M 1     43 140
 3  40  37  39  12  26   0  0.00  0.0   0 17.5 37  140   M    M   M 1     44 140
 4  38  31  35   9  30   0     T  0.0   0 13.4 24   80   M    M   M 1     30  80
 5  37  31  34   8  31   0     T    T   0 21.8 29   50   M    M   M 1     37  50
 6  32  23  28   2  37   0     T    T   0 21.2 29   10   M    M   M       36  10
 7  32  24  28   2  37   0  0.26  3.8   T 15.1 28   10   M    M   M 18    34  20
 8  34  32  33   7  32   0  0.18  0.9   4 19.3 29  340   M    M   M 1     32 340
 9  35  33  34   8  31   0  0.03    T   3 15.9 30  260   M    M   M 1     36 250
10  37  32  35   9  30   0  0.01    T   2 15.1 24   90   M    M   M 1     30 110
11  40  37  39  13  26   0  0.07    T   0 17.4 25   90   M    M   M 1     30 100
12  40  36  38  13  27   0  0.07  0.0   0 18.3 25   80   M    M   M 18    32  80
13  39  35  37  12  28   0  0.15  0.0   0 16.6 23  110   M    M   M 1     28 110
14  38  34  36  11  29   0     T  0.0   0  8.8 17  360   M    M   M 1     23  30
15  36  29  33   8  32   0  0.05  0.2   T 26.8 40   10   M    M   M 1     47  10
16  30  25  28   3  37   0     T    T   T 24.8 37  360   M    M   M 15    43 360
17  28  18  23  -2  42   0  0.01    T   T 10.4 22  330   M    M   M 1     27 320
18  34  14  24  -1  41   0  0.01    T   T 14.4 31  160   M    M   M 1     35 150
19  36  32  34   9  31   0     T    T   T 18.9 26  150   M    M   M 1     31 150
20  34  30  32   7  33   0  0.00  0.0   T 16.7 33   60   M    M   M       42  50
21  33  26  30   5  35   0  0.00  0.0   T 27.2 37   40   M    M   M 8     46  50
22  26  21  24   0  41   0     T    T   0 31.1 39   30   M    M   M       48  50
23  22  19  21  -3  44   0     T    T   0 20.3 32   20   M    M   M       39  30
24  23  20  22  -2  43   0  0.01  0.2   T 12.5 20   70   M    M   M       24  90
25  27  22  25   1  40   0     T  0.2   T 24.1 37   60   M    M   M 1     43  60
26  29  22  26   2  39   0  0.03  2.7   3 30.4 39   40   M    M   M 19    47  70
================================================================================
SM  879  726       880   0  1.08 8.0    485.7           M        M
================================================================================
AV 33.8 27.9                             18.7 FASTST  PSBL  %   M    MAX(MPH)
                                 MISC ---->     40   10                 48  50
================================================================================
NOTES:
# LAST OF SEVERAL OCCURRENCES

COLUMN 17 PEAK WIND IN M.P.H.

PRELIMINARY LOCAL CLIMATOLOGICAL DATA (WS FORM: F-6) , PAGE 2

                                          STATION:   ST PAUL
                                          MONTH:     01
                                          YEAR:      2015
                                          LATITUDE:  57 10 N
                                          LONGITUDE: 170 13 W

[TEMPERATURE DATA]      [PRECIPITATION DATA]       SYMBOLS USED IN COLUMN 16

AVERAGE MONTHLY:30.9   TOTAL FOR MONTH: 1.08       1 = FOG
DPTR FM NORMAL:  5.6   DPTR FM NORMAL: -0.27       2 = FOG REDUCING VISIBILITY
HIGHEST:    40 ON 12    GRTST 24HR   0.26 ON  7        TO 1/4 MILE OR LESS
LOWEST:     14 ON 18                               3 = THUNDER
                        SNOW, ICE PELLETS, HAIL    4 = ICE PELLETS
                        TOTAL MONTH: 8.0 INCHES  5 = HAIL
                        GRTST 24HR   3.8 ON  7     6 = GLAZE OR RIME
                        GRTST DEPTH:    4 ON  8    7 = BLOWING DUST OR SAND:
                                                       VSBY 1/2 MILE OR LESS
                                                   8 = SMOKE OR HAZE
[NO. OF DAYS WITH]      [WEATHER - DAYS WITH]      9 = BLOWING SNOW
                                                   X = TORNADO
MAX 32 OR BELOW:   9    0.01 INCH OR MORE:  13
MAX 70 OR ABOVE:   0    0.10 INCH OR MORE:   4
MIN 32 OR BELOW:  20    0.50 INCH OR MORE:   0
MIN  0 OR BELOW:   0    1.00 INCH OR MORE:   0

[HDD (BASE 65) ]
TOTAL THIS MO.   880    CLEAR  (SCALE 0-3)   M
DPTR FM NORMAL  -153    PTCLDY (SCALE 4-7)   M
SEASONAL TOTAL  4749    CLOUDY (SCALE 8-10)  M
DPTR FM NORMAL  -825

[CDD (BASE 65) ]
TOTAL THIS MO.     0
DPTR FM NORMAL     0    [PRESSURE DATA]
SEASONAL TOTAL     0    HIGHEST SLP     M
DPTR FM NORMAL     0    LOWEST  SLP     M

[REMARKS]
