000
CXUS55 KPUB 191059
CF6SPD
PRELIMINARY LOCAL CLIMATOLOGICAL DATA (WS FORM: F-6)

                                          STATION:   SPRINGFIELD CO
                                          MONTH:     APRIL
                                          YEAR:      2014
                                          LATITUDE:   37 16 N
                                          LONGITUDE: 102 37 W

  TEMPERATURE IN F:       :PCPN:    SNOW:  WIND      :SUNSHINE: SKY     :PK WND
================================================================================
1   2   3   4   5  6A  6B    7    8   9   10  11  12  13   14  15   16   17  18
                                     12Z  AVG MX 2MIN
DY MAX MIN AVG DEP HDD CDD  WTR  SNW DPTH SPD SPD DIR MIN PSBL S-S WX    SPD DR
================================================================================

 1  68  21  45  -2  20   0 0.00  0.0    0 17.5 36 200   M    M   0        45 200
 2  77  24  51   3  14   0 0.00  0.0    0 12.7 37 200   M    M   0        45 190
 3  40  27  34 -14  31   0 0.05    M    M 15.7 31 350   M    M   0        38 340
 4  60  23  42  -6  23   0 0.00  0.0    0 11.9 25 190   M    M   0        32 190
 5  55  36  46  -2  19   0 0.00  0.0    0 16.1 33 190   M    M   0        39 190
 6  59  37  48  -1  17   0 0.15  0.0    0 10.4 30 340   M    M   0        42 340
 7  56  31  44  -5  21   0 0.00  0.0    0 20.6 40 350   M    M   0        50 360
 8  69  30  50   1  15   0 0.00  0.0    0 12.7 29 340   M    M   0        36 340
 9  82  36  59   9   6   0 0.00  0.0    0  9.6 20 300   M    M   0        25 310
10  70  44  57   7   8   0 0.00  0.0    0 12.7 24  40   M    M   0        30  40
11  79  34  57   7   8   0 0.00  0.0    0 12.6 26 180   M    M   0        32 160
12  83  52  68  18   0   3 0.00  0.0    0 12.9 36 190   M    M   0        46 180
13  63  23  43  -8  22   0 0.26    M    0 22.3 38 360   M    M   0        45 350
14  40  20  30 -21  35   0 0.04    M    M 15.0 32 350   M    M   0        37 360
15  53  20  37 -14  28   0 0.00  0.0    0  9.3 12 200   M    M   0         M  M
16  62  40  51  -1  14   0 0.00  0.0    0 16.4 29  10   M    M   0        33  30
17  51  35  43  -9  22   0 0.10    M    0 11.5 20 150   M    M   0        24 140
18  76  36  56   4   9   0 0.00  0.0    0 20.2 31 180   M    M   0        37 180
================================================================================
SM 1143  569       312   3  0.60     0.0 260.1          M        0
================================================================================
AV 63.5 31.6                              14.5 FASTST   M    M   0    MAX(MPH)
                                 MISC ---->  # 40 350               # 50  360
================================================================================
NOTES:
# LAST OF SEVERAL OCCURRENCES

COLUMN 17 PEAK WIND IN M.P.H.

PRELIMINARY LOCAL CLIMATOLOGICAL DATA (WS FORM: F-6) , PAGE 2

                                          STATION:  SPRINGFIELD CO
                                          MONTH:    APRIL
                                          YEAR:     2014
                                          LATITUDE:   37 16 N
                                          LONGITUDE: 102 37 W

[TEMPERATURE DATA]      [PRECIPITATION DATA]       SYMBOLS USED IN COLUMN 16

AVERAGE MONTHLY: 47.6   TOTAL FOR MONTH:   0.60    1 = FOG OR MIST
DPTR FM NORMAL:  -2.2   DPTR FM NORMAL:   -0.15    2 = FOG REDUCING VISIBILITY
HIGHEST:    83 ON 12    GRTST 24HR  0.30 ON 13-14      TO 1/4 MILE OR LESS
LOWEST:     20 ON 15,14                            3 = THUNDER
                        SNOW, ICE PELLETS, HAIL    4 = ICE PELLETS
                        TOTAL MONTH:   0.0 INCH    5 = HAIL
                        GRTST 24HR     0.0         6 = FREEZING RAIN OR DRIZZLE
                        GRTST DEPTH:   0           7 = DUSTSTORM OR SANDSTORM:
                                                       VSBY 1/2 MILE OR LESS
                                                   8 = SMOKE OR HAZE
[NO. OF DAYS WITH]      [WEATHER - DAYS WITH]      9 = BLOWING SNOW
                                                   X = TORNADO
MAX 32 OR BELOW:   0    0.01 INCH OR MORE:   5
MAX 90 OR ABOVE:   0    0.10 INCH OR MORE:   3
MIN 32 OR BELOW:   9    0.50 INCH OR MORE:   0
MIN  0 OR BELOW:   0    1.00 INCH OR MORE:   0

[HDD (BASE 65) ]
TOTAL THIS MO.   312    CLEAR  (SCALE 0-3)  18
DPTR FM NORMAL    37    PTCLDY (SCALE 4-7)   0
TOTAL FM JUL 1  5021    CLOUDY (SCALE 8-10)  0
DPTR FM NORMAL    53

[CDD (BASE 65) ]
TOTAL THIS MO.     3
DPTR FM NORMAL     3    [PRESSURE DATA]
TOTAL FM JAN 1     3    HIGHEST SLP M ON M
DPTR FM NORMAL     3    LOWEST  SLP 29.50 ON 13

[REMARKS]
