000
CXUS55 KPUB 251059
CF6SPD
PRELIMINARY LOCAL CLIMATOLOGICAL DATA (WS FORM: F-6)

                                          STATION:   SPRINGFIELD CO
                                          MONTH:     OCTOBER
                                          YEAR:      2014
                                          LATITUDE:   37 16 N
                                          LONGITUDE: 102 37 W

  TEMPERATURE IN F:       :PCPN:    SNOW:  WIND      :SUNSHINE: SKY     :PK WND
================================================================================
1   2   3   4   5  6A  6B    7    8   9   10  11  12  13   14  15   16   17  18
                                     12Z  AVG MX 2MIN
DY MAX MIN AVG DEP HDD CDD  WTR  SNW DPTH SPD SPD DIR MIN PSBL S-S WX    SPD DR
================================================================================

 1  78  45  62   2   3   0 0.00  0.0    0 11.1 25 340   M    M   0        33 320
 2  66  36  51  -8  14   0 0.00  0.0    0 14.3 29 340   M    M   0        35 360
 3  60  36  48 -11  17   0 0.00  0.0    0 11.0 32  10   M    M   0        41  10
 4  76  36  56  -3   9   0 0.00  0.0    0  7.1 15 230   M    M   0        19 220
 5  78  40  59   1   6   0 0.00  0.0    0  6.9 17 320   M    M   0        22 320
 6  81  38  60   2   5   0 0.00  0.0    0  8.2 21 310   M    M   0        27 330
 7  83  42  63   6   2   0 0.00  0.0    0  9.2 20  50   M    M   0        23  80
 8  77  41  59   2   6   0 0.00  0.0    0  7.1 44 220   M    M   0        57 230
 9  68  51  60   4   5   0 0.77  0.0    0 10.2 24  40   M    M   0        29  50
10  51  45  48  -8  17   0 0.02  0.0    0 13.2 26  30   M    M   0        30  20
11  63  38  51  -5  14   0 0.00  0.0    0 13.1 21 180   M    M   0        29 170
12  70  42  56   1   9   0 0.27  0.0    0 16.9 41 350   M    M   0        53 350
13  59  37  48  -7  17   0 0.00  0.0    0 21.9 37 340   M    M   0        45 340
14  71  36  54  -1  11   0 0.00  0.0    0  8.1 16 340   M    M   0        21 320
15  85  37  61   7   4   0 0.00  0.0    0 10.6 25 190   M    M   0        33 170
16  79  43  61   7   4   0 0.00  0.0    0  9.0 18  10   M    M   0        24 290
17  65  39  52  -2  13   0 0.00  0.0    0  6.4 14 150   M    M   0        22 360
18  62  42  52  -1  13   0 0.00  0.0    0 13.6 26 180   M    M   0        31 180
19  78  45  62   9   3   0 0.00  0.0    0  8.6 20 190   M    M   0        24 200
20  72  40  56   4   9   0 0.00  0.0    0  8.1 16 110   M    M   0        23 110
21  75  43  59   7   6   0 0.00  0.0    0 13.0 25 200   M    M   0        37 190
22  74  44  59   7   6   0 0.00  0.0    0  8.9 18 190   M    M   0        25 200
23  75  44  60   9   5   0 0.00  0.0    0  6.0 15 330   M    M   0        18 320
24  84  45  65  14   0   0 0.00  0.0    0  5.7 14 190   M    M   0        17 170
================================================================================
SM 1730  985       198   0  1.06     0.0 248.2          M        0
================================================================================
AV 72.1 41.0                              10.3 FASTST   M    M   0    MAX(MPH)
                                 MISC ---->  # 44 220               # 57  230
================================================================================
NOTES:
# LAST OF SEVERAL OCCURRENCES

COLUMN 17 PEAK WIND IN M.P.H.

PRELIMINARY LOCAL CLIMATOLOGICAL DATA (WS FORM: F-6) , PAGE 2

                                          STATION:  SPRINGFIELD CO
                                          MONTH:    OCTOBER
                                          YEAR:     2014
                                          LATITUDE:   37 16 N
                                          LONGITUDE: 102 37 W

[TEMPERATURE DATA]      [PRECIPITATION DATA]       SYMBOLS USED IN COLUMN 16

AVERAGE MONTHLY: 56.6   TOTAL FOR MONTH:   1.06    1 = FOG OR MIST
DPTR FM NORMAL:   1.3   DPTR FM NORMAL:   -0.05    2 = FOG REDUCING VISIBILITY
HIGHEST:    85 ON 15    GRTST 24HR  0.77 ON  9- 9      TO 1/4 MILE OR LESS
LOWEST:     36 ON 14, 4                            3 = THUNDER
                        SNOW, ICE PELLETS, HAIL    4 = ICE PELLETS
                        TOTAL MONTH:   0.0 INCH    5 = HAIL
                        GRTST 24HR     0.0         6 = FREEZING RAIN OR DRIZZLE
                        GRTST DEPTH:   0           7 = DUSTSTORM OR SANDSTORM:
                                                       VSBY 1/2 MILE OR LESS
                                                   8 = SMOKE OR HAZE
[NO. OF DAYS WITH]      [WEATHER - DAYS WITH]      9 = BLOWING SNOW
                                                   X = TORNADO
MAX 32 OR BELOW:   0    0.01 INCH OR MORE:   3
MAX 90 OR ABOVE:   0    0.10 INCH OR MORE:   2
MIN 32 OR BELOW:   0    0.50 INCH OR MORE:   1
MIN  0 OR BELOW:   0    1.00 INCH OR MORE:   0

[HDD (BASE 65) ]
TOTAL THIS MO.   198    CLEAR  (SCALE 0-3)  24
DPTR FM NORMAL   -46    PTCLDY (SCALE 4-7)   0
TOTAL FM JUL 1   267    CLOUDY (SCALE 8-10)  0
DPTR FM NORMAL   -67

[CDD (BASE 65) ]
TOTAL THIS MO.     0
DPTR FM NORMAL    -9    [PRESSURE DATA]
TOTAL FM JAN 1  1040    HIGHEST SLP M ON M
DPTR FM NORMAL    14    LOWEST  SLP 29.66 ON 12

[REMARKS]
