000
CXUS55 KPUB 291059
CF6SPD
PRELIMINARY LOCAL CLIMATOLOGICAL DATA (WS FORM: F-6)

                                          STATION:   SPRINGFIELD CO
                                          MONTH:     MARCH
                                          YEAR:      2015
                                          LATITUDE:   37 16 N
                                          LONGITUDE: 102 37 W

  TEMPERATURE IN F:       :PCPN:    SNOW:  WIND      :SUNSHINE: SKY     :PK WND
================================================================================
1   2   3   4   5  6A  6B    7    8   9   10  11  12  13   14  15   16   17  18
                                     12Z  AVG MX 2MIN
DY MAX MIN AVG DEP HDD CDD  WTR  SNW DPTH SPD SPD DIR MIN PSBL S-S WX    SPD DR
================================================================================

 1  29  11  20 -18  45   0 0.00  0.0    M  6.1 13 350   M    M   0        14  10
 2  46  23  35  -4  30   0 0.00  0.0    M 20.6 33 220   M    M   0        41 230
 3  54  24  39   0  26   0 0.00  0.0    M 13.5 29  40   M    M   0        36  10
 4  24   7  16 -23  49   0 0.01    M    M 11.5 20  50   M    M   0        24  50
 5  45   4  25 -15  40   0 0.00  0.0    M  9.1 18 190   M    M   0        21 200
 6  58  23  41   1  24   0 0.00  0.0    0  7.7 15 180   M    M   0        20 170
 7  61  28  45   5  20   0 0.00  0.0    0 10.4 16 140   M    M   0        21 120
 8  61  32  47   7  18   0 0.00  0.0    0 13.2 28 360   M    M   0        33 360
 9  62  25  44   3  21   0 0.00  0.0    0  7.6 17 160   M    M   0        22 160
10  67  28  48   7  17   0 0.00  0.0    0  7.5 16 310   M    M   0        22 350
11  70  28  49   8  16   0 0.00  0.0    0  7.8 13 180   M    M   0        17 220
12  72  36  54  12  11   0 0.00  0.0    0 13.4 24 190   M    M   0        31 170
13  66  33  50   8  15   0 0.00  0.0    0 18.2 36  30   M    M   0        45  20
14  62  29  46   4  19   0 0.00  0.0    0  7.5 18  20   M    M   0        23  10
15  76  24  50   7  15   0 0.00  0.0    0 10.9 23 170   M    M   0        27 160
16  82  37  60  17   5   0 0.00  0.0    0 16.6 37  50   M    M   0        42  50
17  51  29  40  -3  25   0 0.00  0.0    0 15.0 32  10   M    M   0        38  10
18  65  25  45   1  20   0 0.00  0.0    0  9.2 20 170   M    M   0        25 180
19  43  38  41  -3  24   0 0.30  0.0    0  8.1 23  20   M    M   0        27  30
20  63  34  49   5  16   0 0.00  0.0    0  7.9 14 200   M    M   0        18 180
21  67  31  49   5  16   0 0.00  0.0    0  6.3 14 140   M    M   0        20 120
22  77  34  56  11   9   0 0.00  0.0    0  9.3 22  70   M    M   0        27  70
23  62  29  46   1  19   0 0.00  0.0    0  7.6 21 160   M    M   0        24 150
24  69  29  49   4  16   0 0.00  0.0    0 12.5 32 330   M    M   0        41 320
25  56  28  42  -3  23   0 0.07    M    0 17.9 33 350   M    M   0        40 360
26  60  27  44  -2  21   0 0.00  0.0    0  7.8 22 350   M    M   0        27 330
27  70  28  49   3  16   0 0.00  0.0    0  6.4 18 320   M    M   0        23 320
28  80  42  61  15   4   0 0.00  0.0    0 10.2 18 320   M    M   0        24 320
================================================================================
SM 1698  766       580   0  0.38     0.0 299.8          M        0
================================================================================
AV 60.6 27.4                              10.7 FASTST   M    M   0    MAX(MPH)
                                 MISC ---->  # 37  50               # 45   20
================================================================================
NOTES:
# LAST OF SEVERAL OCCURRENCES

COLUMN 17 PEAK WIND IN M.P.H.

PRELIMINARY LOCAL CLIMATOLOGICAL DATA (WS FORM: F-6) , PAGE 2

                                          STATION:  SPRINGFIELD CO
                                          MONTH:    MARCH
                                          YEAR:     2015
                                          LATITUDE:   37 16 N
                                          LONGITUDE: 102 37 W

[TEMPERATURE DATA]      [PRECIPITATION DATA]       SYMBOLS USED IN COLUMN 16

AVERAGE MONTHLY: 44.0   TOTAL FOR MONTH:   0.38    1 = FOG OR MIST
DPTR FM NORMAL:   1.6   DPTR FM NORMAL:   -0.61    2 = FOG REDUCING VISIBILITY
HIGHEST:    82 ON 16    GRTST 24HR  0.30 ON 19-19      TO 1/4 MILE OR LESS
LOWEST:      4 ON  5                               3 = THUNDER
                        SNOW, ICE PELLETS, HAIL    4 = ICE PELLETS
                        TOTAL MONTH:   0.0 INCH    5 = HAIL
                        GRTST 24HR     0.0         6 = FREEZING RAIN OR DRIZZLE
                        GRTST DEPTH:   0           7 = DUSTSTORM OR SANDSTORM:
                                                       VSBY 1/2 MILE OR LESS
                                                   8 = SMOKE OR HAZE
[NO. OF DAYS WITH]      [WEATHER - DAYS WITH]      9 = BLOWING SNOW
                                                   X = TORNADO
MAX 32 OR BELOW:   2    0.01 INCH OR MORE:   3
MAX 90 OR ABOVE:   0    0.10 INCH OR MORE:   1
MIN 32 OR BELOW:  21    0.50 INCH OR MORE:   0
MIN  0 OR BELOW:   0    1.00 INCH OR MORE:   0

[HDD (BASE 65) ]
TOTAL THIS MO.   580    CLEAR  (SCALE 0-3)  28
DPTR FM NORMAL   -52    PTCLDY (SCALE 4-7)   0
TOTAL FM JUL 1  4484    CLOUDY (SCALE 8-10)  0
DPTR FM NORMAL  -154

[CDD (BASE 65) ]
TOTAL THIS MO.     0
DPTR FM NORMAL     0    [PRESSURE DATA]
TOTAL FM JAN 1     0    HIGHEST SLP M ON M
DPTR FM NORMAL     0    LOWEST  SLP 29.66 ON  2

[REMARKS]
