000
CXUS53 KILX 282300
CF6SPI
PRELIMINARY LOCAL CLIMATOLOGICAL DATA (WS FORM: F-6)

                                          STATION:   SPRINGFIELD IL
                                          MONTH:     JUNE
                                          YEAR:      2017
                                          LATITUDE:   39 50 N
                                          LONGITUDE:  89 41 W

  TEMPERATURE IN F:       :PCPN:    SNOW:  WIND      :SUNSHINE: SKY     :PK WND
================================================================================
1   2   3   4   5  6A  6B    7    8   9   10  11  12  13   14  15   16   17  18
                                     12Z  AVG MX 2MIN
DY MAX MIN AVG DEP HDD CDD  WTR  SNW DPTH SPD SPD DIR MIN PSBL S-S WX    SPD DR
================================================================================

 1  85  52  69   0   0   4 0.00  0.0    0  3.1 12 210   M    M   0        16 200
 2  89  58  74   5   0   9 0.00  0.0    0  2.2 13  90   M    M   0        17 100
 3  93  63  78   9   0  13 0.00  0.0    0  3.8 12 180   M    M   1        15 200
 4  92  70  81  11   0  16 0.00  0.0    0  5.3 16 180   M    M   1        20 180
 5  95  66  81  11   0  16 0.00  0.0    0  9.0 23  20   M    M   0        30  30
 6  82  55  69  -1   0   4 0.00  0.0    0 11.9 18  30   M    M   0        27  30
 7  82  54  68  -2   0   3 0.00  0.0    0  9.3 21  40   M    M   0        28  40
 8  84  52  68  -3   0   3 0.00  0.0    0  3.1 12 280   M    M   0        16 300
 9  88  64  76   5   0  11 0.00  0.0    0  9.7 20 270   M    M   0        24 260
10  89  66  78   7   0  13 0.00  0.0    0 13.9 25 190   M    M   0        32 180
11  92  71  82  10   0  17 0.00  0.0    0 13.9 24 180   M    M   0        30 190
12  95  72  84  12   0  19 0.00  0.0    0  9.4 17 220   M    M   0        22 230
13  95  76  86  14   0  21 0.00  0.0    0  8.9 17 200   M    M   1        22 180
14  91  69  80   8   0  15 0.37  0.0    0  9.1 32 280   M    M   3 138    45 280
15  91  68  80   7   0  15 0.04  0.0    0  6.2 18 150   M    M   2        23 150
16  89  69  79   6   0  14 0.02  0.0    0  8.7 25 100   M    M   1 13     36 100
17  88  71  80   7   0  15 0.38  0.0    0 10.1 28 230   M    M   5 13     38 220
18  82  67  75   2   0  10 0.07  0.0    0  9.9 18 260   M    M   3 3      23 210
19  85  63  74   0   0   9 0.18  0.0    0  8.5 32 300   M    M   1 3      47 300
20  87  59  73  -1   0   8    T  0.0    0  6.3 17 220   M    M   1 13     27 200
21  91  67  79   5   0  14 0.00  0.0    0  4.7 14 200   M    M   1        18 190
22  86  73  80   6   0  15 0.01  0.0    0 11.1 21 170   M    M   5 1      26 200
23  86  63  75   1   0  10 0.09  0.0    0 10.3 23  20   M    M   4 13     29  10
24  80  59  70  -5   0   5 0.00  0.0    0 10.1 24 280   M    M   0        35 280
25  79  55  67  -8   0   2 0.00  0.0    0  9.4 23 310   M    M   1        33 270
26  75  51  63 -12   2   0 0.02  0.0    0  7.0 23  10   M    M   2        31 360
27  80  50  65 -10   0   0 0.00  0.0    0  3.9 12 150   M    M   1 12     16 160
================================================================================
SM 2351 1703         2 281  1.18     0.0 218.8          M       33
================================================================================
AV 87.1 63.1                               8.1 FASTST   M    M   1    MAX(MPH)
                                 MISC ---->  # 32 280               # 47  300
================================================================================
NOTES:
# LAST OF SEVERAL OCCURRENCES

COLUMN 17 PEAK WIND IN M.P.H.

PRELIMINARY LOCAL CLIMATOLOGICAL DATA (WS FORM: F-6) , PAGE 2

                                          STATION:  SPRINGFIELD IL
                                          MONTH:    JUNE
                                          YEAR:     2017
                                          LATITUDE:   39 50 N
                                          LONGITUDE:  89 41 W

[TEMPERATURE DATA]      [PRECIPITATION DATA]       SYMBOLS USED IN COLUMN 16

AVERAGE MONTHLY: 75.1   TOTAL FOR MONTH:   1.18    1 = FOG OR MIST
DPTR FM NORMAL:   2.9   DPTR FM NORMAL:   -2.87    2 = FOG REDUCING VISIBILITY
HIGHEST:    95 ON 13,12 GRTST 24HR  0.38 ON 17-17      TO 1/4 MILE OR LESS
LOWEST:     50 ON 27                               3 = THUNDER
                        SNOW, ICE PELLETS, HAIL    4 = ICE PELLETS
                        TOTAL MONTH:   0.0 INCH    5 = HAIL
                        GRTST 24HR     0.0         6 = FREEZING RAIN OR DRIZZLE
                        GRTST DEPTH:   0           7 = DUSTSTORM OR SANDSTORM:
                                                       VSBY 1/2 MILE OR LESS
                                                   8 = SMOKE OR HAZE
[NO. OF DAYS WITH]      [WEATHER - DAYS WITH]      9 = BLOWING SNOW
                                                   X = TORNADO
MAX 32 OR BELOW:   0    0.01 INCH OR MORE:   9
MAX 90 OR ABOVE:   9    0.10 INCH OR MORE:   3
MIN 32 OR BELOW:   0    0.50 INCH OR MORE:   0
MIN  0 OR BELOW:   0    1.00 INCH OR MORE:   0

[HDD (BASE 65) ]
TOTAL THIS MO.     2    CLEAR  (SCALE 0-3)  23
DPTR FM NORMAL    -9    PTCLDY (SCALE 4-7)   4
TOTAL FM JUL 1  4166    CLOUDY (SCALE 8-10)  0
DPTR FM NORMAL -1315

[CDD (BASE 65) ]
TOTAL THIS MO.   281
DPTR FM NORMAL    73    [PRESSURE DATA]
TOTAL FM JAN 1   425    HIGHEST SLP M ON M
DPTR FM NORMAL   113    LOWEST  SLP 29.52 ON 17

[REMARKS]
