000
CXUS52 KJAX 240800
CF6SSI
PRELIMINARY LOCAL CLIMATOLOGICAL DATA (WS FORM: F-6)

                                          STATION:   ST SIMONS ISLAND GA
                                          MONTH:     JULY
                                          YEAR:      2014
                                          LATITUDE:   31  9 N
                                          LONGITUDE:  81 23 W

  TEMPERATURE IN F:       :PCPN:    SNOW:  WIND      :SUNSHINE: SKY     :PK WND
================================================================================
1   2   3   4   5  6A  6B    7    8   9   10  11  12  13   14  15   16   17  18
                                     12Z  AVG MX 2MIN
DY MAX MIN AVG DEP HDD CDD  WTR  SNW DPTH SPD SPD DIR MIN PSBL S-S WX    SPD DR
================================================================================

 1  88  74  81  -1   0  16 0.00  0.0    0  7.2 12  90   M    M   1 8      18 100
 2  88  77  83   1   0  18 0.00  0.0    0  9.6 17  60   M    M   2        24  70
 3  97  74  86   4   0  21    T  0.0    0 10.1 24 240   M    M   1 3      32 210
 4  89  73  81  -1   0  16 0.00  0.0    0  8.0 16 240   M    M   0        22 290
 5  88  73  81  -1   0  16 0.18  0.0    0  4.6 15 340   M    M   3 13     21  90
 6  84  75  80  -2   0  15    T  0.0    0  6.0 14 100   M    M   3 3      23 120
 7  88  73  81  -2   0  16 0.00  0.0    0  8.5 18 180   M    M   0        27 180
 8  94  75  85   2   0  20 0.00  0.0    0 10.3 16 150   M    M   0        23 150
 9  89  76  83   0   0  18 0.00  0.0    0  9.9 18 170   M    M   0        27 170
10  90  76  83   0   0  18 0.02  0.0    0  6.8 22 210   M    M   1 3      28 210
11  88  74  81  -2   0  16 0.11  0.0    0  5.5 15 140   M    M   1 13     20 130
12  80  74  77  -6   0  12 0.24  0.0    0  4.7 14 100   M    M   5 1      18 110
13  85  74  80  -3   0  15    T  0.0    0  6.6 14 130   M    M   4 3      18 160
14  90  77  84   1   0  19 0.00  0.0    0  9.2 17 140   M    M   1        24 180
15  91  74  83   0   0  18 0.31  0.0    0 10.7 30 230   M    M   1 13     40 210
16  88  73  81  -2   0  16 0.25  0.0    0  8.3 21 130   M    M   5 13     25 120
17  87  72  80  -3   0  15 0.00  0.0    0  7.3 12 100   M    M   3 1      20 190
18  86  75  81  -2   0  16 0.00  0.0    0  8.2 15  60   M    M   3        20  80
19  86  76  81  -2   0  16 0.32  0.0    0  5.3 15 180   M    M   3 18     19 180
20  88  76  82  -1   0  17 0.58  0.0    0  4.5 33 250   M    M   2 138    43 230
21  87  73  80  -3   0  15 0.55  0.0    0  2.2 20 240   M    M   4 138    23 240
22  85  72  79  -4   0  14 0.00  0.0    0  6.3 15 100   M    M   1 1      18 110
23  89  76  83   0   0  18 0.00  0.0    0  6.8 15 130   M    M   1        19 140
================================================================================
SM 2025 1712         0 381  2.56     0.0 166.6          M       45
================================================================================
AV 88.0 74.4                               7.2 FASTST   M    M   2    MAX(MPH)
                                 MISC ---->  # 33 250               # 43  230
================================================================================
NOTES:
# LAST OF SEVERAL OCCURRENCES

COLUMN 17 PEAK WIND IN M.P.H.

PRELIMINARY LOCAL CLIMATOLOGICAL DATA (WS FORM: F-6) , PAGE 2

                                          STATION:  ST SIMONS ISLAND GA
                                          MONTH:    JULY
                                          YEAR:     2014
                                          LATITUDE:   31  9 N
                                          LONGITUDE:  81 23 W

[TEMPERATURE DATA]      [PRECIPITATION DATA]       SYMBOLS USED IN COLUMN 16

AVERAGE MONTHLY: 81.2   TOTAL FOR MONTH:   2.56    1 = FOG OR MIST
DPTR FM NORMAL:  -1.5   DPTR FM NORMAL:   -0.42    2 = FOG REDUCING VISIBILITY
HIGHEST:    97 ON  3    GRTST 24HR  0.84 ON 20-21      TO 1/4 MILE OR LESS
LOWEST:     72 ON 22,17                            3 = THUNDER
                        SNOW, ICE PELLETS, HAIL    4 = ICE PELLETS
                        TOTAL MONTH:   0.0 INCH    5 = HAIL
                        GRTST 24HR     0.0         6 = FREEZING RAIN OR DRIZZLE
                        GRTST DEPTH:   0           7 = DUSTSTORM OR SANDSTORM:
                                                       VSBY 1/2 MILE OR LESS
                                                   8 = SMOKE OR HAZE
[NO. OF DAYS WITH]      [WEATHER - DAYS WITH]      9 = BLOWING SNOW
                                                   X = TORNADO
MAX 32 OR BELOW:   0    0.01 INCH OR MORE:   9
MAX 90 OR ABOVE:   5    0.10 INCH OR MORE:   8
MIN 32 OR BELOW:   0    0.50 INCH OR MORE:   2
MIN  0 OR BELOW:   0    1.00 INCH OR MORE:   0

[HDD (BASE 65) ]
TOTAL THIS MO.     0    CLEAR  (SCALE 0-3)  18
DPTR FM NORMAL     0    PTCLDY (SCALE 4-7)   5
TOTAL FM JUL 1     0    CLOUDY (SCALE 8-10)  0
DPTR FM NORMAL     0

[CDD (BASE 65) ]
TOTAL THIS MO.   381
DPTR FM NORMAL   -28    [PRESSURE DATA]
TOTAL FM JAN 1  1291    HIGHEST SLP M ON M
DPTR FM NORMAL   -19    LOWEST  SLP 29.85 ON 16

[REMARKS]
