327
CXUS55 KEAX 300736
CF6STJ
PRELIMINARY LOCAL CLIMATOLOGICAL DATA (WS FORM: F-6)

                                          STATION:   ST. JOSEPH MO
                                          MONTH:     MARCH
                                          YEAR:      2017
                                          LATITUDE:   39 46 N
                                          LONGITUDE:  94 55 W

  TEMPERATURE IN F:       :PCPN:    SNOW:  WIND      :SUNSHINE: SKY     :PK WND
================================================================================
1   2   3   4   5  6A  6B    7    8   9   10  11  12  13   14  15   16   17  18
                                     12Z  AVG MX 2MIN
DY MAX MIN AVG DEP HDD CDD  WTR  SNW DPTH SPD SPD DIR MIN PSBL S-S WX    SPD DR
================================================================================

 1  51  21  36   0  29   0    T    M    M 16.1 31 320   M    M   6 1      37 320
 2  53  17  35  -2  30   0 0.00    M    M  9.6 26 340   M    M   2 12     34 340
 3  54  14  34  -3  31   0 0.00    M    M 10.0 23 160   M    M   0        29 170
 4  72  26  49  11  16   0 0.00    M    M 14.7 26 190   M    M   1        33 220
 5  61  55  58  20   7   0 0.00    M    M 19.6 28 190   M    M  10        37 200
 6  79  45  62  23   3   0 0.06    M    M 27.8 43 300   M    M   7 3      53 190
 7  60  33  47   8  18   0 0.00    M    M 15.0 35 260   M    M   0        44 250
 8  64  27  46   6  19   0 0.00    M    M  5.8 14 260   M    M   0        17 260
 9  57  29  43   3  22   0 0.00    M    M  9.9 24  20   M    M   0        31  10
10  39  22  31  -9  34   0 0.00    M    M 12.0 21  10   M    M   5        23  10
11  35  27  31 -10  34   0 0.00    M    M  7.5 15  60   M    M   8        19  50
12  43  28  36  -5  29   0 0.00    M    M 10.2 23 170   M    M   8        29 160
13  41  24  33  -9  32   0 0.00    M    M 16.5 31 360   M    M  10 1      38 360
14  35  20  28 -14  37   0    T    M    M  7.6 14  30   M    M   8 18     18  40
15  37  17  27 -16  38   0 0.00    M    M  8.1 15 190   M    M   4        20 190
16  68  31  50   7  15   0 0.00    M    M 13.7 26 170   M    M   2        32 170
17  73  44  59  15   6   0 0.00    M    M 11.7 21 350   M    M   2 12     27  10
18  64  34  49   5  16   0 0.00    M    M  5.4 17 350   M    M   1 8      20 360
19  88  47  68  24   0   3 0.00    M    M 13.1 25 190   M    M   3        32 190
20  77  54  66  21   0   1 0.00    M    M 11.3 21  10   M    M   0        27  20
21  61  41  51   6  14   0 0.00    M    M 14.4 26  40   M    M   0        33  30
22  58  35  47   1  18   0 0.00    M    M 11.6 21 110   M    M   3        27  80
23  81  47  64  18   1   0    T    M    M 17.1 32 170   M    M   4        38 180
24  69  49  59  13   6   0 0.40    M    M  9.6 25 360   M    M   7 13     30 200
25  51  44  48   1  17   0 0.16    M    M 11.3 20  20   M    M   5 1      24  10
26  50  43  47   0  18   0 0.04    M    M  6.5 14  30   M    M  10 1      21  20
27  56  46  51   3  14   0 0.46    M    M  8.2 15 360   M    M   9 1      22 350
28  55  47  51   3  14   0 0.00    M    M  6.8 18  70   M    M  10 18     23  70
29  54  48  51   3  14   0 1.38    M    M 13.0 24  60   M    M  10 13     33  80
================================================================================
SM 1686 1015       532   4  2.50    M    344.1          M      135
================================================================================
AV 58.1 35.0                              11.9 FASTST   M    M   5    MAX(MPH)
                                 MISC ---->  # 43 300               # 53  190
================================================================================
NOTES:
# LAST OF SEVERAL OCCURRENCES

COLUMN 17 PEAK WIND IN M.P.H.

PRELIMINARY LOCAL CLIMATOLOGICAL DATA (WS FORM: F-6) , PAGE 2

                                          STATION:  ST. JOSEPH MO
                                          MONTH:    MARCH
                                          YEAR:     2017
                                          LATITUDE:   39 46 N
                                          LONGITUDE:  94 55 W

[TEMPERATURE DATA]      [PRECIPITATION DATA]       SYMBOLS USED IN COLUMN 16

AVERAGE MONTHLY: 46.6   TOTAL FOR MONTH:   2.50    1 = FOG OR MIST
DPTR FM NORMAL:   4.0   DPTR FM NORMAL:    0.45    2 = FOG REDUCING VISIBILITY
HIGHEST:    88 ON 19    GRTST 24HR  1.38 ON 29-29      TO 1/4 MILE OR LESS
LOWEST:     14 ON  3                               3 = THUNDER
                        SNOW, ICE PELLETS, HAIL    4 = ICE PELLETS
                        TOTAL MONTH:    M          5 = HAIL
                        GRTST 24HR    M  ON   M    6 = FREEZING RAIN OR DRIZZLE
                        GRTST DEPTH:  M  ON   M    7 = DUSTSTORM OR SANDSTORM:
                                                       VSBY 1/2 MILE OR LESS
                                                   8 = SMOKE OR HAZE
[NO. OF DAYS WITH]      [WEATHER - DAYS WITH]      9 = BLOWING SNOW
                                                   X = TORNADO
MAX 32 OR BELOW:   0    0.01 INCH OR MORE:   6
MAX 90 OR ABOVE:   0    0.10 INCH OR MORE:   4
MIN 32 OR BELOW:  13    0.50 INCH OR MORE:   1
MIN  0 OR BELOW:   0    1.00 INCH OR MORE:   1

[HDD (BASE 65) ]
TOTAL THIS MO.   532    CLEAR  (SCALE 0-3)  12
DPTR FM NORMAL  -120    PTCLDY (SCALE 4-7)  10
TOTAL FM JUL 1  3829    CLOUDY (SCALE 8-10)  7
DPTR FM NORMAL -1131

[CDD (BASE 65) ]
TOTAL THIS MO.     4
DPTR FM NORMAL     4    [PRESSURE DATA]
TOTAL FM JAN 1     4    HIGHEST SLP  0.00 ON M
DPTR FM NORMAL     4    LOWEST  SLP  0.00 ON M

[REMARKS]
