000
CXUS53 KLSX 231600
CF6STL
PRELIMINARY LOCAL CLIMATOLOGICAL DATA (WS FORM: F-6)

                                          STATION:   ST. LOUIS
                                          MONTH:     OCTOBER
                                          YEAR:      2014
                                          LATITUDE:   38 45 N
                                          LONGITUDE:  90 23 W

  TEMPERATURE IN F:       :PCPN:    SNOW:  WIND      :SUNSHINE: SKY     :PK WND
================================================================================
1   2   3   4   5  6A  6B    7    8   9   10  11  12  13   14  15   16   17  18
                                     12Z  AVG MX 2MIN
DY MAX MIN AVG DEP HDD CDD  WTR  SNW DPTH SPD SPD DIR MIN PSBL S-S WX    SPD DR
================================================================================

 1  88  62  75  11   0  10 0.31  0.0    0 10.2 20 130   M    M   5 138    24 160
 2  77  66  72   8   0   7 1.23  0.0    0  7.9 22 360   M    M   9 138    29 310
 3  66  46  56  -7   9   0 0.27  0.0    0 15.6 31 310   M    M   8 1      40 290
 4  58  42  50 -13  15   0 0.00  0.0    0 11.4 28 280   M    M   4        35 280
 5  75  44  60  -2   5   0 0.00  0.0    0  5.8 24 270   M    M   5        32 270
 6  74  58  66   4   0   1    T  0.0    0  9.9 28 260   M    M   7        38 250
 7  78  54  66   4   0   1 0.14  0.0    0  9.4 26 280   M    M   6 3      32 270
 8  78  51  65   4   0   0 0.00  0.0    0  2.0 10 260   M    M   4        17 260
 9  63  57  60  -1   5   0 0.70  0.0    0  6.7 14  80   M    M  10 13     17  80
10  59  52  56  -5   9   0 0.81  0.0    0  7.3 17  30   M    M  10 1      22  30
11  57  48  53  -7  12   0    T  0.0    0  5.6 10  30   M    M   7         M 210
12  63  52  58  -2   7   0 0.06  0.0    0  7.5 13 140   M    M  10 12     15 160
13  71  61  66   6   0   1 0.84  0.0    0 13.3 25 140   M    M   8 12     31 130
14  63  54  59   0   6   0 0.19  0.0    0 12.7 23 290   M    M  10 1      30 280
15  58  51  55  -4  10   0 0.04  0.0    0  8.5 17 290   M    M   9 1      22 290
16  73  47  60   1   5   0 0.00  0.0    0  5.0 14 220   M    M   3        21 230
17  69  52  61   3   4   0 0.00  0.0    0 10.5 24 310   M    M   3        31 310
18  65  46  56  -2   9   0 0.00  0.0    0  8.2 20 310   M    M   5        24 310
19  64  41  53  -5  12   0 0.00  0.0    0  3.9 13 210   M    M   4 1      22 200
20  74  52  63   5   2   0 0.00  0.0    0  7.5 17 320   M    M   2        23 280
21  68  48  58   1   7   0 0.00  0.0    0  5.8 12  90   M    M   0        16 100
22  63  43  53  -4  12   0 0.00  0.0    0  5.9 12 120   M    M   1        18 170
================================================================================
SM 1504 1127       129  20  4.59     0.0 180.6          M      130
================================================================================
AV 68.4 51.2                               8.2 FASTST   M    M   6    MAX(MPH)
                                 MISC ---->  # 31 310               # 40  290
================================================================================
NOTES:
# LAST OF SEVERAL OCCURRENCES

COLUMN 17 PEAK WIND IN M.P.H.

PRELIMINARY LOCAL CLIMATOLOGICAL DATA (WS FORM: F-6) , PAGE 2

                                          STATION:  ST. LOUIS
                                          MONTH:    OCTOBER
                                          YEAR:     2014
                                          LATITUDE:   38 45 N
                                          LONGITUDE:  90 23 W

[TEMPERATURE DATA]      [PRECIPITATION DATA]       SYMBOLS USED IN COLUMN 16

AVERAGE MONTHLY: 59.8   TOTAL FOR MONTH:   4.59    1 = FOG OR MIST
DPTR FM NORMAL:  -0.5   DPTR FM NORMAL:    2.22    2 = FOG REDUCING VISIBILITY
HIGHEST:    88 ON  1    GRTST 24HR  1.45 ON  2- 3      TO 1/4 MILE OR LESS
LOWEST:     41 ON 19                               3 = THUNDER
                        SNOW, ICE PELLETS, HAIL    4 = ICE PELLETS
                        TOTAL MONTH:   0.0 INCH    5 = HAIL
                        GRTST 24HR     0.0         6 = FREEZING RAIN OR DRIZZLE
                        GRTST DEPTH:   0           7 = DUSTSTORM OR SANDSTORM:
                                                       VSBY 1/2 MILE OR LESS
                                                   8 = SMOKE OR HAZE
[NO. OF DAYS WITH]      [WEATHER - DAYS WITH]      9 = BLOWING SNOW
                                                   X = TORNADO
MAX 32 OR BELOW:   0    0.01 INCH OR MORE:  10
MAX 90 OR ABOVE:   0    0.10 INCH OR MORE:   8
MIN 32 OR BELOW:   0    0.50 INCH OR MORE:   4
MIN  0 OR BELOW:   0    1.00 INCH OR MORE:   1

[HDD (BASE 65) ]
TOTAL THIS MO.   129    CLEAR  (SCALE 0-3)   5
DPTR FM NORMAL   -11    PTCLDY (SCALE 4-7)  11
TOTAL FM JUL 1   168    CLOUDY (SCALE 8-10)  6
DPTR FM NORMAL   -13

[CDD (BASE 65) ]
TOTAL THIS MO.    20
DPTR FM NORMAL   -16    [PRESSURE DATA]
TOTAL FM JAN 1  1718    HIGHEST SLP M ON M
DPTR FM NORMAL    81    LOWEST  SLP 29.42 ON 14

[REMARKS]
