000
CXUS55 KSTO 281455
CF6STO
PRELIMINARY LOCAL CLIMATOLOGICAL DATA (WS FORM: F-6)

                                          STATION:   SACRAMENTO CITY
                                          MONTH:     JANUARY
                                          YEAR:      2015
                                          LATITUDE:   38 36 N
                                          LONGITUDE: 121 23 W

  TEMPERATURE IN F:       :PCPN:    SNOW:  WIND      :SUNSHINE: SKY     :PK WND
================================================================================
1   2   3   4   5  6A  6B    7    8   9   10  11  12  13   14  15   16   17  18
                                     12Z  AVG MX 2MIN
DY MAX MIN AVG DEP HDD CDD  WTR  SNW DPTH SPD SPD DIR MIN PSBL S-S WX    SPD DR
================================================================================

 1  52  30  41  -5  24   0 0.00  0.0    M   M   M   M   M    M   M         M  M
 2  51  30  41  -5  24   0 0.00  0.0    M   M   M   M   M    M   M         M  M
 3  56  31  44  -2  21   0 0.00  0.0    M   M   M   M   M    M   M         M  M
 4  57  35  46   0  19   0 0.00  0.0    M   M   M   M   M    M   M         M  M
 5  59  35  47   1  18   0 0.00  0.0    M   M   M   M   M    M   M         M  M
 6  62  37  50   4  15   0 0.00  0.0    M   M   M   M   M    M   M         M  M
 7  66  39  53   6  12   0 0.00  0.0    M   M   M   M   M    M   M         M  M
 8  64  40  52   5  13   0 0.00    M    M   M   M   M   M    M   M         M  M
 9  58  45  52   5  13   0 0.00  0.0    M   M   M   M   M    M   M         M  M
10  65  47  56   9   9   0 0.00  0.0    M   M   M   M   M    M   M         M  M
11  64  43  54   7  11   0 0.00  0.0    M   M   M   M   M    M   M         M  M
12  63  44  54   7  11   0 0.00  0.0    M   M   0   0   M    M   M         0   0
13  60  40  50   3  15   0 0.00    M    M   M   M   M   M    M   M         M  M
14  56  39  48   1  17   0 0.00  0.0    M   M   M   M   M    M   M         M  M
15  58  41  50   3  15   0 0.00    M    M   M   M   M   M    M   M         M  M
16  54  44  49   2  16   0 0.00  0.0    M   M   0   0   M    M   M         0   0
17  54  48  51   4  14   0 0.00  0.0    M   M   0   0   M    M   M         0   0
18  54  46  50   2  15   0 0.00  0.0    M   M   0   0   M    M   M         0   0
19  56  49  53   5  12   0 0.01    M    M   M   0   0   M    M   M         0   0
20  59  45  52   4  13   0 0.00  0.0    M   M   0   0   M    M   M         0   0
21  58  43  51   3  14   0 0.00  0.0    0   M   0   0   M    M   M         0   0
22  55  42  49   1  16   0 0.00  0.0    0   M   0   0   M    M   M         0   0
23  59  41  50   2  15   0 0.00  0.0    M   M   M   M   M    M   M         M  M
24  52  44  48   0  17   0 0.00  0.0    M   M   M   M   M    M   M         M  M
25  62  42  52   3  13   0 0.00  0.0    M   M   0   0   M    M   M         0   0
26  65  42  54   5  11   0 0.00  0.0    M   M   0   0   M    M   M         0   0
27  64  49  57   8   8   0 0.00  0.0    M   M   0   0   M    M   M         0   0
================================================================================
SM 1583 1111       401   0  0.01     0.0     M          M        M
================================================================================
AV 58.6 41.1                                 M FASTST   M    M   2    MAX(MPH)
                                 MISC ---->   10000 M                10000  M
================================================================================
NOTES:
# LAST OF SEVERAL OCCURRENCES

COLUMN 17 PEAK WIND IN M.P.H.

PRELIMINARY LOCAL CLIMATOLOGICAL DATA (WS FORM: F-6) , PAGE 2

                                          STATION:  SACRAMENTO CITY
                                          MONTH:    JANUARY
                                          YEAR:     2015
                                          LATITUDE:   38 36 N
                                          LONGITUDE: 121 23 W

[TEMPERATURE DATA]      [PRECIPITATION DATA]       SYMBOLS USED IN COLUMN 16

AVERAGE MONTHLY: 49.9   TOTAL FOR MONTH:   0.01    1 = FOG OR MIST
DPTR FM NORMAL:   2.6   DPTR FM NORMAL:   -3.45    2 = FOG REDUCING VISIBILITY
HIGHEST:    66 ON  7    GRTST 24HR  0.01 ON 19-19      TO 1/4 MILE OR LESS
LOWEST:     30 ON  1, 2                            3 = THUNDER
                        SNOW, ICE PELLETS, HAIL    4 = ICE PELLETS
                        TOTAL MONTH:   0.0 INCH    5 = HAIL
                        GRTST 24HR     0.0         6 = FREEZING RAIN OR DRIZZLE
                        GRTST DEPTH:   0           7 = DUSTSTORM OR SANDSTORM:
                                                       VSBY 1/2 MILE OR LESS
                                                   8 = SMOKE OR HAZE
[NO. OF DAYS WITH]      [WEATHER - DAYS WITH]      9 = BLOWING SNOW
                                                   X = TORNADO
MAX 32 OR BELOW:   0    0.01 INCH OR MORE:   1
MAX 90 OR ABOVE:   0    0.10 INCH OR MORE:   0
MIN 32 OR BELOW:   3    0.50 INCH OR MORE:   0
MIN  0 OR BELOW:   0    1.00 INCH OR MORE:   0

[HDD (BASE 65) ]
TOTAL THIS MO.   401    CLEAR  (SCALE 0-3)   0
DPTR FM NORMAL   -77    PTCLDY (SCALE 4-7)   0
TOTAL FM JUL 1  1002    CLOUDY (SCALE 8-10)  0
DPTR FM NORMAL  -411

[CDD (BASE 65) ]
TOTAL THIS MO.     0
DPTR FM NORMAL     0    [PRESSURE DATA]
TOTAL FM JAN 1     0    HIGHEST SLP M ON M
DPTR FM NORMAL     0    LOWEST  SLP 30.11 ON 26

[REMARKS]
