000
CXUS55 KPUB 301059
CF6TAD
PRELIMINARY LOCAL CLIMATOLOGICAL DATA (WS FORM: F-6)

                                          STATION:   TRINIDAD CO
                                          MONTH:     SEPTEMBER
                                          YEAR:      2014
                                          LATITUDE:   37 16 N
                                          LONGITUDE: 104 20 W

  TEMPERATURE IN F:       :PCPN:    SNOW:  WIND      :SUNSHINE: SKY     :PK WND
================================================================================
1   2   3   4   5  6A  6B    7    8   9   10  11  12  13   14  15   16   17  18
                                     12Z  AVG MX 2MIN
DY MAX MIN AVG DEP HDD CDD  WTR  SNW DPTH SPD SPD DIR MIN PSBL S-S WX    SPD DR
================================================================================

 1  93  49  71   2   0   6 0.00  0.0    0  7.6 22 250   M    M   0        32 240
 2  91  50  71   2   0   6 0.00  0.0    0 11.0 35 180   M    M   0        41 180
 3  97  66  82  13   0  17 0.00  0.0    0 16.1 31 190   M    M   0        39 190
 4  95  60  78  10   0  13    T  0.0    0 14.6 33 350   M    M   2 38     44 350
 5  67  50  59  -9   6   0    T  0.0    0  7.2 15  70   M    M   7 1      18  80
 6  77  53  65  -3   0   0 0.03  0.0    0  6.9 17 250   M    M   5 3      20 250
 7  87  53  70   2   0   5 0.23  0.0    0  8.9 23 310   M    M   0 3      29  10
 8  88  54  71   4   0   6    T  0.0    0  8.9 24 250   M    M   1        29 250
 9  89  57  73   6   0   8 0.00  0.0    0 12.1 35 250   M    M   3        40 250
10  71  51  61  -5   4   0 0.00  0.0    0  6.7 17  50   M    M   5        22  50
11  78  44  61  -5   4   0 0.05  0.0    0  9.7 24 250   M    M   2 13     31 250
12  44  37  41 -25  24   0 0.08  0.0    0  7.9 15  40   M    M  10 18     20  30
13  82  37  60  -5   5   0 0.00  0.0    0  8.0 18 280   M    M   1        22 280
14  87  49  68   3   0   3 0.00  0.0    0  9.6 23 250   M    M   0        29 240
15  65  50  58  -7   7   0 0.00  0.0    0  8.1 22 250   M    M   3 8      25 250
16  86  48  67   3   0   2 0.00  0.0    0  9.4 22 250   M    M   1 12     26 240
17  87  58  73   9   0   8    T  0.0    0 11.5 21 240   M    M   0        25 240
18  86  54  70   7   0   5 0.00  0.0    0 11.0 22 140   M    M   0        26 140
19  87  57  72   9   0   7 0.00  0.0    0 12.3 24 250   M    M   0        29 260
20  85  55  70   8   0   5 0.00  0.0    0 10.1 23 250   M    M   1        27 250
21  76  59  68   6   0   3 0.20  0.0    0  8.1 20 110   M    M   7 13     28 110
22  79  59  69   7   0   4 0.02  0.0    0 13.8 32 220   M    M   4        38 230
23  85  58  72  11   0   7 0.00  0.0    0 11.1 23 240   M    M   1        28 260
24  84  53  69   8   0   4 0.00  0.0    0  7.1 15 260   M    M   0        17 260
25  85  54  70  10   0   5 0.00  0.0    0  8.8 21 140   M    M   0        26 140
26  86  55  71  11   0   6 0.00  0.0    0 11.2 22 230   M    M   0        26 230
27  85  57  71  11   0   6 0.00  0.0    0 14.4 26 190   M    M   0        35 190
28  82  53  68   9   0   3 0.00  0.0    0 13.6 37 200   M    M   1        46 200
29  80  48  64   5   1   0 0.16  0.0    0 13.9 43 260   M    M   1 13     58 260
================================================================================
SM 2384 1528        51 129  0.77     0.0 299.6          M       55
================================================================================
AV 82.2 52.7                              10.3 FASTST   M    M   2    MAX(MPH)
                                 MISC ---->  # 43 260               # 58  260
================================================================================
NOTES:
# LAST OF SEVERAL OCCURRENCES

COLUMN 17 PEAK WIND IN M.P.H.

PRELIMINARY LOCAL CLIMATOLOGICAL DATA (WS FORM: F-6) , PAGE 2

                                          STATION:  TRINIDAD CO
                                          MONTH:    SEPTEMBER
                                          YEAR:     2014
                                          LATITUDE:   37 16 N
                                          LONGITUDE: 104 20 W

[TEMPERATURE DATA]      [PRECIPITATION DATA]       SYMBOLS USED IN COLUMN 16

AVERAGE MONTHLY: 67.4   TOTAL FOR MONTH:   0.77    1 = FOG OR MIST
DPTR FM NORMAL:   3.1   DPTR FM NORMAL:   -0.44    2 = FOG REDUCING VISIBILITY
HIGHEST:    97 ON  3    GRTST 24HR  0.24 ON  6- 7      TO 1/4 MILE OR LESS
LOWEST:     37 ON 13,12                            3 = THUNDER
                        SNOW, ICE PELLETS, HAIL    4 = ICE PELLETS
                        TOTAL MONTH:   0.0 INCH    5 = HAIL
                        GRTST 24HR     0.0         6 = FREEZING RAIN OR DRIZZLE
                        GRTST DEPTH:   0           7 = DUSTSTORM OR SANDSTORM:
                                                       VSBY 1/2 MILE OR LESS
                                                   8 = SMOKE OR HAZE
[NO. OF DAYS WITH]      [WEATHER - DAYS WITH]      9 = BLOWING SNOW
                                                   X = TORNADO
MAX 32 OR BELOW:   0    0.01 INCH OR MORE:   7
MAX 90 OR ABOVE:   4    0.10 INCH OR MORE:   3
MIN 32 OR BELOW:   0    0.50 INCH OR MORE:   0
MIN  0 OR BELOW:   0    1.00 INCH OR MORE:   0

[HDD (BASE 65) ]
TOTAL THIS MO.    51    CLEAR  (SCALE 0-3)  22
DPTR FM NORMAL   -43    PTCLDY (SCALE 4-7)   6
TOTAL FM JUL 1    61    CLOUDY (SCALE 8-10)  1
DPTR FM NORMAL   -43

[CDD (BASE 65) ]
TOTAL THIS MO.   129
DPTR FM NORMAL    54    [PRESSURE DATA]
TOTAL FM JAN 1   893    HIGHEST SLP M ON M
DPTR FM NORMAL   176    LOWEST  SLP 29.71 ON 29

[REMARKS]
