000
CXUS51 KCLE 300800
CF6TOL
PRELIMINARY LOCAL CLIMATOLOGICAL DATA (WS FORM: F-6)

                                          STATION:   TOLEDO OH
                                          MONTH:     AUGUST
                                          YEAR:      2015
                                          LATITUDE:   41 35 N
                                          LONGITUDE:  83 48 W

  TEMPERATURE IN F:       :PCPN:    SNOW:  WIND      :SUNSHINE: SKY     :PK WND
================================================================================
1   2   3   4   5  6A  6B    7    8   9   10  11  12  13   14  15   16   17  18
                                     12Z  AVG MX 2MIN
DY MAX MIN AVG DEP HDD CDD  WTR  SNW DPTH SPD SPD DIR MIN PSBL S-S WX    SPD DR
================================================================================

 1  83  60  72  -1   0   7 0.00  0.0    0  8.4 18 260   M    M   1        23 280
 2  89  62  76   3   0  11 0.05  0.0    0 12.6 28 330   M    M   0 1      37 340
 3  82  62  72  -1   0   7 0.69  0.0    0 10.0 18 260   M    M   3 1      30 150
 4  81  55  68  -5   0   3 0.00  0.0    0  8.2 20 240   M    M   1        23 250
 5  79  55  67  -5   0   2 0.00  0.0    0  2.9 10 330   M    M   1        13 330
 6  77  58  68  -4   0   3 0.00  0.0    0  7.7 18  60   M    M   0        23  50
 7  79  58  69  -3   0   4 0.00  0.0    0  5.2 14  80   M    M   1 8      20  50
 8  80  62  71  -1   0   6 0.00  0.0    0  4.6 13  80   M    M   7        15  70
 9  83  65  74   2   0   9 0.26  0.0    0  3.8 16 250   M    M   4 1      19 250
10  82  67  75   3   0  10 0.82  0.0    0  3.2 15 320   M    M   6 13     19  10
11  81  64  73   1   0   8 0.00  0.0    0  7.8 16 310   M    M   3 1      21 290
12  77  56  67  -5   0   2 0.00  0.0    0  6.0 15 330   M    M   2        20 340
13  83  56  70  -2   0   5 0.00  0.0    0  8.1 18 250   M    M   1        24 240
14  84  64  74   2   0   9 0.16  0.0    0  9.1 32 360   M    M   3 18     40  10
15  84  63  74   2   0   9 0.09  0.0    0  3.4 17 240   M    M   0 1      20 240
16  86  62  74   2   0   9 0.00  0.0    0  4.1 13 250   M    M   1 1      15 260
17  86  68  77   5   0  12 0.00  0.0    0  6.6 10 230   M    M   2         M  M
18  84  66  75   3   0  10    T  0.0    0  3.5 14 210   M    M   5 18     16 210
19  86  68  77   5   0  12 0.32  0.0    0  6.3 17 230   M    M   2 18     26 210
20  75  57  66  -5   0   1 0.37  0.0    0 12.1 25 250   M    M   6 1      32 250
21  78  52  65  -6   0   0 0.00  0.0    0  3.0 12 270   M    M   1        14 290
22  79  53  66  -5   0   1 0.00  0.0    0  3.6 14  70   M    M   0        16 110
23  83  55  69  -2   0   4 0.06  0.0    0  5.8 16 290   M    M   1 1      20 300
24  75  56  66  -5   0   1    T  0.0    0 11.4 23 250   M    M   4        31 250
25  65  54  60 -11   5   0    T  0.0    0  8.6 18 280   M    M   9        22 270
26  67  57  62  -9   3   0 0.00  0.0    0  5.5 10 280   M    M  10        13 270
27  73  54  64  -6   1   0 0.00  0.0    0  4.4 10 330   M    M   6        13 350
28  77  50  64  -6   1   0 0.00  0.0    0  1.8  9 220   M    M   1 1      12 220
29  79  59  69  -1   0   4 0.04  0.0    0  2.2  7 330   M    M   5 1      13 140
================================================================================
SM 2317 1718        10 149  2.86     0.0 179.9          M       86
================================================================================
AV 79.9 59.2                               6.2 FASTST   M    M   3    MAX(MPH)
                                 MISC ---->  # 32 360               # 40   10
================================================================================
NOTES:
# LAST OF SEVERAL OCCURRENCES

COLUMN 17 PEAK WIND IN M.P.H.

PRELIMINARY LOCAL CLIMATOLOGICAL DATA (WS FORM: F-6) , PAGE 2

                                          STATION:  TOLEDO OH
                                          MONTH:    AUGUST
                                          YEAR:     2015
                                          LATITUDE:   41 35 N
                                          LONGITUDE:  83 48 W

[TEMPERATURE DATA]      [PRECIPITATION DATA]       SYMBOLS USED IN COLUMN 16

AVERAGE MONTHLY: 69.6   TOTAL FOR MONTH:   2.86    1 = FOG OR MIST
DPTR FM NORMAL:  -2.1   DPTR FM NORMAL:   -0.10    2 = FOG REDUCING VISIBILITY
HIGHEST:    89 ON  2    GRTST 24HR  1.08 ON  9-10      TO 1/4 MILE OR LESS
LOWEST:     50 ON 28                               3 = THUNDER
                        SNOW, ICE PELLETS, HAIL    4 = ICE PELLETS
                        TOTAL MONTH:   0.0 INCH    5 = HAIL
                        GRTST 24HR     0.0         6 = FREEZING RAIN OR DRIZZLE
                        GRTST DEPTH:   0           7 = DUSTSTORM OR SANDSTORM:
                                                       VSBY 1/2 MILE OR LESS
                                                   8 = SMOKE OR HAZE
[NO. OF DAYS WITH]      [WEATHER - DAYS WITH]      9 = BLOWING SNOW
                                                   X = TORNADO
MAX 32 OR BELOW:   0    0.01 INCH OR MORE:  10
MAX 90 OR ABOVE:   0    0.10 INCH OR MORE:   6
MIN 32 OR BELOW:   0    0.50 INCH OR MORE:   2
MIN  0 OR BELOW:   0    1.00 INCH OR MORE:   0

[HDD (BASE 65) ]
TOTAL THIS MO.    10    CLEAR  (SCALE 0-3)  18
DPTR FM NORMAL     5    PTCLDY (SCALE 4-7)   9
TOTAL FM JUL 1    12    CLOUDY (SCALE 8-10)  2
DPTR FM NORMAL     4

[CDD (BASE 65) ]
TOTAL THIS MO.   149
DPTR FM NORMAL   -56    [PRESSURE DATA]
TOTAL FM JAN 1   560    HIGHEST SLP M ON M
DPTR FM NORMAL  -133    LOWEST  SLP 29.73 ON M

[REMARKS]
