000
CXUS53 KTOP 300800
CF6TOP
PRELIMINARY LOCAL CLIMATOLOGICAL DATA (WS FORM: F-6)

                                          STATION:   Topeka KS
                                          MONTH:     SEPTEMBER
                                          YEAR:      2016
                                          LATITUDE:   39  4 N
                                          LONGITUDE:  95 38 W

  TEMPERATURE IN F:       :PCPN:    SNOW:  WIND      :SUNSHINE: SKY     :PK WND
================================================================================
1   2   3   4   5  6A  6B    7    8   9   10  11  12  13   14  15   16   17  18
                                     12Z  AVG MX 2MIN
DY MAX MIN AVG DEP HDD CDD  WTR  SNW DPTH SPD SPD DIR MIN PSBL S-S WX    SPD DR
================================================================================

 1  80  60  70  -4   0   5 0.00  0.0    0  5.2 14  40   M    M   0        18 360
 2  79  58  69  -5   0   4 0.00  0.0    0  4.7 14 120   M    M   2 1      16  90
 3  80  57  69  -5   0   4 0.00  0.0    0  7.1 17 130   M    M   0        21 130
 4  85  64  75   2   0  10 0.00  0.0    0 11.1 22 140   M    M   2        28 140
 5  90  72  81   8   0  16 0.00  0.0    0 11.8 23 170   M    M   1        33 180
 6  92  77  85  13   0  20 0.00  0.0    0 12.6 23 180   M    M   1        35 210
 7  91  77  84  12   0  19 0.02  0.0    0 12.5 24 190   M    M   4 3      34 200
 8  82  72  77   5   0  12 0.28  0.0    0  6.6 17 180   M    M   4 13     23 170
 9  86  65  76   5   0  11 1.33  0.0    0  8.0 28  10   M    M   5 13     37 340
10  76  57  67  -4   0   2 0.00  0.0    0  7.3 18 330   M    M   0        25 350
11  78  54  66  -4   0   1 0.00  0.0    0  6.6 17 160   M    M   0        23 160
12  85  62  74   4   0   9 0.00  0.0    0  9.7 20 180   M    M   0        25 170
13  82  67  75   5   0  10 2.29  0.0    0  6.8 17 130   M    M   8 13     22 110
14  81  65  73   4   0   8 1.20  0.0    0  5.6 15  80   M    M   6 13     18 340
15  85  65  75   6   0  10 0.00  0.0    0  6.6 17 160   M    M   2 12     22 150
16  72  64  68   0   0   3 0.28  0.0    0  5.4 28 340   M    M   5 13     36 350
17  84  58  71   3   0   6 0.00  0.0    0  2.6 10 310   M    M   3 12     14 320
18  84  58  71   4   0   6 0.00  0.0    0  4.1 14 160   M    M   0        17 150
19  93  63  78  11   0  13 0.00  0.0    0  5.5 16 190   M    M   0 1      20 190
20  93  67  80  14   0  15 0.00  0.0    0  4.6 14 160   M    M   0 1      16 160
21  91  75  83  17   0  18 0.00  0.0    0  9.6 17 180   M    M   0        23 170
22  91  71  81  15   0  16 0.00  0.0    0  8.2 17 160   M    M   0        22 160
23  89  63  76  11   0  11 0.00  0.0    0  7.4 17 150   M    M   0        22 160
24  90  68  79  14   0  14 2.02  0.0    0 10.7 26 280   M    M   6 13     35 300
25  69  55  62  -2   3   0 0.36  0.0    0  5.0 20 340   M    M   3 18     26 340
26  75  48  62  -2   3   0 0.00  0.0    0  5.0 14 350   M    M   0 18     19 350
27  82  49  66   3   0   1 0.00  0.0    0  2.9 10 270   M    M   0 1      15 270
28  69  51  60  -3   5   0 0.00  0.0    0  8.1 20  20   M    M   0        26  10
29  71  49  60  -3   5   0 0.00  0.0    0  4.6 15 360   M    M   1        22 350
================================================================================
SM 2405 1811        16 244  7.78     0.0 205.9          M       53
================================================================================
AV 82.9 62.4                               7.1 FASTST   M    M   2    MAX(MPH)
                                 MISC ---->  # 28  10               # 37  340
================================================================================
NOTES:
# LAST OF SEVERAL OCCURRENCES

COLUMN 17 PEAK WIND IN M.P.H.

PRELIMINARY LOCAL CLIMATOLOGICAL DATA (WS FORM: F-6) , PAGE 2

                                          STATION:  Topeka KS
                                          MONTH:    SEPTEMBER
                                          YEAR:     2016
                                          LATITUDE:   39  4 N
                                          LONGITUDE:  95 38 W

[TEMPERATURE DATA]      [PRECIPITATION DATA]       SYMBOLS USED IN COLUMN 16

AVERAGE MONTHLY: 72.7   TOTAL FOR MONTH:   7.78    1 = FOG OR MIST
DPTR FM NORMAL:   4.1   DPTR FM NORMAL:    4.23    2 = FOG REDUCING VISIBILITY
HIGHEST:    93 ON 20,19 GRTST 24HR  3.19 ON 13-14      TO 1/4 MILE OR LESS
LOWEST:     48 ON 26                               3 = THUNDER
                        SNOW, ICE PELLETS, HAIL    4 = ICE PELLETS
                        TOTAL MONTH:   0.0 INCH    5 = HAIL
                        GRTST 24HR     0.0         6 = FREEZING RAIN OR DRIZZLE
                        GRTST DEPTH:   0           7 = DUSTSTORM OR SANDSTORM:
                                                       VSBY 1/2 MILE OR LESS
                                                   8 = SMOKE OR HAZE
[NO. OF DAYS WITH]      [WEATHER - DAYS WITH]      9 = BLOWING SNOW
                                                   X = TORNADO
MAX 32 OR BELOW:   0    0.01 INCH OR MORE:   8
MAX 90 OR ABOVE:   8    0.10 INCH OR MORE:   7
MIN 32 OR BELOW:   0    0.50 INCH OR MORE:   4
MIN  0 OR BELOW:   0    1.00 INCH OR MORE:   4

[HDD (BASE 65) ]
TOTAL THIS MO.    16    CLEAR  (SCALE 0-3)  21
DPTR FM NORMAL   -43    PTCLDY (SCALE 4-7)   8
TOTAL FM JUL 1    16    CLOUDY (SCALE 8-10)  0
DPTR FM NORMAL   -45

[CDD (BASE 65) ]
TOTAL THIS MO.   244
DPTR FM NORMAL    81    [PRESSURE DATA]
TOTAL FM JAN 1  1645    HIGHEST SLP M ON M
DPTR FM NORMAL   254    LOWEST  SLP 29.80 ON M

[REMARKS]
