000
CXUS53 KTOP 270820
CF6TOP
PRELIMINARY LOCAL CLIMATOLOGICAL DATA (WS FORM: F-6)

                                          STATION:   Topeka KS
                                          MONTH:     NOVEMBER
                                          YEAR:      2014
                                          LATITUDE:   39  4 N
                                          LONGITUDE:  95 38 W

  TEMPERATURE IN F:       :PCPN:    SNOW:  WIND      :SUNSHINE: SKY     :PK WND
================================================================================
1   2   3   4   5  6A  6B    7    8   9   10  11  12  13   14  15   16   17  18
                                     12Z  AVG MX 2MIN
DY MAX MIN AVG DEP HDD CDD  WTR  SNW DPTH SPD SPD DIR MIN PSBL S-S WX    SPD DR
================================================================================

 1  54  24  39 -12  26   0 0.00  0.0    0  9.2 18 130   M    M   3        23 130
 2  64  47  56   6   9   0 0.00  0.0    0 16.1 26 180   M    M   2        37 160
 3  70  50  60  10   5   0 0.04  0.0    0 13.9 23 190   M    M   4        32 200
 4  53  40  47  -3  18   0 0.00  0.0    0  4.6 14 310   M    M   0        19 310
 5  72  32  52   3  13   0 0.00  0.0    0  5.8 20 210   M    M   0        27 200
 6  55  33  44  -5  21   0 0.00  0.0    0  7.5 20 330   M    M   0        26 320
 7  68  29  49   1  16   0 0.00  0.0    0  9.1 25 180   M    M   0        36 180
 8  60  33  47  -1  18   0 0.00  0.0    0 10.3 26 320   M    M   1        35 320
 9  70  38  54   7  11   0 0.00  0.0    0  7.5 17 210   M    M   0        22 240
10  73  33  53   6  12   0 0.00  0.0    0 14.4 33 340   M    M   2        44 340
11  36  23  30 -16  35   0    T    T    0 16.5 29 340   M    M   5        39 340
12  29  19  24 -22  41   0 0.00  0.0    0 12.7 21 310   M    M   2        28 350
13  34  14  24 -21  41   0 0.00  0.0    0  6.9 18 330   M    M   2        22 310
14  34  12  23 -22  42   0 0.00  0.0    0  4.0 12  80   M    M   2        14  80
15  32  22  27 -17  38   0 0.02  0.2    0  5.5 13 150   M    M   7 8      16 160
16  31  16  24 -20  41   0 0.01  0.2    T  8.3 21 310   M    M   3 1      25 300
17  28  14  21 -22  44   0 0.00  0.0    0 13.5 28 310   M    M   1        37 320
18  43   7  25 -18  40   0 0.00  0.0    0  5.9 17 200   M    M   0        23 230
19  42  17  30 -12  35   0 0.00  0.0    0  6.9 22 320   M    M   2        27 300
20  42  14  28 -14  37   0 0.00  0.0    0  4.1  9  80   M    M   0        12 120
21  44  23  34  -7  31   0 0.03  0.0    0  5.0 14 130   M    M   6 18     17 130
22  60  42  51  11  14   0 0.01  0.0    0  8.6 20 180   M    M  10 12     28 160
23  58  42  50  10  15   0 0.31  0.0    0 10.6 33 330   M    M   9 1      42 340
24  45  28  37  -3  28   0 0.00  0.0    0 11.7 26 290   M    M   2        34 300
25  48  19  34  -5  31   0 0.00  0.0    0  6.2 15 180   M    M   2        18 170
26  46  28  37  -1  28   0 0.02  0.0    0 15.6 30 310   M    M   9        36 320
================================================================================
SM 1291  699       690   0  0.44     0.4 240.4          M       74
================================================================================
AV 49.7 26.9                               9.2 FASTST   M    M   3    MAX(MPH)
                                 MISC ---->  # 33 340               # 44  340
================================================================================
NOTES:
# LAST OF SEVERAL OCCURRENCES

COLUMN 17 PEAK WIND IN M.P.H.

PRELIMINARY LOCAL CLIMATOLOGICAL DATA (WS FORM: F-6) , PAGE 2

                                          STATION:  Topeka KS
                                          MONTH:    NOVEMBER
                                          YEAR:     2014
                                          LATITUDE:   39  4 N
                                          LONGITUDE:  95 38 W

[TEMPERATURE DATA]      [PRECIPITATION DATA]       SYMBOLS USED IN COLUMN 16

AVERAGE MONTHLY: 38.3   TOTAL FOR MONTH:   0.44    1 = FOG OR MIST
DPTR FM NORMAL:  -6.6   DPTR FM NORMAL:   -1.19    2 = FOG REDUCING VISIBILITY
HIGHEST:    73 ON 10    GRTST 24HR  0.31 ON 23-23      TO 1/4 MILE OR LESS
LOWEST:      7 ON 18                               3 = THUNDER
                        SNOW, ICE PELLETS, HAIL    4 = ICE PELLETS
                        TOTAL MONTH:   0.4 INCH    5 = HAIL
                        GRTST 24HR   0.2 ON   M    6 = FREEZING RAIN OR DRIZZLE
                        GRTST DEPTH:   T           7 = DUSTSTORM OR SANDSTORM:
                                                       VSBY 1/2 MILE OR LESS
                                                   8 = SMOKE OR HAZE
[NO. OF DAYS WITH]      [WEATHER - DAYS WITH]      9 = BLOWING SNOW
                                                   X = TORNADO
MAX 32 OR BELOW:   4    0.01 INCH OR MORE:   7
MAX 90 OR ABOVE:   0    0.10 INCH OR MORE:   1
MIN 32 OR BELOW:  17    0.50 INCH OR MORE:   0
MIN  0 OR BELOW:   0    1.00 INCH OR MORE:   0

[HDD (BASE 65) ]
TOTAL THIS MO.   690    CLEAR  (SCALE 0-3)  19
DPTR FM NORMAL   164    PTCLDY (SCALE 4-7)   4
TOTAL FM JUL 1   944    CLOUDY (SCALE 8-10)  3
DPTR FM NORMAL    62

[CDD (BASE 65) ]
TOTAL THIS MO.     0
DPTR FM NORMAL     0    [PRESSURE DATA]
TOTAL FM JAN 1  1611    HIGHEST SLP M ON M
DPTR FM NORMAL   191    LOWEST  SLP 29.35 ON M

[REMARKS]
