000
CXUS55 KTBW 011000
CF6TPA
PRELIMINARY LOCAL CLIMATOLOGICAL DATA (WS FORM: F-6)

                                          STATION:   Tampa
                                          MONTH:     FEBRUARY
                                          YEAR:      2015
                                          LATITUDE:   27 58 N
                                          LONGITUDE:  82 32 W

  TEMPERATURE IN F:       :PCPN:    SNOW:  WIND      :SUNSHINE: SKY     :PK WND
================================================================================
1   2   3   4   5  6A  6B    7    8   9   10  11  12  13   14  15   16   17  18
                                     12Z  AVG MX 2MIN
DY MAX MIN AVG DEP HDD CDD  WTR  SNW DPTH SPD SPD DIR MIN PSBL S-S WX    SPD DR
================================================================================

 1  76  55  66   4   0   1 0.00  0.0    0  7.2 16 140   M    M   3        25 140
 2  71  52  62   0   3   0 0.19  0.0    0 10.6 20 290   M    M   6 1      27 280
 3  68  43  56  -6   9   0 0.00  0.0    0  8.7 14  50   M    M   5        21  50
 4  74  54  64   2   1   0 0.05  0.0    0  7.2 13 130   M    M   9        20 100
 5  67  53  60  -2   5   0 1.64  0.0    0  7.4 18 330   M    M   7 13     22 360
 6  68  49  59  -3   6   0 0.00  0.0    0  7.9 15  30   M    M   1        21  40
 7  71  48  60  -2   5   0 0.00  0.0    0  6.4 12 260   M    M   4        22 290
 8  73  53  63   0   2   0 0.00  0.0    0  3.3 10 240   M    M   2        16 230
 9  71  57  64   1   1   0 0.92  0.0    0  3.2 12 360   M    M   8 13     17 280
10  64  52  58  -5   7   0 0.00  0.0    0 10.2 20 320   M    M   4 18     24 320
11  66  47  57  -6   8   0 0.00  0.0    0  5.9 15 270   M    M   0 1      20 280
12  68  47  58  -5   7   0 0.00  0.0    0  5.5 17 270   M    M   1        26 260
13  58  44  51 -12  14   0 0.00  0.0    0  7.8 17 300   M    M   0        23 300
14  63  42  53 -10  12   0 0.00  0.0    0  8.0 14 270   M    M   1        22 290
15  74  51  63  -1   2   0 0.00  0.0    0  7.1 21 340   M    M   3        27 340
16  74  52  63  -1   2   0 0.00  0.0    0  7.3 17 180   M    M   4        23 180
17  72  56  64   0   1   0 1.05  0.0    0 10.1 20 330   M    M   8 1      28 320
18  58  48  53 -11  12   0 0.37  0.0    0 12.5 22 340   M    M   4 1      30 300
19  52  40  46 -18  19   0 0.00  0.0    0 11.6 23 340   M    M   1        29 330
20  59  34  47 -17  18   0 0.00  0.0    0  6.1 12  20   M    M   0        16  40
21  74  44  59  -5   6   0    T    M    0  5.7 15 120   M    M   4        24 120
22  78  58  68   4   0   3 0.00  0.0    0  4.8 13 170   M    M   3 1      17 170
23  76  65  71   7   0   6 0.00  0.0    0  4.7 13 190   M    M   7 12     17 270
24  71  61  66   1   0   1    T  0.0    0  5.3 13 230   M    M  10 12     15 240
25  75  52  64  -1   1   0    T  0.0    0 11.5 23 190   M    M  10 128    29 180
26  70  55  63  -2   2   0    M  0.0    0 13.7 32 200   M    M   9 3      41 200
27  65  54  60  -5   5   0 0.00  0.0    0  9.2 15  50   M    M  10 8      21  50
28  67  56  62  -3   3   0 2.30  0.0    0  7.7 14  30   M    M  10 1      19  60
================================================================================
SM 1923 1422       151  11  6.52     0.0 216.6          M      134
================================================================================
AV 68.7 50.8                               7.7 FASTST   M    M   5    MAX(MPH)
                                 MISC ---->  # 32 200               # 41  200
================================================================================
NOTES:
# LAST OF SEVERAL OCCURRENCES

COLUMN 17 PEAK WIND IN M.P.H.

PRELIMINARY LOCAL CLIMATOLOGICAL DATA (WS FORM: F-6) , PAGE 2

                                          STATION:  Tampa
                                          MONTH:    FEBRUARY
                                          YEAR:     2015
                                          LATITUDE:   27 58 N
                                          LONGITUDE:  82 32 W

[TEMPERATURE DATA]      [PRECIPITATION DATA]       SYMBOLS USED IN COLUMN 16

AVERAGE MONTHLY: 59.7   TOTAL FOR MONTH:   6.52    1 = FOG OR MIST
DPTR FM NORMAL:  -3.7   DPTR FM NORMAL:    3.71    2 = FOG REDUCING VISIBILITY
HIGHEST:    78 ON 22    GRTST 24HR  2.30 ON 28-28      TO 1/4 MILE OR LESS
LOWEST:     34 ON 20                               3 = THUNDER
                        SNOW, ICE PELLETS, HAIL    4 = ICE PELLETS
                        TOTAL MONTH:   0.0 INCH    5 = HAIL
                        GRTST 24HR     0.0         6 = FREEZING RAIN OR DRIZZLE
                        GRTST DEPTH:   0           7 = DUSTSTORM OR SANDSTORM:
                                                       VSBY 1/2 MILE OR LESS
                                                   8 = SMOKE OR HAZE
[NO. OF DAYS WITH]      [WEATHER - DAYS WITH]      9 = BLOWING SNOW
                                                   X = TORNADO
MAX 32 OR BELOW:   0    0.01 INCH OR MORE:   7
MAX 90 OR ABOVE:   0    0.10 INCH OR MORE:   6
MIN 32 OR BELOW:   0    0.50 INCH OR MORE:   4
MIN  0 OR BELOW:   0    1.00 INCH OR MORE:   3

[HDD (BASE 65) ]
TOTAL THIS MO.   151    CLEAR  (SCALE 0-3)  11
DPTR FM NORMAL    45    PTCLDY (SCALE 4-7)  10
TOTAL FM JUL 1   455    CLOUDY (SCALE 8-10)  7
DPTR FM NORMAL   -16

[CDD (BASE 65) ]
TOTAL THIS MO.    11
DPTR FM NORMAL   -52    [PRESSURE DATA]
TOTAL FM JAN 1    67    HIGHEST SLP 30.44 ON 20
DPTR FM NORMAL   -46    LOWEST  SLP 29.70 ON 26

[REMARKS]
#FINAL-02-15#
