000
CXUS51 KPHI 290800
CF6TTN
PRELIMINARY LOCAL CLIMATOLOGICAL DATA (WS FORM: F-6)

                                          STATION:   TRENTON NJ
                                          MONTH:     JULY
                                          YEAR:      2015
                                          LATITUDE:   40 16 N
                                          LONGITUDE:  74 49 W

  TEMPERATURE IN F:       :PCPN:    SNOW:  WIND      :SUNSHINE: SKY     :PK WND
================================================================================
1   2   3   4   5  6A  6B    7    8   9   10  11  12  13   14  15   16   17  18
                                     12Z  AVG MX 2MIN
DY MAX MIN AVG DEP HDD CDD  WTR  SNW DPTH SPD SPD DIR MIN PSBL S-S WX    SPD DR
================================================================================

 1  84  66  75   1   0  10 0.57    M    M  7.7 24 280   M    M   3 13     35 270
 2  76  61  69  -6   0   4 0.06    M    M  3.3  9  60   M    M   4 18     16  80
 3  81  62  72  -3   0   7 0.00    M    M  4.6 12 180   M    M   2 1      16  10
 4  75  66  71  -4   0   6 0.02    M    M  5.8 14  40   M    M   9        18  30
 5  83  64  74  -1   0   9 0.00    M    M  3.5  9 330   M    M   3 18     14 290
 6  85  68  77   2   0  12 0.09    M    M  6.3 16 160   M    M   4 1      20 170
 7  88  74  81   6   0  16 0.13    M    M  6.2 16 290   M    M   5 138    20 260
 8  88  74  81   5   0  16 0.08    M    M  5.8 12 230   M    M   3 18     14 230
 9  83  70  77   1   0  12 0.57    M    M  6.0 15 210   M    M   6 13     20 210
10  84  69  77   1   0  12 0.00    M    M  8.3 17 350   M    M   2        23 350
11  86  67  77   1   0  12 0.00    M    M  5.0 10 180   M    M   1        13  10
12  88  65  77   1   0  12 0.00    M    M  3.4  9 200   M    M   1 1      14 290
13  86  69  78   2   0  13 0.00    M    M  5.4 17 180   M    M   1        20 180
14  84  67  76   0   0  11 0.47    M    M  4.5 14 200   M    M   6 13     17 200
15  82  67  75  -1   0  10 0.27    M    M  4.8 18 350   M    M   7 13     25 220
16  80  60  70  -6   0   5 0.00    M    M  6.8 17  40   M    M   2        22  40
17  82  60  71  -5   0   6 0.00    M    M  7.1 16 180   M    M   5        20 170
18  86  71  79   3   0  14 0.23    M    M  7.2 14 220   M    M   7 13     18 210
19  94  74  84   8   0  19 0.00    M    M  4.2 10 260   M    M   1 18     16 190
20  92  78  85   9   0  20 0.00    M    M  5.1 13 280   M    M   1        17 290
21  87  69  78   2   0  13    T    M    M  4.4 17 300   M    M   3 3      23 290
22  84  64  74  -2   0   9 0.00    M    M  7.0 17 280   M    M   1        26 280
23  82  62  72  -4   0   7 0.00    M    M  5.0 13 270   M    M   1        26  50
24  84  62  73  -3   0   8 0.00    M    M  4.3 12 350   M    M   1        22  10
25  88  61  75  -1   0  10 0.00    M    M  5.2 15 160   M    M   1        20 160
26  88  68  78   2   0  13 0.00    M    M  8.3 20 200   M    M   2        24 190
27  86  69  78   2   0  13 0.08    M    M  5.8 13 190   M    M   5 13     17 200
28  94  69  82   6   0  17 0.00    M    M  2.9 10 180   M    M   0 18     13 320
================================================================================
SM 2380 1876         0 316  2.57    M    153.9          M       87
================================================================================
AV 85.0 67.0                               5.5 FASTST   M    M   3    MAX(MPH)
                                 MISC ---->  # 24 280               # 35  270
================================================================================
NOTES:
# LAST OF SEVERAL OCCURRENCES

COLUMN 17 PEAK WIND IN M.P.H.

PRELIMINARY LOCAL CLIMATOLOGICAL DATA (WS FORM: F-6) , PAGE 2

                                          STATION:  TRENTON NJ
                                          MONTH:    JULY
                                          YEAR:     2015
                                          LATITUDE:   40 16 N
                                          LONGITUDE:  74 49 W

[TEMPERATURE DATA]      [PRECIPITATION DATA]       SYMBOLS USED IN COLUMN 16

AVERAGE MONTHLY: 76.0   TOTAL FOR MONTH:   2.57    1 = FOG OR MIST
DPTR FM NORMAL:   0.3   DPTR FM NORMAL:   -1.90    2 = FOG REDUCING VISIBILITY
HIGHEST:    94 ON 28,19 GRTST 24HR  0.73 ON 30- 1      TO 1/4 MILE OR LESS
LOWEST:     60 ON 17,16                            3 = THUNDER
                        SNOW, ICE PELLETS, HAIL    4 = ICE PELLETS
                        TOTAL MONTH:    M          5 = HAIL
                        GRTST 24HR    M  ON   M    6 = FREEZING RAIN OR DRIZZLE
                        GRTST DEPTH:  M  ON   M    7 = DUSTSTORM OR SANDSTORM:
                                                       VSBY 1/2 MILE OR LESS
                                                   8 = SMOKE OR HAZE
[NO. OF DAYS WITH]      [WEATHER - DAYS WITH]      9 = BLOWING SNOW
                                                   X = TORNADO
MAX 32 OR BELOW:   0    0.01 INCH OR MORE:  11
MAX 90 OR ABOVE:   3    0.10 INCH OR MORE:   6
MIN 32 OR BELOW:   0    0.50 INCH OR MORE:   2
MIN  0 OR BELOW:   0    1.00 INCH OR MORE:   0

[HDD (BASE 65) ]
TOTAL THIS MO.     0    CLEAR  (SCALE 0-3)  15
DPTR FM NORMAL     0    PTCLDY (SCALE 4-7)  12
TOTAL FM JUL 1     0    CLOUDY (SCALE 8-10)  1
DPTR FM NORMAL     0

[CDD (BASE 65) ]
TOTAL THIS MO.   316
DPTR FM NORMAL    17    [PRESSURE DATA]
TOTAL FM JAN 1   679    HIGHEST SLP M ON M
DPTR FM NORMAL   133    LOWEST  SLP 29.53 ON 15

[REMARKS]
