000
CXUS51 KPHI 010800
CF6TTN
PRELIMINARY LOCAL CLIMATOLOGICAL DATA (WS FORM: F-6)

                                          STATION:   TRENTON NJ
                                          MONTH:     SEPTEMBER
                                          YEAR:      2014
                                          LATITUDE:   40 16 N
                                          LONGITUDE:  74 49 W

  TEMPERATURE IN F:       :PCPN:    SNOW:  WIND      :SUNSHINE: SKY     :PK WND
================================================================================
1   2   3   4   5  6A  6B    7    8   9   10  11  12  13   14  15   16   17  18
                                     12Z  AVG MX 2MIN
DY MAX MIN AVG DEP HDD CDD  WTR  SNW DPTH SPD SPD DIR MIN PSBL S-S WX    SPD DR
================================================================================

 1  87  72  80   9   0  15 0.06    M    M  3.7 10 220   M    M   7 13     15 210
 2  91  72  82  11   0  17 0.00    M    M  6.8 18 230   M    M   1 12     24 210
 3  84  65  75   4   0  10 0.00    M    M  4.9 10 320   M    M   1        17 300
 4  87  60  74   4   0   9 0.00    M    M  5.5 14 190   M    M   1 1      20 180
 5  89  69  79   9   0  14 0.06    M    M  4.1 17 200   M    M   6 1238   21 200
 6  91  66  79   9   0  14 0.21    M    M  6.9 18 300   M    M   4 13     26 310
 7  80  63  72   2   0   7 0.00    M    M  4.4 14 350   M    M   3        18  10
 8  76  62  69   0   0   4 0.00    M    M  8.6 20 120   M    M   2        25 120
 9  74  61  68  -1   0   3 0.00    M    M  9.8 18  90   M    M   6        23  70
10  79  63  71   2   0   6 0.00    M    M  5.3 14 140   M    M   5        18 150
11  85  63  74   6   0   9 0.00    M    M  7.9 18 220   M    M   6        24 210
12  77  57  67  -1   0   2 0.00    M    M  7.5 15 350   M    M   0        19 340
13  69  55  62  -6   3   0 0.24    M    M  5.8 15 120   M    M   6 1      20 100
14  69  49  59  -8   6   0 0.00    M    M  4.0 13 350   M    M   0        17 300
15  71  47  59  -8   6   0 0.00    M    M  4.5 12 170   M    M   0        14 210
16  73  54  64  -2   1   0 0.14    M    M  4.1 13 360   M    M   7 1      16 350
17  74  46  60  -6   5   0 0.00    M    M  2.7 10 330   M    M   2        13 340
18  75  48  62  -4   3   0 0.00    M    M  2.7  8 310   M    M   4        13 290
19  68  53  61  -4   4   0 0.00    M    M  7.8 15 150   M    M   2        21  70
20  77  52  65   0   0   0 0.00    M    M  6.9 18 180   M    M   3 1      23 170
21  78  64  71   7   0   6    T    M    M  2.9 10 230   M    M   7 18     17 220
22  71  50  61  -3   4   0 0.00    M    M  8.2 20 310   M    M   3        25 330
23  72  43  58  -5   7   0 0.00    M    M  4.1 10 210   M    M   0        18 200
24  71  50  61  -2   4   0    T    M    M  9.3 18  70   M    M   2        24  80
25  64  55  60  -2   5   0 0.34    M    M 10.3 17  30   M    M   7 1      23  40
26  78  51  65   3   0   0 0.00    M    M  6.3 14  50   M    M   0        19  50
27  84  55  70   8   0   5 0.00    M    M  4.1 12  50   M    M   0        15  50
28  84  53  69   8   0   4 0.00    M    M  3.2 10 220   M    M   0 1      14 230
29  78  59  69   8   0   4    T    M    M  3.2 10 190   M    M   3 18     12 210
30  77  60  69   9   0   4 0.00    M    M  4.6 15 110   M    M   2 1      19 100
================================================================================
SM 2333 1717        48 133  1.05    M    170.1          M       90
================================================================================
AV 77.8 57.2                               5.7 FASTST   M    M   3    MAX(MPH)
                                 MISC ---->  # 20 120               # 26  310
================================================================================
NOTES:
# LAST OF SEVERAL OCCURRENCES

COLUMN 17 PEAK WIND IN M.P.H.

PRELIMINARY LOCAL CLIMATOLOGICAL DATA (WS FORM: F-6) , PAGE 2

                                          STATION:  TRENTON NJ
                                          MONTH:    SEPTEMBER
                                          YEAR:     2014
                                          LATITUDE:   40 16 N
                                          LONGITUDE:  74 49 W

[TEMPERATURE DATA]      [PRECIPITATION DATA]       SYMBOLS USED IN COLUMN 16

AVERAGE MONTHLY: 67.5   TOTAL FOR MONTH:   1.05    1 = FOG OR MIST
DPTR FM NORMAL:   1.3   DPTR FM NORMAL:   -3.22    2 = FOG REDUCING VISIBILITY
HIGHEST:    91 ON  6, 2 GRTST 24HR  0.34 ON 25-25      TO 1/4 MILE OR LESS
LOWEST:     43 ON 23                               3 = THUNDER
                        SNOW, ICE PELLETS, HAIL    4 = ICE PELLETS
                        TOTAL MONTH:    M          5 = HAIL
                        GRTST 24HR    M  ON   M    6 = FREEZING RAIN OR DRIZZLE
                        GRTST DEPTH:  M  ON   M    7 = DUSTSTORM OR SANDSTORM:
                                                       VSBY 1/2 MILE OR LESS
                                                   8 = SMOKE OR HAZE
[NO. OF DAYS WITH]      [WEATHER - DAYS WITH]      9 = BLOWING SNOW
                                                   X = TORNADO
MAX 32 OR BELOW:   0    0.01 INCH OR MORE:   6
MAX 90 OR ABOVE:   2    0.10 INCH OR MORE:   4
MIN 32 OR BELOW:   0    0.50 INCH OR MORE:   0
MIN  0 OR BELOW:   0    1.00 INCH OR MORE:   0

[HDD (BASE 65) ]
TOTAL THIS MO.    48    CLEAR  (SCALE 0-3)  18
DPTR FM NORMAL   -14    PTCLDY (SCALE 4-7)  12
TOTAL FM JUL 1    48    CLOUDY (SCALE 8-10)  0
DPTR FM NORMAL   -17

[CDD (BASE 65) ]
TOTAL THIS MO.   133
DPTR FM NORMAL    34    [PRESSURE DATA]
TOTAL FM JAN 1   916    HIGHEST SLP 30.51 ON 24
DPTR FM NORMAL   -39    LOWEST  SLP 29.60 ON 21

[REMARKS]
#FINAL-09-14#
#FINAL-09-14#
