809
CXUS55 KREV 300838
CF6TVL
PRELIMINARY LOCAL CLIMATOLOGICAL DATA (WS FORM: F-6)

                                          STATION:   SOUTH LAKE TAHOE CA
                                          MONTH:     MAY
                                          YEAR:      2016
                                          LATITUDE:   38 53 N
                                          LONGITUDE: 119 60 W

  TEMPERATURE IN F:       :PCPN:    SNOW:  WIND      :SUNSHINE: SKY     :PK WND
================================================================================
1   2   3   4   5  6A  6B    7    8   9   10  11  12  13   14  15   16   17  18
                                     12Z  AVG MX 2MIN
DY MAX MIN AVG DEP HDD CDD  WTR  SNW DPTH SPD SPD DIR MIN PSBL S-S WX    SPD DR
================================================================================

 1  56  30  43  -1  22   0    T  0.0    0  5.1 17 180   M    M   M        21 190
 2  59  30  45   1  20   0 0.00  0.0    0  3.4 13  30   M    M   M        18  40
 3  58  30  44  -1  21   0    T  0.0    0  2.5 10  40   M    M   M 8      13  40
 4  62  36  49   4  16   0 0.02  0.0    0  5.4 22 210   M    M   M 3      37 200
 5  53  34  44  -1  21   0 0.69    T    0  3.1 13 170   M    M   M 13     17 160
 6  54  33  44  -2  21   0 0.47    T    0  3.1 12 190   M    M   M 13     16  20
 7  47  40  44  -2  21   0 0.18  0.0    0  3.6  8 200   M    M   M 1      10 180
 8  62  38  50   4  15   0    T  0.0    0  3.3 13 200   M    M   M 1      18 190
 9  63  33  48   2  17   0 0.00  0.0    0  4.1 16 180   M    M   M 12     22 200
10  62  31  47   1  18   0 0.00  0.0    0  3.6 13  40   M    M   M        20  50
11  67  30  49   2  16   0 0.00  0.0    0  4.4 13  30   M    M   M        16 360
12  72  35  54   7  11   0 0.00  0.0    0  4.4 18 190   M    M   M        27 190
13  74  35  55   8  10   0 0.00  0.0    0  5.0 17 190   M    M   M        30 190
14  60  37  49   1  16   0 0.00  0.0    0  7.5 23 190   M    M   M        35 180
15  61  30  46  -2  19   0 0.06  0.0    0  4.3 16 190   M    M   M 1      22 200
16  59  33  46  -2  19   0 0.00  0.0    0  3.8 13  30   M    M   M 1      20  30
17  63  40  52   4  13   0 0.00  0.0    0  4.5 17  40   M    M   M        27  60
18  71  34  53   5  12   0 0.00  0.0    0  4.2 13  30   M    M   M        16  40
19  64  45  55   6  10   0 0.00  0.0    0 17.1 36 190   M    M   M        55 200
20  48  32  40  -9  25   0 0.02    T    0 13.0 29 190   M    M   M 18     40 190
21  45  29  37 -12  28   0    T    T    0  8.8 15 190   M    M   M 1      27 210
22  51  25  38 -11  27   0 0.00  0.0    0  6.0 17 190   M    M   M        24 200
23  54  26  40 -10  25   0 0.01  0.0    0  4.6 18 190   M    M   M        23 190
24  50  33  42  -8  23   0 0.58    T    0  2.9 10 190   M    M   M 1      13 190
25  58  32  45  -5  20   0 0.04  0.0    0  4.0 16 190   M    M   M 13     19 190
26  61  32  47  -3  18   0 0.00  0.0    0  3.9  9  30   M    M   M 1      12  30
27  66  34  50   0  15   0 0.00  0.0    0  4.7 14 200   M    M   M 8      22 200
28  69  33  51   0  14   0 0.00  0.0    0  2.8 14  30   M    M   M        16  40
29  70  36  53   2  12   0    T  0.0    0  3.7 13 200   M    M   M        22 190
================================================================================
SM 1739  966       525   0  2.07    T    146.8          M        M
================================================================================
AV 60.0 33.3                               5.1 FASTST   M    M -nan   MAX(MPH)
                                 MISC ---->    36   M                 55    M
================================================================================
NOTES:
# LAST OF SEVERAL OCCURRENCES

COLUMN 17 PEAK WIND IN M.P.H.

PRELIMINARY LOCAL CLIMATOLOGICAL DATA (WS FORM: F-6) , PAGE 2

                                          STATION:  SOUTH LAKE TAHOE CA
                                          MONTH:    MAY
                                          YEAR:     2016
                                          LATITUDE:   38 53 N
                                          LONGITUDE: 119 60 W

[TEMPERATURE DATA]      [PRECIPITATION DATA]       SYMBOLS USED IN COLUMN 16

AVERAGE MONTHLY: 46.6   TOTAL FOR MONTH:   2.07    1 = FOG OR MIST
DPTR FM NORMAL:  -1.0   DPTR FM NORMAL:    1.05    2 = FOG REDUCING VISIBILITY
HIGHEST:    74 ON 13    GRTST 24HR  1.04 ON  5- 6      TO 1/4 MILE OR LESS
LOWEST:     25 ON 22                               3 = THUNDER
                        SNOW, ICE PELLETS, HAIL    4 = ICE PELLETS
                        TOTAL MONTH:    T          5 = HAIL
                        GRTST 24HR    T  ON 24-24  6 = FREEZING RAIN OR DRIZZLE
                        GRTST DEPTH:   0           7 = DUSTSTORM OR SANDSTORM:
                                                       VSBY 1/2 MILE OR LESS
                                                   8 = SMOKE OR HAZE
[NO. OF DAYS WITH]      [WEATHER - DAYS WITH]      9 = BLOWING SNOW
                                                   X = TORNADO
MAX 32 OR BELOW:   0    0.01 INCH OR MORE:   9
MAX 90 OR ABOVE:   0    0.10 INCH OR MORE:   4
MIN 32 OR BELOW:  12    0.50 INCH OR MORE:   2
MIN  0 OR BELOW:   0    1.00 INCH OR MORE:   0

[HDD (BASE 65) ]
TOTAL THIS MO.   525    CLEAR  (SCALE 0-3)   0
DPTR FM NORMAL    22    PTCLDY (SCALE 4-7)   0
TOTAL FM JUL 1  6669    CLOUDY (SCALE 8-10)  0
DPTR FM NORMAL  -724

[CDD (BASE 65) ]
TOTAL THIS MO.     0
DPTR FM NORMAL     0    [PRESSURE DATA]
TOTAL FM JAN 1     0    HIGHEST SLP M ON M
DPTR FM NORMAL     0    LOWEST  SLP 29.49 ON 20

[REMARKS]
