000
CXUS55 KREV 280843
CF6TVL
PRELIMINARY LOCAL CLIMATOLOGICAL DATA (WS FORM: F-6)

                                          STATION:   SOUTH LAKE TAHOE CA
                                          MONTH:     AUGUST
                                          YEAR:      2016
                                          LATITUDE:   38 53 N
                                          LONGITUDE: 119 60 W

  TEMPERATURE IN F:       :PCPN:    SNOW:  WIND      :SUNSHINE: SKY     :PK WND
================================================================================
1   2   3   4   5  6A  6B    7    8   9   10  11  12  13   14  15   16   17  18
                                     12Z  AVG MX 2MIN
DY MAX MIN AVG DEP HDD CDD  WTR  SNW DPTH SPD SPD DIR MIN PSBL S-S WX    SPD DR
================================================================================

 1  85  44  65   3   0   0 0.00  0.0    0  4.5 16 180   M    M   M        25 200
 2  84  44  64   2   1   0 0.00  0.0    0  4.5 17 190   M    M   M        27 200
 3  85  40  63   1   2   0 0.00  0.0    0  4.0 13  30   M    M   M        17 200
 4  84  41  63   1   2   0 0.00  0.0    0  6.1 18 190   M    M   M        23 190
 5  78  40  59  -3   6   0 0.00  0.0    0  5.5 24 190   M    M   M        31 210
 6  79  34  57  -5   8   0 0.00  0.0    0  5.2 13  30   M    M   M        23 210
 7  77  37  57  -5   8   0 0.00  0.0    0  4.6 14 190   M    M   M        23 360
 8  77  32  55  -6  10   0 0.00  0.0    0  5.1 20 200   M    M   M        27 190
 9  76  32  54  -7  11   0 0.00  0.0    0  4.4 14  30   M    M   M        20 190
10  76  34  55  -6  10   0 0.00  0.0    0  3.7 17 180   M    M   M        21 190
11  81  39  60  -1   5   0 0.00  0.0    0  3.5 12  20   M    M   M 8      16  20
12  85  42  64   3   1   0 0.00  0.0    0  3.4 13  30   M    M   M        18  30
13  86  42  64   3   1   0 0.00  0.0    0  3.8 18  30   M    M   M        26  30
14  84  41  63   2   2   0 0.00  0.0    0  4.0 18 190   M    M   M        25 210
15  83  43  63   2   2   0 0.00  0.0    0  3.1 15  30   M    M   M 8      19  30
16  86  43  65   5   0   0 0.00  0.0    0  4.1 15  20   M    M   M        25 160
17  85  43  64   4   1   0 0.00  0.0    0  3.3 13  30   M    M   M 8      18  40
18  85  44  65   5   0   0 0.00  0.0    0  3.3 21  30   M    M   M 38     30  30
19  88  44  66   6   0   1 0.00  0.0    0  4.1 16 190   M    M   M        19  10
20  87  45  66   6   0   1 0.00  0.0    0  3.7 13  30   M    M   M        16 360
21  84  51  68   8   0   3 0.00  0.0    0  3.8 18 190   M    M   M 3      23 210
22  77  48  63   3   2   0 0.04  0.0    0  2.1 14  30   M    M   M 3      20  10
23  80  41  61   2   4   0 0.00  0.0    0  3.9 17 200   M    M   M        24 200
24  80  36  58  -1   7   0 0.00  0.0    0  3.5 16 190   M    M   M        22 190
25  79  34  57  -2   8   0 0.00  0.0    0  3.5 14 190   M    M   M        20 210
26  78  38  58  -1   7   0 0.00  0.0    0  3.5 15  30   M    M   M        18 190
27  80  38  59   0   6   0 0.00  0.0    0  4.5 15 200   M    M   M        22 200
================================================================================
SM 2209 1090       104   5  0.04     0.0 108.7          M        M
================================================================================
AV 81.8 40.4                               4.0 FASTST   M    M -nan   MAX(MPH)
                                 MISC ---->  # 24 190               # 31  210
================================================================================
NOTES:
# LAST OF SEVERAL OCCURRENCES

COLUMN 17 PEAK WIND IN M.P.H.

PRELIMINARY LOCAL CLIMATOLOGICAL DATA (WS FORM: F-6) , PAGE 2

                                          STATION:  SOUTH LAKE TAHOE CA
                                          MONTH:    AUGUST
                                          YEAR:     2016
                                          LATITUDE:   38 53 N
                                          LONGITUDE: 119 60 W

[TEMPERATURE DATA]      [PRECIPITATION DATA]       SYMBOLS USED IN COLUMN 16

AVERAGE MONTHLY: 61.1   TOTAL FOR MONTH:   0.04    1 = FOG OR MIST
DPTR FM NORMAL:   0.5   DPTR FM NORMAL:   -0.38    2 = FOG REDUCING VISIBILITY
HIGHEST:    88 ON 19    GRTST 24HR  0.04 ON 22-22      TO 1/4 MILE OR LESS
LOWEST:     32 ON  9, 8                            3 = THUNDER
                        SNOW, ICE PELLETS, HAIL    4 = ICE PELLETS
                        TOTAL MONTH:   0.0 INCH    5 = HAIL
                        GRTST 24HR     0.0         6 = FREEZING RAIN OR DRIZZLE
                        GRTST DEPTH:   0           7 = DUSTSTORM OR SANDSTORM:
                                                       VSBY 1/2 MILE OR LESS
                                                   8 = SMOKE OR HAZE
[NO. OF DAYS WITH]      [WEATHER - DAYS WITH]      9 = BLOWING SNOW
                                                   X = TORNADO
MAX 32 OR BELOW:   0    0.01 INCH OR MORE:   1
MAX 90 OR ABOVE:   0    0.10 INCH OR MORE:   0
MIN 32 OR BELOW:   2    0.50 INCH OR MORE:   0
MIN  0 OR BELOW:   0    1.00 INCH OR MORE:   0

[HDD (BASE 65) ]
TOTAL THIS MO.   104    CLEAR  (SCALE 0-3)   0
DPTR FM NORMAL   -27    PTCLDY (SCALE 4-7)   0
TOTAL FM JUL 1   241    CLOUDY (SCALE 8-10)  0
DPTR FM NORMAL   -28

[CDD (BASE 65) ]
TOTAL THIS MO.     5
DPTR FM NORMAL    -2    [PRESSURE DATA]
TOTAL FM JAN 1    21    HIGHEST SLP M ON M
DPTR FM NORMAL    -5    LOWEST  SLP 29.89 ON M

[REMARKS]
