000
CXUS55 KREV 010923
CF6TVL

PRELIMINARY LOCAL CLIMATOLOGICAL DATA (WS FORM: F-6)

                                          STATION:   SOUTH LAKE TAHOE CA
                                          MONTH:     SEPTEMBER
                                          YEAR:      2016
                                          LATITUDE:   38 53 N
                                          LONGITUDE: 119 60 W

  TEMPERATURE IN F:       :PCPN:    SNOW:  WIND      :SUNSHINE: SKY     :PK WND
================================================================================
1   2   3   4   5  6A  6B    7    8   9   10  11  12  13   14  15   16   17  18
                                     12Z  AVG MX 2MIN
DY MAX MIN AVG DEP HDD CDD  WTR  SNW DPTH SPD SPD DIR MIN PSBL S-S WX    SPD DR
================================================================================

 1  76  39  58   0   7   0 0.00  0.0    0  5.0 18 200   M    M   M 8      31 200
 2  74  39  57   0   8   0 0.00  0.0    0  6.8 18 190   M    M   M        29 190
 3  71  39  55  -2  10   0 0.00  0.0    0  6.1 20 190   M    M   M        27 180
 4  66  40  53  -4  12   0 0.00  0.0    0  3.5 18 200   M    M   M        29 190
 5  69  30  50  -7  15   0 0.00  0.0    0  3.1 10  30   M    M   M        17  30
 6  75  31  53  -3  12   0 0.00  0.0    0  4.5 18 180   M    M   M        25 200
 7  79  33  56   0   9   0 0.00  0.0    0  4.1 14  30   M    M   M 8      18  30
 8  80  34  57   1   8   0 0.00  0.0    0  4.5 14  30   M    M   M        19  40
 9  79  39  59   3   6   0 0.00  0.0    0  2.8  7  30   M    M   M         9  35
10  84  38  61   5   4   0 0.00  0.0    0  3.8 10  40   M    M   M        21 220
11  79  39  59   4   6   0 0.00  0.0    0  4.9 13 200   M    M   M        22 210
12  68  45  57   2   8   0 0.00  0.0    0  6.9 23 190   M    M   M        34 190
13  60  36  48  -7  17   0 0.02  0.0    0  4.8 18 180   M    M   M        23 170
14  67  30  49  -6  16   0 0.00  0.0    0  3.0 12  40   M    M   M        18  40
15  71  32  52  -2  13   0 0.00  0.0    0  2.4 13  30   M    M   M        18  30
16  74  32  53  -1  12   0 0.00  0.0    0  2.7 13  30   M    M   M        19  30
17  79  32  56   2   9   0 0.00  0.0    0  3.8 12  30   M    M   M        16  40
18  82  35  59   5   6   0 0.00  0.0    0  3.4 17 200   M    M   M        24 200
19  78  39  59   6   6   0 0.00  0.0    0  5.7 20 200   M    M   M        27 240
20  76  44  60   7   5   0 0.00  0.0    0  6.6 22 190   M    M   M        31 180
21  64  45  55   2  10   0 0.07  0.0    0  9.9 26 190   M    M   M        36 180
22  53  31  42 -10  23   0    T  0.0    0  4.9 16 190   M    M   M        22 210
23  65  28  47  -5  18   0 0.00  0.0    0  3.7 13  50   M    M   M        19  40
24  72  30  51  -1  14   0 0.00  0.0    0  3.9 17  20   M    M   M        24  30
25  74  37  56   4   9   0 0.00  0.0    0  4.8 20  30   M    M   M        26  20
26  81  33  57   6   8   0 0.00  0.0    0  3.3 12  30   M    M   M        18  30
27  81  34  58   7   7   0 0.00  0.0    0  3.0 10  30   M    M   M        14  20
28  78  34  56   5   9   0 0.00  0.0    0  3.0 17 190   M    M   M        22 190
29  73  42  58   8   7   0 0.00  0.0    0  5.0 18 190   M    M   M        26 200
30  69  38  54   4  11   0 0.00  0.0    0  8.9 26 190   M    M   M        38 190
================================================================================
SM 2197 1078       305   0  0.09     0.0 138.8          M        M
================================================================================
AV 73.2 35.9                               4.6 FASTST   M    M -NAN   MAX(MPH)
                                 MISC ---->  # 26 190               # 38  190
================================================================================
NOTES:
# LAST OF SEVERAL OCCURRENCES

COLUMN 17 PEAK WIND IN M.P.H.

PRELIMINARY LOCAL CLIMATOLOGICAL DATA (WS FORM: F-6) , PAGE 2

                                          STATION:  SOUTH LAKE TAHOE CA
                                          MONTH:    SEPTEMBER
                                          YEAR:     2016
                                          LATITUDE:   38 53 N
                                          LONGITUDE: 119 60 W

[TEMPERATURE DATA]      [PRECIPITATION DATA]       SYMBOLS USED IN COLUMN 16

AVERAGE MONTHLY: 54.6   TOTAL FOR MONTH:   0.09    1 = FOG OR MIST
DPTR FM NORMAL:   0.6   DPTR FM NORMAL:   -0.58    2 = FOG REDUCING VISIBILITY
HIGHEST:    84 ON 10    GRTST 24HR  0.07 ON 21-21      TO 1/4 MILE OR LESS
LOWEST:     28 ON 23                               3 = THUNDER
                        SNOW, ICE PELLETS, HAIL    4 = ICE PELLETS
                        TOTAL MONTH:   0.0 INCH    5 = HAIL
                        GRTST 24HR     0.0         6 = FREEZING RAIN OR DRIZZLE
                        GRTST DEPTH:   0           7 = DUSTSTORM OR SANDSTORM:
                                                       VSBY 1/2 MILE OR LESS
                                                   8 = SMOKE OR HAZE
[NO. OF DAYS WITH]      [WEATHER - DAYS WITH]      9 = BLOWING SNOW
                                                   X = TORNADO
MAX 32 OR BELOW:   0    0.01 INCH OR MORE:   2
MAX 90 OR ABOVE:   0    0.10 INCH OR MORE:   0
MIN 32 OR BELOW:   9    0.50 INCH OR MORE:   0
MIN  0 OR BELOW:   0    1.00 INCH OR MORE:   0

[HDD (BASE 65) ]
TOTAL THIS MO.   305    CLEAR  (SCALE 0-3)   0
DPTR FM NORMAL   -25    PTCLDY (SCALE 4-7)   0
TOTAL FM JUL 1   558    CLOUDY (SCALE 8-10)  0
DPTR FM NORMAL   -68

[CDD (BASE 65) ]
TOTAL THIS MO.     0
DPTR FM NORMAL    -1    [PRESSURE DATA]
TOTAL FM JAN 1    21    HIGHEST SLP M ON M
DPTR FM NORMAL   -10    LOWEST  SLP 29.65 ON  3

[REMARKS]

THE AVERAGE TEMPERATURE FOR SEPTEMBER 2016 AT SOUTH LAKE TAHOE WAS
54.6 DEGREES WHICH IS 0.6 DEGREES ABOVE NORMAL. THE HIGHEST
TEMPERATURE FOR SEPTEMBER WAS 84 DEGREES WHICH OCCURRED ON THE 10TH.
THE LOWEST TEMPERATURE FOR THE MONTH WAS 28 DEGREES WHICH WAS
RECORDED ON THE 23RD.

FOR SEPTEMBER 2016 0.09 INCHES OF PRECIPITATION WAS RECORDED AT
SOUTH LAKE TAHOE. THIS IS 0.58 INCHES BELOW NORMAL.

NO SNOWFALL WAS REPORTED FOR THE MONTH AT SOUTH LAKE TAHOE.

THE AVERAGE WIND SPEED FOR THE MONTH WAS 4.6 MPH. THE PEAK WIND GUST
FOR THE MONTH WAS 38 MPH FROM THE SOUTH WHICH OCCURRED ON THE 30TH.

#FINAL-09-16#
