000
CXUS54 KJAN 281200
CF6TVR
PRELIMINARY LOCAL CLIMATOLOGICAL DATA (WS FORM: F-6)

                                          STATION:   VICKSBURG
                                          MONTH:     JANUARY
                                          YEAR:      2015
                                          LATITUDE:   32 20 N
                                          LONGITUDE:  91  2 W

  TEMPERATURE IN F:       :PCPN:    SNOW:  WIND      :SUNSHINE: SKY     :PK WND
================================================================================
1   2   3   4   5  6A  6B    7    8   9   10  11  12  13   14  15   16   17  18
                                     12Z  AVG MX 2MIN
DY MAX MIN AVG DEP HDD CDD  WTR  SNW DPTH SPD SPD DIR MIN PSBL S-S WX    SPD DR
================================================================================

 1  44  34  39  -7  26   0 1.77    M    0  7.2 18  30   M    M   7 1      21 120
 2  59  45  52   6  13   0 0.24  0.0    0  7.4 16 120   M    M  10 1      20 130
 3  66  54  60  15   5   0 1.40  0.0    0  7.6 16 290   M    M   9 13     23 270
 4  54  35  45   0  20   0 0.00  0.0    0  6.8 21  10   M    M   5        25  10
 5  45  29  37  -8  28   0 0.00  0.0    0  7.6 20  20   M    M   0 1      23  10
 6  57  27  42  -3  23   0 0.00  0.0    0  3.9 13  20   M    M   0 1      17  30
 7  45  21  33 -12  32   0 0.00  0.0    0 16.1 33  20   M    M   0        39  10
 8  33  15  24 -21  41   0 0.00  0.0    0  5.6 26  30   M    M   0        33  30
 9  40  29  35 -10  30   0 0.00  0.0    0  7.2 17  30   M    M   9        23  20
10  44  28  36  -9  29   0 0.00  0.0    0  7.1 17  30   M    M   5        21  30
11  57  38  48   3  17   0 0.08  0.0    0  7.0 17 140   M    M  10 1      22 140
12  58  39  49   4  16   0 0.81  0.0    0 10.0 23  10   M    M   9 1      25  10
13  39  32  36  -9  29   0 0.00  0.0    0 14.1 21  10   M    M  10 1      26 360
14  39  32  36  -9  29   0 0.00  0.0    0  6.8 14  10   M    M   8 1      16 360
15  47  28  38  -7  27   0 0.09  0.0    0  3.0  9  20   M    M   7 1      12 350
16  56  23  40  -5  25   0 0.00  0.0    0  0.8  7 160   M    M   1 12      9 300
17  62  28  45   0  20   0 0.00  0.0    0  4.6 18 180   M    M   0        22 180
18  66  32  49   4  16   0 0.00  0.0    0  3.3 10 300   M    M   0 1      16 360
19  68  31  50   5  15   0 0.00  0.0    0  4.9 13 170   M    M   0        16 220
20  67  36  52   7  13   0 0.00  0.0    0  4.4 10  10   M    M   2        14 270
21  65  39  52   7  13   0 0.00  0.0    0  7.2 14  50   M    M   1        18  50
22  53  41  47   1  18   0 0.93  0.0    0 13.4 28  40   M    M  10 1      34  20
23  42  36  39  -7  26   0 0.25    M    0 11.1 25  10   M    M  10 1      32  20
24  57  30  44  -2  21   0 0.00  0.0    0  3.7 14 280   M    M   0 1      18 290
25  68  39  54   8  11   0 0.00  0.0    0  8.1 20 270   M    M   2        28 260
26  56  39  48   2  17   0 0.00  0.0    0  5.8 15 350   M    M   3        22 350
27  69  33  51   5  14   0 0.00  0.0    0  4.0 14  20   M    M   0        17  10
================================================================================
SM 1456  893       574   0  5.57     0.0 188.7          M      118
================================================================================
AV 53.9 33.1                               7.0 FASTST   M    M   4    MAX(MPH)
                                 MISC ---->  # 33  20               # 39   10
================================================================================
NOTES:
# LAST OF SEVERAL OCCURRENCES

COLUMN 17 PEAK WIND IN M.P.H.

PRELIMINARY LOCAL CLIMATOLOGICAL DATA (WS FORM: F-6) , PAGE 2

                                          STATION:  VICKSBURG
                                          MONTH:    JANUARY
                                          YEAR:     2015
                                          LATITUDE:   32 20 N
                                          LONGITUDE:  91  2 W

[TEMPERATURE DATA]      [PRECIPITATION DATA]       SYMBOLS USED IN COLUMN 16

AVERAGE MONTHLY: 43.5   TOTAL FOR MONTH:   5.57    1 = FOG OR MIST
DPTR FM NORMAL:  -1.8   DPTR FM NORMAL:    1.24    2 = FOG REDUCING VISIBILITY
HIGHEST:    69 ON 27    GRTST 24HR  1.95 ON  1- 2      TO 1/4 MILE OR LESS
LOWEST:     15 ON  8                               3 = THUNDER
                        SNOW, ICE PELLETS, HAIL    4 = ICE PELLETS
                        TOTAL MONTH:   0.0 INCH    5 = HAIL
                        GRTST 24HR     0.0         6 = FREEZING RAIN OR DRIZZLE
                        GRTST DEPTH:   0           7 = DUSTSTORM OR SANDSTORM:
                                                       VSBY 1/2 MILE OR LESS
                                                   8 = SMOKE OR HAZE
[NO. OF DAYS WITH]      [WEATHER - DAYS WITH]      9 = BLOWING SNOW
                                                   X = TORNADO
MAX 32 OR BELOW:   0    0.01 INCH OR MORE:   8
MAX 90 OR ABOVE:   0    0.10 INCH OR MORE:   6
MIN 32 OR BELOW:  14    0.50 INCH OR MORE:   4
MIN  0 OR BELOW:   0    1.00 INCH OR MORE:   2

[HDD (BASE 65) ]
TOTAL THIS MO.   574    CLEAR  (SCALE 0-3)  14
DPTR FM NORMAL    40    PTCLDY (SCALE 4-7)   4
TOTAL FM JUL 1  1574    CLOUDY (SCALE 8-10)  9
DPTR FM NORMAL   103

[CDD (BASE 65) ]
TOTAL THIS MO.     0
DPTR FM NORMAL     0    [PRESSURE DATA]
TOTAL FM JAN 1     0    HIGHEST SLP M ON M
DPTR FM NORMAL     0    LOWEST  SLP 29.74 ON 25

[REMARKS]
