000
CXUS54 KJAN 291414
CF6TVR
PRELIMINARY LOCAL CLIMATOLOGICAL DATA (WS FORM: F-6)

                                          STATION:   VICKSBURG
                                          MONTH:     JULY
                                          YEAR:      2016
                                          LATITUDE:   32 20 N
                                          LONGITUDE:  91  2 W

  TEMPERATURE IN F:       :PCPN:    SNOW:  WIND      :SUNSHINE: SKY     :PK WND
================================================================================
1   2   3   4   5  6A  6B    7    8   9   10  11  12  13   14  15   16   17  18
                                     12Z  AVG MX 2MIN
DY MAX MIN AVG DEP HDD CDD  WTR  SNW DPTH SPD SPD DIR MIN PSBL S-S WX    SPD DR
================================================================================

 1  96  67  82   1   0  17 0.00  0.0    0  1.2  8 360   M    M   0 1      10  10
 2  96  73  85   4   0  20 0.00  0.0    0  0.9  7 170   M    M   0 1      10 180
 3  94  74  84   3   0  19 0.00  0.0    0  5.1 14 180   M    M   1 1      18 180
 4  93  77  85   4   0  20 1.28  0.0    0  5.3 20 290   M    M   2 138    27 300
 5  92  78  85   4   0  20 0.10  0.0    0  5.2 13 180   M    M   2 13     18 260
 6  93  80  87   6   0  22 0.00  0.0    0  6.1 14 180   M    M   2        19 180
 7  94  77  86   5   0  21 0.00  0.0    0  5.4 14 180   M    M   2 1      20 190
 8  94  76  85   4   0  20 0.00  0.0    0  2.8  8 180   M    M   2 1      13 170
 9  95  76  86   5   0  21    T  0.0    0  3.5 14 130   M    M   1 13     20 130
10  95  74  85   4   0  20 0.00  0.0    0  4.6 25  30   M    M   2 3      31  40
11  94  73  84   3   0  19 0.00  0.0    0  5.0 15 170   M    M   0        19 180
12  95  70  83   2   0  18 0.00  0.0    0  4.5 13 170   M    M   1        16 170
13  96  75  86   5   0  21 0.00  0.0    0  4.6 13 220   M    M   1 3      25 230
14  95  72  84   2   0  19 0.09  0.0    0  4.9 20 140   M    M   1 13     35 310
15  92  72  82   0   0  17 0.00  0.0    0  1.5  9  50   M    M   2        12  40
16  96  71  84   2   0  19 0.00  0.0    0  1.6  9 180   M    M   1        12 180
17  95  72  84   2   0  19 0.00  0.0    0  2.9 13 160   M    M   2 13     17 140
18  97  74  86   4   0  21    T  0.0    0  2.8 12 150   M    M   0        13 140
19  98  73  86   4   0  21 0.00  0.0    0  1.9  9  50   M    M   0 1      12 140
20  99  75  87   5   0  22    T  0.0    0  2.3  8 150   M    M   1 1      10  40
21  99  76  88   6   0  23 0.00  0.0    0  2.2  9 160   M    M   0 1      13 120
22 101  76  89   7   0  24 0.18  0.0    0  1.9 21 130   M    M   0 13     26 130
23  98  74  86   4   0  21 0.00  0.0    0  4.0 22  50   M    M   0 13     28  60
24  87  75  81  -1   0  16 0.16  0.0    0  2.3 14  30   M    M   2 13     17  30
25  96  74  85   3   0  20 0.00  0.0    0  3.8 20 160   M    M   1 1      24 170
26  96  73  85   3   0  20 0.10  0.0    0  4.8 21  60   M    M   1 3      26  70
27  85  75  80  -2   0  15 0.86  0.0    0  3.4 13 180   M    M   6 13     18 170
28  80  73  77  -5   0  12 1.45  0.0    0  2.6 13 310   M    M   6 13     20 310
================================================================================
SM 2641 2075         0 547  4.22     0.0  97.1          M       39
================================================================================
AV 94.3 74.1                               3.5 FASTST   M    M   1    MAX(MPH)
                                 MISC ---->  # 25  30               # 35  310
================================================================================
NOTES:
# LAST OF SEVERAL OCCURRENCES

COLUMN 17 PEAK WIND IN M.P.H.

PRELIMINARY LOCAL CLIMATOLOGICAL DATA (WS FORM: F-6) , PAGE 2

                                          STATION:  VICKSBURG
                                          MONTH:    JULY
                                          YEAR:     2016
                                          LATITUDE:   32 20 N
                                          LONGITUDE:  91  2 W

[TEMPERATURE DATA]      [PRECIPITATION DATA]       SYMBOLS USED IN COLUMN 16

AVERAGE MONTHLY: 84.2   TOTAL FOR MONTH:   4.22    1 = FOG OR MIST
DPTR FM NORMAL:   2.7   DPTR FM NORMAL:    0.92    2 = FOG REDUCING VISIBILITY
HIGHEST:   101 ON 22    GRTST 24HR  2.28 ON 27-28      TO 1/4 MILE OR LESS
LOWEST:     67 ON  1                               3 = THUNDER
                        SNOW, ICE PELLETS, HAIL    4 = ICE PELLETS
                        TOTAL MONTH:   0.0 INCH    5 = HAIL
                        GRTST 24HR     0.0         6 = FREEZING RAIN OR DRIZZLE
                        GRTST DEPTH:   0           7 = DUSTSTORM OR SANDSTORM:
                                                       VSBY 1/2 MILE OR LESS
                                                   8 = SMOKE OR HAZE
[NO. OF DAYS WITH]      [WEATHER - DAYS WITH]      9 = BLOWING SNOW
                                                   X = TORNADO
MAX 32 OR BELOW:   0    0.01 INCH OR MORE:   8
MAX 90 OR ABOVE:  25    0.10 INCH OR MORE:   7
MIN 32 OR BELOW:   0    0.50 INCH OR MORE:   3
MIN  0 OR BELOW:   0    1.00 INCH OR MORE:   2

[HDD (BASE 65) ]
TOTAL THIS MO.     0    CLEAR  (SCALE 0-3)  26
DPTR FM NORMAL     0    PTCLDY (SCALE 4-7)   2
TOTAL FM JUL 1     0    CLOUDY (SCALE 8-10)  0
DPTR FM NORMAL     0

[CDD (BASE 65) ]
TOTAL THIS MO.   547
DPTR FM NORMAL    85    [PRESSURE DATA]
TOTAL FM JAN 1  1581    HIGHEST SLP M ON M
DPTR FM NORMAL   331    LOWEST  SLP 29.87 ON 26

[REMARKS]
