179
CXUS54 KSHV 241300
CF6TXK
PRELIMINARY LOCAL CLIMATOLOGICAL DATA (WS FORM: F-6)

                                          STATION:   TEXARKANA
                                          MONTH:     SEPTEMBER
                                          YEAR:      2016
                                          LATITUDE:   33 27 N
                                          LONGITUDE:  94  0 W

  TEMPERATURE IN F:       :PCPN:    SNOW:  WIND      :SUNSHINE: SKY     :PK WND
================================================================================
1   2   3   4   5  6A  6B    7    8   9   10  11  12  13   14  15   16   17  18
                                     12Z  AVG MX 2MIN
DY MAX MIN AVG DEP HDD CDD  WTR  SNW DPTH SPD SPD DIR MIN PSBL S-S WX    SPD DR
================================================================================

 1  91  73  82   2   0  17 0.27  0.0    0  5.6 20 360   M    M   2 138    29  10
 2  85  65  75  -4   0  10 0.00  0.0    0  5.3 13  40   M    M   1 1      17  40
 3  84  60  72  -7   0   7 0.00  0.0    0  3.1  9  40   M    M   0        13  50
 4  89  63  76  -3   0  11 0.00  0.0    0  4.1 10 160   M    M   1 1      12 150
 5  91  73  82   4   0  17 0.00  0.0    0  6.1 12 200   M    M   1 1      16 140
 6  91  75  83   5   0  18 0.00  0.0    0  6.6 10 200   M    M   4 18     14 200
 7  91  75  83   5   0  18 0.00  0.0    0  6.7 13 200   M    M   0 1      16 210
 8  92  75  84   6   0  19 0.00  0.0    0  7.9 17 210   M    M   1 18     22 220
 9  91  75  83   6   0  18    T  0.0    0  7.7 14 200   M    M   0 1      18 160
10  87  72  80   3   0  15    T  0.0    0  6.7 18 350   M    M   5        24 350
11  85  63  74  -2   0   9 0.00  0.0    0  4.1 13  60   M    M   1        17  60
12  90  66  78   2   0  13 0.00  0.0    0  4.2 10 160   M    M   4        14 160
13  90  69  80   4   0  15 0.02  0.0    0  2.6 10  50   M    M   1 1      15  40
14  92  71  82   6   0  17 0.00  0.0    0  3.5  9 110   M    M   0 1      12 110
15  92  71  82   7   0  17 0.00  0.0    0  4.3 13 150   M    M   0 1      16 150
16  92  72  82   7   0  17 0.00  0.0    0  5.3 14 150   M    M   1 1      20 140
17  93  72  83   9   0  18 0.06  0.0    0  3.4 12 350   M    M   4 123    17 190
18  90  70  80   6   0  15 0.15  0.0    0  5.0 15 280   M    M   1 13     21 290
19  92  69  81   7   0  16 0.00  0.0    0  2.7  8 110   M    M   1 1      13 120
20  91  69  80   7   0  15 0.00  0.0    0  3.2  9  40   M    M   2 1      14  60
21  92  66  79   6   0  14 0.00  0.0    0  3.4 10  20   M    M   0 18     13  10
22  92  65  79   6   0  14 0.00  0.0    0  3.3  9 150   M    M   0 18     13 210
23  93  69  81   9   0  16 0.00  0.0    0  5.2 13 170   M    M   1 18     17 150
================================================================================
SM 2076 1598         0 346  0.50     0.0 110.0          M       31
================================================================================
AV 90.3 69.5                               4.8 FASTST   M    M   1    MAX(MPH)
                                 MISC ---->  # 20 360               # 29   10
================================================================================
NOTES:
# LAST OF SEVERAL OCCURRENCES

COLUMN 17 PEAK WIND IN M.P.H.

PRELIMINARY LOCAL CLIMATOLOGICAL DATA (WS FORM: F-6) , PAGE 2

                                          STATION:  TEXARKANA
                                          MONTH:    SEPTEMBER
                                          YEAR:     2016
                                          LATITUDE:   33 27 N
                                          LONGITUDE:  94  0 W

[TEMPERATURE DATA]      [PRECIPITATION DATA]       SYMBOLS USED IN COLUMN 16

AVERAGE MONTHLY: 79.9   TOTAL FOR MONTH:   0.50    1 = FOG OR MIST
DPTR FM NORMAL:   3.8   DPTR FM NORMAL:   -2.09    2 = FOG REDUCING VISIBILITY
HIGHEST:    93 ON 23,17 GRTST 24HR  0.27 ON  1- 1      TO 1/4 MILE OR LESS
LOWEST:     60 ON  3                               3 = THUNDER
                        SNOW, ICE PELLETS, HAIL    4 = ICE PELLETS
                        TOTAL MONTH:   0.0 INCH    5 = HAIL
                        GRTST 24HR     0.0         6 = FREEZING RAIN OR DRIZZLE
                        GRTST DEPTH:   0           7 = DUSTSTORM OR SANDSTORM:
                                                       VSBY 1/2 MILE OR LESS
                                                   8 = SMOKE OR HAZE
[NO. OF DAYS WITH]      [WEATHER - DAYS WITH]      9 = BLOWING SNOW
                                                   X = TORNADO
MAX 32 OR BELOW:   0    0.01 INCH OR MORE:   4
MAX 90 OR ABOVE:  18    0.10 INCH OR MORE:   2
MIN 32 OR BELOW:   0    0.50 INCH OR MORE:   0
MIN  0 OR BELOW:   0    1.00 INCH OR MORE:   0

[HDD (BASE 65) ]
TOTAL THIS MO.     0    CLEAR  (SCALE 0-3)  19
DPTR FM NORMAL    -2    PTCLDY (SCALE 4-7)   4
TOTAL FM JUL 1     0    CLOUDY (SCALE 8-10)  0
DPTR FM NORMAL    -2

[CDD (BASE 65) ]
TOTAL THIS MO.   346
DPTR FM NORMAL    87    [PRESSURE DATA]
TOTAL FM JAN 1  2286    HIGHEST SLP M ON M
DPTR FM NORMAL   239    LOWEST  SLP 29.86 ON  1

[REMARKS]
