000
CXUS54 KMRX 181000
CF6TYS
PRELIMINARY LOCAL CLIMATOLOGICAL DATA (WS FORM: F-6)

                                          STATION:   KNOXVILLE    ASOS
                                          MONTH:     DECEMBER
                                          YEAR:      2014
                                          LATITUDE:   35 49 N
                                          LONGITUDE:  83 59 W

  TEMPERATURE IN F:       :PCPN:    SNOW:  WIND      :SUNSHINE: SKY     :PK WND
================================================================================
1   2   3   4   5  6A  6B    7    8   9   10  11  12  13   14  15   16   17  18
                                     12Z  AVG MX 2MIN
DY MAX MIN AVG DEP HDD CDD  WTR  SNW DPTH SPD SPD DIR MIN PSBL S-S WX    SPD DR
================================================================================

 1  64  46  55  11  10   0 0.13  0.0    0  8.0 18 210   M    M   M 1      24 220
 2  59  48  54  10  11   0 0.47  0.0    0  3.4 10 240   M    M   M 1      12 230
 3  62  43  53   9  12   0    T  0.0    0  9.3 17 230   M    M   M 12     22 230
 4  55  41  48   5  17   0 0.01  0.0    0  3.0  8 350   M    M   M        10 360
 5  60  49  55  12  10   0    T  0.0    0  1.3  8 290   M    M   M 1       9 290
 6  58  43  51   8  14   0 0.79  0.0    0  8.1 23 330   M    M   M 18     32 330
 7  48  37  43   1  22   0    T  0.0    0 11.7 22  20   M    M   7        26  20
 8  51  35  43   1  22   0 0.00  0.0    M  1.8  7 220   M    M   M 1       9  70
 9  45  38  42   0  23   0    T  0.0    0  7.3 17 350   M    M  10        21 350
10  41  36  39  -3  26   0 0.00  0.0    0  6.9 15 360   M    M  10        20  10
11  42  27  35  -7  30   0 0.00  0.0    0  4.4 12 350   M    M   M        17  10
12  51  22  37  -4  28   0 0.00  0.0    0  2.2  8  10   M    M   M        12  20
13  46  23  35  -6  30   0 0.00  0.0    0  2.9 12 360   M    M   M 18     14  40
14  38  25  32  -9  33   0 0.00  0.0    0  6.7 14  40   M    M   M 1      17  70
15  50  24  37  -4  28   0 0.03    M    0  2.6 10  20   M    M   5 1238   11  20
16  52  41  47   7  18   0 0.36  0.0    M  9.0 21 240   M    M  10 123    28 260
17  45  33  39  -1  26   0 0.00  0.0    0  3.9 12 280   M    M  10        13 280
================================================================================
SM  867  611       360   0  1.79     0.0  92.5          M       52
================================================================================
AV 51.0 35.9                               5.4 FASTST   M    M   9    MAX(MPH)
                                 MISC ---->  # 23 330               # 32  330
================================================================================
NOTES:
# LAST OF SEVERAL OCCURRENCES

COLUMN 17 PEAK WIND IN M.P.H.

PRELIMINARY LOCAL CLIMATOLOGICAL DATA (WS FORM: F-6) , PAGE 2

                                          STATION:  KNOXVILLE    ASOS
                                          MONTH:    DECEMBER
                                          YEAR:     2014
                                          LATITUDE:   35 49 N
                                          LONGITUDE:  83 59 W

[TEMPERATURE DATA]      [PRECIPITATION DATA]       SYMBOLS USED IN COLUMN 16

AVERAGE MONTHLY: 43.5   TOTAL FOR MONTH:   1.79    1 = FOG OR MIST
DPTR FM NORMAL:   1.4   DPTR FM NORMAL:   -0.79    2 = FOG REDUCING VISIBILITY
HIGHEST:    64 ON  1    GRTST 24HR  0.79 ON  6- 6      TO 1/4 MILE OR LESS
LOWEST:     22 ON 12                               3 = THUNDER
                        SNOW, ICE PELLETS, HAIL    4 = ICE PELLETS
                        TOTAL MONTH:   0.0 INCH    5 = HAIL
                        GRTST 24HR     0.0         6 = FREEZING RAIN OR DRIZZLE
                        GRTST DEPTH:   0           7 = DUSTSTORM OR SANDSTORM:
                                                       VSBY 1/2 MILE OR LESS
                                                   8 = SMOKE OR HAZE
[NO. OF DAYS WITH]      [WEATHER - DAYS WITH]      9 = BLOWING SNOW
                                                   X = TORNADO
MAX 32 OR BELOW:   0    0.01 INCH OR MORE:   6
MAX 90 OR ABOVE:   0    0.10 INCH OR MORE:   4
MIN 32 OR BELOW:   5    0.50 INCH OR MORE:   1
MIN  0 OR BELOW:   0    1.00 INCH OR MORE:   0

[HDD (BASE 65) ]
TOTAL THIS MO.   360    CLEAR  (SCALE 0-3)   0
DPTR FM NORMAL   -30    PTCLDY (SCALE 4-7)   2
TOTAL FM JUL 1  1186    CLOUDY (SCALE 8-10)  4
DPTR FM NORMAL   115

[CDD (BASE 65) ]
TOTAL THIS MO.     0
DPTR FM NORMAL     0    [PRESSURE DATA]
TOTAL FM JAN 1  1486    HIGHEST SLP M ON M
DPTR FM NORMAL   -40    LOWEST  SLP 29.87 ON 16

[REMARKS]
