000
CXUS56 KPQR 291200
CF6UAO
PRELIMINARY LOCAL CLIMATOLOGICAL DATA (WS FORM: F-6)

                                          STATION:   AURORA STATE OR
                                          MONTH:     AUGUST
                                          YEAR:      2016
                                          LATITUDE:   45 15 N
                                          LONGITUDE: 122 46 W

  TEMPERATURE IN F:       :PCPN:    SNOW:  WIND      :SUNSHINE: SKY     :PK WND
================================================================================
1   2   3   4   5  6A  6B    7    8   9   10  11  12  13   14  15   16   17  18
                                     12Z  AVG MX 2MIN
DY MAX MIN AVG DEP HDD CDD  WTR  SNW DPTH SPD SPD DIR MIN PSBL S-S WX    SPD DR
================================================================================

 1  82  51  67  -2   0   2 0.00  0.0    0  5.1 12 350   M    M   2        15 330
 2  75  54  65  -4   0   0 0.00  0.0    0  5.4 12 350   M    M   6        16 320
 3  80  51  66  -3   0   1 0.00  0.0    0  6.9 18  30   M    M   1        22  20
 4  92  59  76   7   0  11 0.00  0.0    0  8.8 17 360   M    M   0        22 360
 5  83  56  70   1   0   5 0.00  0.0    0  7.7 17 350   M    M   0        24 350
 6  78  49  64  -5   1   0 0.00  0.0    0  4.2 12  30   M    M   1        15  40
 7  72  52  62  -7   3   0 0.00  0.0    0  4.6 16 180   M    M   6        20 210
 8  68  54  61  -8   4   0 0.01  0.0    0  2.6 10 230   M    M   8 8      15 250
 9  69  57  63  -6   2   0    T  0.0    0  3.2 10 180   M    M  10 18     14 180
10  79  58  69   0   0   4 0.00  0.0    0  4.7 15  30   M    M   5        18  30
11  89  55  72   3   0   7 0.00  0.0    0  4.6 12  20   M    M   1 8      14  10
12  97  60  79  10   0  14 0.00  0.0    0  2.3  9  20   M    M   0        13  30
13  94  61  78   9   0  13 0.00  0.0    0  3.2 14  20   M    M   3 1      16  10
14  91  61  76   7   0  11 0.00  0.0    0  5.5 16  10   M    M   0        22  10
15  88  57  73   5   0   8 0.00  0.0    0  4.6 14 340   M    M   0        21 330
16  87  57  72   4   0   7 0.00  0.0    0  6.2 14  10   M    M   1        20 340
17  84  55  70   2   0   5 0.00  0.0    0  4.7 12  30   M    M   0        14  30
18 101  59  80  12   0  15 0.00  0.0    0  7.6 20  10   M    M   0        26  10
19 101  67  84  16   0  19 0.00  0.0    0 11.1 21  10   M    M   0        26  20
20  99  60  80  12   0  15 0.00  0.0    0  4.8 10 360   M    M   0        14 250
21  85  52  69   1   0   4 0.00  0.0    0  5.4 20 350   M    M   0        25 340
22  75  50  63  -5   2   0 0.00  0.0    0  6.5 17  20   M    M   2        22  20
23  85  48  67  -1   0   2 0.00  0.0    0  3.9 10 360   M    M   0        14 360
24  92  54  73   5   0   8 0.00  0.0    0  7.8 17 360   M    M   0        24  20
25  95  63  79  12   0  14 0.00  0.0    0  9.2 18  10   M    M   0        23  40
26  96  62  79  12   0  14 0.00  0.0    0  5.7 14  20   M    M   0        22  10
27  83  58  71   4   0   6 0.00  0.0    0  6.1 15 350   M    M   1        21 350
28  86  53  70   3   0   5 0.00  0.0    0  2.1  8 240   M    M   0 8      11 250
================================================================================
SM 2406 1573        12 190  0.01     0.0 154.5          M       47
================================================================================
AV 85.9 56.2                               5.5 FASTST   M    M   2    MAX(MPH)
                                 MISC ---->  # 21  10               # 26   10
================================================================================
NOTES:
# LAST OF SEVERAL OCCURRENCES

COLUMN 17 PEAK WIND IN M.P.H.

PRELIMINARY LOCAL CLIMATOLOGICAL DATA (WS FORM: F-6) , PAGE 2

                                          STATION:  AURORA STATE OR
                                          MONTH:    AUGUST
                                          YEAR:     2016
                                          LATITUDE:   45 15 N
                                          LONGITUDE: 122 46 W

[TEMPERATURE DATA]      [PRECIPITATION DATA]       SYMBOLS USED IN COLUMN 16

AVERAGE MONTHLY: 71.1   TOTAL FOR MONTH:   0.01    1 = FOG OR MIST
DPTR FM NORMAL:   2.7   DPTR FM NORMAL:   -0.55    2 = FOG REDUCING VISIBILITY
HIGHEST:   101 ON 19,18 GRTST 24HR  0.01 ON  8- 8      TO 1/4 MILE OR LESS
LOWEST:     48 ON 23                               3 = THUNDER
                        SNOW, ICE PELLETS, HAIL    4 = ICE PELLETS
                        TOTAL MONTH:   0.0 INCH    5 = HAIL
                        GRTST 24HR     0.0         6 = FREEZING RAIN OR DRIZZLE
                        GRTST DEPTH:   0           7 = DUSTSTORM OR SANDSTORM:
                                                       VSBY 1/2 MILE OR LESS
                                                   8 = SMOKE OR HAZE
[NO. OF DAYS WITH]      [WEATHER - DAYS WITH]      9 = BLOWING SNOW
                                                   X = TORNADO
MAX 32 OR BELOW:   0    0.01 INCH OR MORE:   1
MAX 90 OR ABOVE:  10    0.10 INCH OR MORE:   0
MIN 32 OR BELOW:   0    0.50 INCH OR MORE:   0
MIN  0 OR BELOW:   0    1.00 INCH OR MORE:   0

[HDD (BASE 65) ]
TOTAL THIS MO.    12    CLEAR  (SCALE 0-3)  23
DPTR FM NORMAL    -9    PTCLDY (SCALE 4-7)   3
TOTAL FM JUL 1    26    CLOUDY (SCALE 8-10)  2
DPTR FM NORMAL   -20

[CDD (BASE 65) ]
TOTAL THIS MO.   190
DPTR FM NORMAL    74    [PRESSURE DATA]
TOTAL FM JAN 1   376    HIGHEST SLP M ON M
DPTR FM NORMAL    93    LOWEST  SLP 29.76 ON 20

[REMARKS]
