222
CXUS56 KPQR 201200
CF6UAO
PRELIMINARY LOCAL CLIMATOLOGICAL DATA (WS FORM: F-6)

                                          STATION:   AURORA STATE OR
                                          MONTH:     FEBRUARY
                                          YEAR:      2018
                                          LATITUDE:   45 15 N
                                          LONGITUDE: 122 46 W

  TEMPERATURE IN F:       :PCPN:    SNOW:  WIND      :SUNSHINE: SKY     :PK WND
================================================================================
1   2   3   4   5  6A  6B    7    8   9   10  11  12  13   14  15   16   17  18
                                     12Z  AVG MX 2MIN
DY MAX MIN AVG DEP HDD CDD  WTR  SNW DPTH SPD SPD DIR MIN PSBL S-S WX    SPD DR
================================================================================

 1  53  43  48   5  17   0 0.15    M    0  3.0 13 200   M    M  10 1      17 190
 2  59  47  53  10  12   0 0.01    M    0  7.0 16 190   M    M   7 1      24 200
 3  58  48  53  10  12   0 0.02    M    0  5.4 16 190   M    M   9        24 190
 4  59  50  55  12  10   0 0.00  0.0    0  6.5 14 180   M    M   9        19 180
 5  59  40  50   7  15   0 0.00  0.0    0  5.2 12 230   M    M   3        16 250
 6  53  36  45   2  20   0 0.00  0.0    0  0.3  5  70   M    M   7 12      7 230
 7  55  38  47   4  18   0 0.00  0.0    0  0.8  6 130   M    M   4 12     10 120
 8  59  40  50   7  15   0 0.00  0.0    0  2.4  8 210   M    M   7 128    12 220
 9  52  44  48   5  17   0 0.00  0.0    0  4.4 12 360   M    M   8        15  20
10  51  35  43   0  22   0 0.00  0.0    0  3.6 13  10   M    M   4 1      15  10
11  49  35  42  -2  23   0    T  0.0    0  1.8  9 170   M    M   7 18     12 180
12  49  31  40  -4  25   0 0.00  0.0    0  8.1 16 360   M    M   1        19 360
13  50  25  38  -6  27   0 0.00  0.0    0  1.6  8 120   M    M   2 8       9 120
14  50  35  43  -1  22   0 0.34    M    0  5.5 15 170   M    M   9 1      21 180
15  50  38  44   0  21   0    T    M    0  3.6 12 180   M    M   9        15 290
16  50  41  46   2  19   0 0.05    M    0 10.5 20 180   M    M  10 1      25 180
17  53  41  47   3  18   0 0.16    M    0 15.7 28 180   M    M   9 1      38 240
18  42  33  38  -6  27   0 0.22    M    0  8.6 18 190   M    M   8 1      25 250
19  40  31  36  -8  29   0    T    M    M  6.7 16  10   M    M   8 1      20  10
================================================================================
SM  991  731       369   0  0.95     0.0 100.7          M      131
================================================================================
AV 52.2 38.5                               5.3 FASTST   M    M   7    MAX(MPH)
                                 MISC ---->  # 28 180               # 38  240
================================================================================
NOTES:
# LAST OF SEVERAL OCCURRENCES

COLUMN 17 PEAK WIND IN M.P.H.

PRELIMINARY LOCAL CLIMATOLOGICAL DATA (WS FORM: F-6) , PAGE 2

                                          STATION:  AURORA STATE OR
                                          MONTH:    FEBRUARY
                                          YEAR:     2018
                                          LATITUDE:   45 15 N
                                          LONGITUDE: 122 46 W

[TEMPERATURE DATA]      [PRECIPITATION DATA]       SYMBOLS USED IN COLUMN 16

AVERAGE MONTHLY: 45.3   TOTAL FOR MONTH:   0.95    1 = FOG OR MIST
DPTR FM NORMAL:   1.8   DPTR FM NORMAL:   -2.67    2 = FOG REDUCING VISIBILITY
HIGHEST:    59 ON  8, 5 GRTST 24HR  0.34 ON 14-14      TO 1/4 MILE OR LESS
LOWEST:     25 ON 13                               3 = THUNDER
                        SNOW, ICE PELLETS, HAIL    4 = ICE PELLETS
                        TOTAL MONTH:   0.0 INCH    5 = HAIL
                        GRTST 24HR     0.0         6 = FREEZING RAIN OR DRIZZLE
                        GRTST DEPTH:   0           7 = DUSTSTORM OR SANDSTORM:
                                                       VSBY 1/2 MILE OR LESS
                                                   8 = SMOKE OR HAZE
[NO. OF DAYS WITH]      [WEATHER - DAYS WITH]      9 = BLOWING SNOW
                                                   X = TORNADO
MAX 32 OR BELOW:   0    0.01 INCH OR MORE:   7
MAX 90 OR ABOVE:   0    0.10 INCH OR MORE:   4
MIN 32 OR BELOW:   3    0.50 INCH OR MORE:   0
MIN  0 OR BELOW:   0    1.00 INCH OR MORE:   0

[HDD (BASE 65) ]
TOTAL THIS MO.   369    CLEAR  (SCALE 0-3)   2
DPTR FM NORMAL   -40    PTCLDY (SCALE 4-7)   9
TOTAL FM JUL 1  2600    CLOUDY (SCALE 8-10)  8
DPTR FM NORMAL  -375

[CDD (BASE 65) ]
TOTAL THIS MO.     0
DPTR FM NORMAL     0    [PRESSURE DATA]
TOTAL FM JAN 1     0    HIGHEST SLP M ON M
DPTR FM NORMAL     0    LOWEST  SLP 29.70 ON 18

[REMARKS]
