000
CXUS55 KSEW 250945
CF6UIL

PRELIMINARY LOCAL CLIMATOLOGICAL DATA (WS FORM: F-6)

                                          STATION:   QUILLAYUTE WA AIRPORT
                                          MONTH:     MAY
                                          YEAR:      2015
                                          LATITUDE:   47 57 N
                                          LONGITUDE: 124 33 W

  TEMPERATURE IN F:       :PCPN:    SNOW:  WIND      :SUNSHINE: SKY     :PK WND
================================================================================
1   2   3   4   5  6A  6B    7    8   9   10  11  12  13   14  15   16   17  18
                                     12Z  AVG MX 2MIN
DY MAX MIN AVG DEP HDD CDD  WTR  SNW DPTH SPD SPD DIR MIN PSBL S-S WX    SPD DR
================================================================================

 1  59  41  50   1  15   0 0.01  0.0    0  5.2 15 330   M    M   7 1      22 320
 2  61  39  50   1  15   0 0.00  0.0    0  6.2 14 300   M    M   2        19 290
 3  62  38  50   1  15   0 0.00  0.0    0  4.4 13 270   M    M   2 12     16 260
 4  55  43  49   0  16   0 0.05  0.0    0  5.4 16 190   M    M   9 1      26 190
 5  57  38  48  -2  17   0 0.36  0.0    0  5.1 17 250   M    M   5 1      22 240
 6  60  34  47  -3  18   0 0.00  0.0    0  5.3 15 300   M    M   3        20 280
 7  65  36  51   1  14   0 0.00  0.0    0  5.4 15 350   M    M   2 1      20 280
 8  71  38  55   5  10   0 0.00  0.0    0  5.0 14 250   M    M   0        17 250
 9  72  40  56   6   9   0 0.00  0.0    0  4.2 13 290   M    M   1 1      17 320
10  61  50  56   6   9   0    T  0.0    0  4.5 17 280   M    M   9 1      22 250
11  59  48  54   3  11   0 0.11  0.0    0  3.2 12 260   M    M   9 1      13 250
12  59  48  54   3  11   0 0.01  0.0    0  3.8 12 260   M    M  10 1      15 250
13  55  45  50  -1  15   0 0.04  0.0    0  2.6  9 280   M    M   9 1      14 290
14  62  45  54   3  11   0 0.03  0.0    0  3.4 13 290   M    M   9 1      16 280
15  56  50  53   2  12   0 0.02  0.0    0  3.4  9 250   M    M  10 1      12 210
16  56  50  53   2  12   0 0.02  0.0    0  4.8 10 260   M    M  10 1      13 260
17  62  50  56   4   9   0    T  0.0    0  3.0 12 240   M    M   7 1      15 230
18  67  46  57   5   8   0 0.00  0.0    0  3.8 13 270   M    M   8 12     17 290
19  56  50  53   1  12   0 0.00  0.0    0  3.9  9 250   M    M  10 1      11 270
20  62  50  56   4   9   0 0.00  0.0    0  4.7 14 240   M    M   7 1      17 240
21  59  49  54   2  11   0 0.00  0.0    0  3.6 12 240   M    M  10 1      13 230
22  56  50  53   1  12   0    T  0.0    0  3.7  9 230   M    M  10 1      12 220
23  56  50  53   1  12   0    T  0.0    0  3.8 10 260   M    M  10 1      13 230
24  58  49  54   1  11   0 0.01  0.0    0  4.6 13 240   M    M  10 1      16 250
================================================================================
SM 1446 1077       294   0  0.66     0.0 103.0          M      169
================================================================================
AV 60.2 44.9                               4.3 FASTST   M    M   7    MAX(MPH)
                                 MISC ---->  # 17 250               # 26  190
================================================================================
NOTES:
# LAST OF SEVERAL OCCURRENCES

COLUMN 17 PEAK WIND IN M.P.H.

PRELIMINARY LOCAL CLIMATOLOGICAL DATA (WS FORM: F-6) , PAGE 2

                                          STATION:  QUILLAYUTE WA AIRPORT
                                          MONTH:    MAY
                                          YEAR:     2015
                                          LATITUDE:   47 57 N
                                          LONGITUDE: 124 33 W

[TEMPERATURE DATA]      [PRECIPITATION DATA]       SYMBOLS USED IN COLUMN 16

AVERAGE MONTHLY: 52.6   TOTAL FOR MONTH:   0.66    1 = FOG OR MIST
DPTR FM NORMAL:   1.8   DPTR FM NORMAL:   -3.39    2 = FOG REDUCING VISIBILITY
HIGHEST:    72 ON  9    GRTST 24HR  0.41 ON  4- 5      TO 1/4 MILE OR LESS
LOWEST:     34 ON  6                               3 = THUNDER
                        SNOW, ICE PELLETS, HAIL    4 = ICE PELLETS
                        TOTAL MONTH:   0.0 INCH    5 = HAIL
                        GRTST 24HR     0.0         6 = FREEZING RAIN OR DRIZZLE
                        GRTST DEPTH:   0           7 = DUSTSTORM OR SANDSTORM:
                                                       VSBY 1/2 MILE OR LESS
                                                   8 = SMOKE OR HAZE
[NO. OF DAYS WITH]      [WEATHER - DAYS WITH]      9 = BLOWING SNOW
                                                   X = TORNADO
MAX 32 OR BELOW:   0    0.01 INCH OR MORE:  10
MAX 90 OR ABOVE:   0    0.10 INCH OR MORE:   2
MIN 32 OR BELOW:   0    0.50 INCH OR MORE:   0
MIN  0 OR BELOW:   0    1.00 INCH OR MORE:   0

[HDD (BASE 65) ]
TOTAL THIS MO.   294    CLEAR  (SCALE 0-3)   5
DPTR FM NORMAL   -48    PTCLDY (SCALE 4-7)   6
TOTAL FM JUL 1  4263    CLOUDY (SCALE 8-10) 13
DPTR FM NORMAL -1121

[CDD (BASE 65) ]
TOTAL THIS MO.     0
DPTR FM NORMAL     0    [PRESSURE DATA]
TOTAL FM JAN 1     0    HIGHEST SLP M ON M
DPTR FM NORMAL     0    LOWEST  SLP 29.83 ON 12

[REMARKS]
