000
CXUS55 KSEW 250930
CF6UIL
PRELIMINARY LOCAL CLIMATOLOGICAL DATA (WS FORM: F-6)

                                          STATION:   QUILLAYUTE WA AIRPORT
                                          MONTH:     FEBRUARY
                                          YEAR:      2018
                                          LATITUDE:   47 57 N
                                          LONGITUDE: 124 33 W

  TEMPERATURE IN F:       :PCPN:    SNOW:  WIND      :SUNSHINE: SKY     :PK WND
================================================================================
1   2   3   4   5  6A  6B    7    8   9   10  11  12  13   14  15   16   17  18
                                     12Z  AVG MX 2MIN
DY MAX MIN AVG DEP HDD CDD  WTR  SNW DPTH SPD SPD DIR MIN PSBL S-S WX    SPD DR
================================================================================

 1  46  40  43   1  22   0 0.88  0.0    0  4.1 12 100   M    M  10 1      18 130
 2  50  46  48   6  17   0 0.78  0.0    0  7.7 15 250   M    M  10 1      25 170
 3  49  47  48   6  17   0 0.66  0.0    0  5.3 13 210   M    M  10 1      18 210
 4  49  45  47   5  18   0 0.73  0.0    0  6.8 20 240   M    M  10 1      26 230
 5  48  41  45   3  20   0 0.14  0.0    0  3.4 13 230   M    M  10 12     16 240
 6  46  40  43   1  22   0 0.07  0.0    0  3.3 10 190   M    M  10 1      19 200
 7  49  45  47   5  18   0 0.02  0.0    0  5.6 13 160   M    M  10 1      19 200
 8  49  38  44   2  21   0 0.31  0.0    0  5.9 15 190   M    M  10 1      22 200
 9  48  34  41  -1  24   0 0.00  0.0    0  3.3 13  30   M    M   5 1      16  40
10  46  28  37  -5  28   0 0.00  0.0    0  3.8 15  30   M    M   5        19  20
11  46  30  38  -4  27   0 0.00  0.0    0  5.4 14  50   M    M   4 1      19  40
12  46  27  37  -5  28   0 0.00  0.0    0  5.7 20  40   M    M   0        28  30
13  45  26  36  -6  29   0 0.34  0.0    0  1.9  9 150   M    M   5 1      13 120
14  49  31  40  -2  25   0 0.21  0.0    0  4.0 12 280   M    M   5 1      16 310
15  45  33  39  -3  26   0 0.29  0.0    0  4.2  9 260   M    M   7 1      11 140
16  47  39  43   1  22   0 0.76  0.0    0  5.2 13 250   M    M  10 1      19 260
17  47  37  42   0  23   0 1.06  0.0    0 14.6 30 250   M    M  10 1      42 230
18  38  30  34  -8  31   0 0.02    M    M 13.2 28  50   M    M   2 1      38  70
19  40  25  33  -9  32   0 0.00  0.0    0  7.3 20  50   M    M   1        27  20
20  40  30  35  -7  30   0 0.00  0.0    0  7.8 20  30   M    M   7        26  40
21  35  23  29 -13  36   0 0.06    M    M  3.0 13  20   M    M   6 12     17  60
22  41  22  32 -10  33   0 0.00  0.0    0  8.5 15  50   M    M   1        24  40
23  39  24  32 -10  33   0 0.45  0.1    0  5.3 10 140   M    M   8 12     18 140
24  48  35  42   0  23   0 0.13  0.0    0  7.3 15 210   M    M   7 1      23 310
================================================================================
SM 1086  816       605   0  6.91     0.1 142.6          M      163
================================================================================
AV 45.3 34.0                               5.9 FASTST   M    M   7    MAX(MPH)
                                 MISC ---->  # 30 250               # 42  230
================================================================================
NOTES:
# LAST OF SEVERAL OCCURRENCES

COLUMN 17 PEAK WIND IN M.P.H.

PRELIMINARY LOCAL CLIMATOLOGICAL DATA (WS FORM: F-6) , PAGE 2

                                          STATION:  QUILLAYUTE WA AIRPORT
                                          MONTH:    FEBRUARY
                                          YEAR:     2018
                                          LATITUDE:   47 57 N
                                          LONGITUDE: 124 33 W

[TEMPERATURE DATA]      [PRECIPITATION DATA]       SYMBOLS USED IN COLUMN 16

AVERAGE MONTHLY: 39.6   TOTAL FOR MONTH:   6.91    1 = FOG OR MIST
DPTR FM NORMAL:  -2.4   DPTR FM NORMAL:   -1.99    2 = FOG REDUCING VISIBILITY
HIGHEST:    50 ON  2    GRTST 24HR  1.06 ON 17-17      TO 1/4 MILE OR LESS
LOWEST:     22 ON 22                               3 = THUNDER
                        SNOW, ICE PELLETS, HAIL    4 = ICE PELLETS
                        TOTAL MONTH:   0.1 INCH    5 = HAIL
                        GRTST 24HR   0.1 ON 23-23  6 = FREEZING RAIN OR DRIZZLE
                        GRTST DEPTH:   0           7 = DUSTSTORM OR SANDSTORM:
                                                       VSBY 1/2 MILE OR LESS
                                                   8 = SMOKE OR HAZE
[NO. OF DAYS WITH]      [WEATHER - DAYS WITH]      9 = BLOWING SNOW
                                                   X = TORNADO
MAX 32 OR BELOW:   0    0.01 INCH OR MORE:  17
MAX 90 OR ABOVE:   0    0.10 INCH OR MORE:  13
MIN 32 OR BELOW:  11    0.50 INCH OR MORE:   6
MIN  0 OR BELOW:   0    1.00 INCH OR MORE:   1

[HDD (BASE 65) ]
TOTAL THIS MO.   605    CLEAR  (SCALE 0-3)   4
DPTR FM NORMAL    53    PTCLDY (SCALE 4-7)  10
TOTAL FM JUL 1  3542    CLOUDY (SCALE 8-10) 10
DPTR FM NORMAL  -215

[CDD (BASE 65) ]
TOTAL THIS MO.     0
DPTR FM NORMAL     0    [PRESSURE DATA]
TOTAL FM JAN 1     0    HIGHEST SLP M ON M
DPTR FM NORMAL     0    LOWEST  SLP 29.55 ON 18

[REMARKS]
