000
CXUS54 KHGX 221415
CF6UTS
PRELIMINARY LOCAL CLIMATOLOGICAL DATA (WS FORM: F-6)

                                          STATION:   HUNTSVILLE_(ASOS)
                                          MONTH:     AUGUST
                                          YEAR:      2017
                                          LATITUDE:   30 45 N
                                          LONGITUDE:  95 35 W

  TEMPERATURE IN F:       :PCPN:    SNOW:  WIND      :SUNSHINE: SKY     :PK WND
================================================================================
1   2   3   4   5  6A  6B    7    8   9   10  11  12  13   14  15   16   17  18
                                     12Z  AVG MX 2MIN
DY MAX MIN AVG DEP HDD CDD  WTR  SNW DPTH SPD SPD DIR MIN PSBL S-S WX    SPD DR
================================================================================

 1  95  71  83  -2   0  18 0.00  0.0    0  2.7  7 160   M    M   2        12  90
 2  82  75  79  -6   0  14    T  0.0    0  2.0  9  50   M    M   6        16  50
 3  92  74  83  -2   0  18 0.00  0.0    0  2.5  8 360   M    M   6 1      12  20
 4  95  73  84  -1   0  19 0.00  0.0    0  3.2 10 180   M    M   2 13     18 180
 5  95  74  85   0   0  20 0.00  0.0    0  5.2 16 160   M    M   0 13     24 180
 6  97  79  88   3   0  23    T  0.0    0  9.2 21 180   M    M   2 3      29 190
 7  88  73  81  -4   0  16 1.49  0.0    0  3.9 21 250   M    M   6 13     30 230
 8  87  74  81  -4   0  16 0.10  0.0    0  2.5  8 320   M    M   9 1      12  50
 9  86  76  81  -4   0  16 0.03  0.0    0  2.4 10 320   M    M   8 1      14  20
10  95  77  86   1   0  21 0.00  0.0    0  4.7 10 180   M    M   2        14 190
11  96  78  87   2   0  22    T  0.0    0  5.9 13 230   M    M   2        17 230
12  96  78  87   2   0  22 0.00  0.0    0  6.7 14 230   M    M   2        18 230
13  95  78  87   2   0  22 0.00  0.0    0  6.7 13 180   M    M   3        18 180
14  96  80  88   3   0  23 0.00  0.0    0  7.8 14 190   M    M   2        21 200
15  96  78  87   2   0  22 0.00  0.0    0  7.3 16 190   M    M   1        21 200
16  97  80  89   4   0  24 0.00  0.0    0  7.9 16 180   M    M   3        23 220
17  96  82  89   4   0  24 0.00  0.0    0  7.6 16 200   M    M   4        23 200
18  99  78  89   4   0  24 0.00  0.0    0  5.7 13 230   M    M   2        18 230
19  99  78  89   4   0  24 0.00  0.0    0  4.9 12 230   M    M   1 3      15 240
20  97  76  87   3   0  22 0.00  0.0    0  3.8 10 180   M    M   1        14 140
21  96  76  86   2   0  21 0.00  0.0    0  3.0  9 170   M    M   1 1      14 120
================================================================================
SM 1975 1608         0 431  1.62     0.0 105.6          M       65
================================================================================
AV 94.1 76.6                               5.0 FASTST   M    M   3    MAX(MPH)
                                 MISC ---->  # 21 180               # 30  230
================================================================================
NOTES:
# LAST OF SEVERAL OCCURRENCES

COLUMN 17 PEAK WIND IN M.P.H.

PRELIMINARY LOCAL CLIMATOLOGICAL DATA (WS FORM: F-6) , PAGE 2

                                          STATION:  HUNTSVILLE_(ASOS)
                                          MONTH:    AUGUST
                                          YEAR:     2017
                                          LATITUDE:   30 45 N
                                          LONGITUDE:  95 35 W

[TEMPERATURE DATA]      [PRECIPITATION DATA]       SYMBOLS USED IN COLUMN 16

AVERAGE MONTHLY: 85.3   TOTAL FOR MONTH:   1.62    1 = FOG OR MIST
DPTR FM NORMAL:   0.4   DPTR FM NORMAL:   -0.12    2 = FOG REDUCING VISIBILITY
HIGHEST:    99 ON 19,18 GRTST 24HR  1.49 ON  7- 7      TO 1/4 MILE OR LESS
LOWEST:     71 ON  1                               3 = THUNDER
                        SNOW, ICE PELLETS, HAIL    4 = ICE PELLETS
                        TOTAL MONTH:   0.0 INCH    5 = HAIL
                        GRTST 24HR     0.0         6 = FREEZING RAIN OR DRIZZLE
                        GRTST DEPTH:   0           7 = DUSTSTORM OR SANDSTORM:
                                                       VSBY 1/2 MILE OR LESS
                                                   8 = SMOKE OR HAZE
[NO. OF DAYS WITH]      [WEATHER - DAYS WITH]      9 = BLOWING SNOW
                                                   X = TORNADO
MAX 32 OR BELOW:   0    0.01 INCH OR MORE:   3
MAX 90 OR ABOVE:  17    0.10 INCH OR MORE:   2
MIN 32 OR BELOW:   0    0.50 INCH OR MORE:   1
MIN  0 OR BELOW:   0    1.00 INCH OR MORE:   1

[HDD (BASE 65) ]
TOTAL THIS MO.     0    CLEAR  (SCALE 0-3)  14
DPTR FM NORMAL     0    PTCLDY (SCALE 4-7)   6
TOTAL FM JUL 1     0    CLOUDY (SCALE 8-10)  1
DPTR FM NORMAL     0

[CDD (BASE 65) ]
TOTAL THIS MO.   431
DPTR FM NORMAL    12    [PRESSURE DATA]
TOTAL FM JAN 1  2362    HIGHEST SLP M ON M
DPTR FM NORMAL   283    LOWEST  SLP 29.79 ON 14

[REMARKS]
