000
CXUS54 KEWX 250910
CF6UVA
PRELIMINARY LOCAL CLIMATOLOGICAL DATA (WS FORM: F-6)

                                          STATION:   UVALDE
                                          MONTH:     FEBRUARY
                                          YEAR:      2018
                                          LATITUDE:   29 12 N
                                          LONGITUDE:  99 44 W

  TEMPERATURE IN F:       :PCPN:    SNOW:  WIND      :SUNSHINE: SKY     :PK WND
================================================================================
1   2   3   4   5  6A  6B    7    8   9   10  11  12  13   14  15   16   17  18
                                     12Z  AVG MX 2MIN
DY MAX MIN AVG DEP HDD CDD  WTR  SNW DPTH SPD SPD DIR MIN PSBL S-S WX    SPD DR
================================================================================

 1  82  44  63   M   2   0 0.00    M    M  6.3 15  10   M    M   0 1      20  10
 2  61  41  51   M  14   0 0.00    M    M  6.5 13  40   M    M   1         M  M
 3  68  43  56   M   9   0 0.00    M    M  5.4 10 160   M    M   5         M  M
 4  87  38  63   M   2   0 0.00    M    M  5.2 15  60   M    M   1 1      21  70
 5  66  48  57   M   8   0 0.00    M    M  7.1 14  70   M    M   7        17  50
 6  60  55  58   M   7   0 0.01    M    M  6.7 10  70   M    M  10 1       M  M
 7  58  34  46   M  19   0 0.00    M    M  7.9 14  10   M    M   7 1      18  10
 8  61  28  45   M  20   0 0.00    M    M  2.7  8 150   M    M   1         M  M
 9  59  49  54   M  11   0 0.00    M    M  3.6  8 130   M    M  10 1       M  M
10  68  54  61   M   4   0 0.00    M    M  3.5  9  70   M    M   7 1       M  M
11  56  33  45   M  20   0 0.00    M    M  9.2 17 350   M    M   7 1      21 350
12  54  28  41   M  24   0 0.00    M    M  5.3  9 130   M    M   5         M  M
13  53  43  48   M  17   0 0.00    M    M  4.8 10 100   M    M  10 1       M  M
14  74  50  62   M   3   0 0.00    M    M  6.1 16 160   M    M   6 1      23 160
15  76  60  68   M   0   3 0.00    M    M  6.3 12 160   M    M   7 1       M  M
16  76  59  68   M   0   3 0.00    M    M  8.2 12  40   M    M   8 1      16  40
17  75  57  66   M   0   1 0.00    M    M  5.7 12  70   M    M   6 1       M  M
18  81  55  68   M   0   3 0.00    M    M  9.3 15 140   M    M   7 1      18 150
19  81  66  74   M   0   9 0.00    M    M 10.0 15 160   M    M   5        23 140
20  81  67  74   M   0   9 0.05    M    M  9.1 14 120   M    M   7 13     21 120
21  71  43  57   M   8   0 0.51    M    M  9.4 15 340   M    M  10 3      18 360
22  54  42  48   M  17   0 0.00    M    M  4.7  7 340   M    M  10 1       M  M
23  64  51  58   M   7   0 0.07    M    M  4.0 10  50   M    M  10 1      20  50
24  71  63  67   M   0   2 0.01  0.0    0  4.1  9 120   M    M   8 1       M  M
================================================================================
SM 1637 1151       192  30  0.65     0.0 151.1          M      155
================================================================================
AV 68.2 48.0                               6.3 FASTST   M    M   6    MAX(MPH)
                                 MISC ---->  # 17 350               # 23  160
================================================================================
NOTES:
# LAST OF SEVERAL OCCURRENCES

COLUMN 17 PEAK WIND IN M.P.H.

PRELIMINARY LOCAL CLIMATOLOGICAL DATA (WS FORM: F-6) , PAGE 2

                                          STATION:  UVALDE
                                          MONTH:    FEBRUARY
                                          YEAR:     2018
                                          LATITUDE:   29 12 N
                                          LONGITUDE:  99 44 W

[TEMPERATURE DATA]      [PRECIPITATION DATA]       SYMBOLS USED IN COLUMN 16

AVERAGE MONTHLY: 58.1   TOTAL FOR MONTH:   0.65    1 = FOG OR MIST
DPTR FM NORMAL:     M   DPTR FM NORMAL:       M    2 = FOG REDUCING VISIBILITY
HIGHEST:    87 ON  4    GRTST 24HR  0.51 ON 21-21      TO 1/4 MILE OR LESS
LOWEST:     28 ON 12, 8                            3 = THUNDER
                        SNOW, ICE PELLETS, HAIL    4 = ICE PELLETS
                        TOTAL MONTH:   0.0 INCH    5 = HAIL
                        GRTST 24HR     0.0         6 = FREEZING RAIN OR DRIZZLE
                        GRTST DEPTH:   0           7 = DUSTSTORM OR SANDSTORM:
                                                       VSBY 1/2 MILE OR LESS
                                                   8 = SMOKE OR HAZE
[NO. OF DAYS WITH]      [WEATHER - DAYS WITH]      9 = BLOWING SNOW
                                                   X = TORNADO
MAX 32 OR BELOW:   0    0.01 INCH OR MORE:   5
MAX 90 OR ABOVE:   0    0.10 INCH OR MORE:   1
MIN 32 OR BELOW:   2    0.50 INCH OR MORE:   1
MIN  0 OR BELOW:   0    1.00 INCH OR MORE:   0

[HDD (BASE 65) ]
TOTAL THIS MO.   192    CLEAR  (SCALE 0-3)   4
DPTR FM NORMAL     M    PTCLDY (SCALE 4-7)  14
TOTAL FM JUL 1  1294    CLOUDY (SCALE 8-10)  6
DPTR FM NORMAL     M

[CDD (BASE 65) ]
TOTAL THIS MO.    30
DPTR FM NORMAL     M    [PRESSURE DATA]
TOTAL FM JAN 1    30    HIGHEST SLP M ON M
DPTR FM NORMAL     M    LOWEST  SLP M ON M

[REMARKS]
