000
CXUS56 KSTO 271355
CF6VCB
PRELIMINARY LOCAL CLIMATOLOGICAL DATA (WS FORM: F-6)

                                          STATION:   VACAVILLE AIRPORT CA
                                          MONTH:     FEBRUARY
                                          YEAR:      2017
                                          LATITUDE:   38 22 N
                                          LONGITUDE: 121 58 W

  TEMPERATURE IN F:       :PCPN:    SNOW:  WIND      :SUNSHINE: SKY     :PK WND
================================================================================
1   2   3   4   5  6A  6B    7    8   9   10  11  12  13   14  15   16   17  18
                                     12Z  AVG MX 2MIN
DY MAX MIN AVG DEP HDD CDD  WTR  SNW DPTH SPD SPD DIR MIN PSBL S-S WX    SPD DR
================================================================================

 1  53  39  46  -2  19   0 0.00  0.0    0  3.8 13  20   M    M   2        15 360
 2  61  46  54   6  11   0 0.55  0.0    0  5.9 17 150   M    M  10 1      24 150
 3  60  51  56   7   9   0 1.81  0.0    0 10.5 22 210   M    M   9 18     31 220
 4  60  47  54   5  11   0 0.09    M    0  9.2 21 220   M    M   6 18     25 210
 5  61  47  54   5  11   0 0.32    M    0  6.9 18 170   M    M   5 1      26 180
 6  60  53  57   8   8   0 1.31  0.0    0  9.7 18 160   M    M  10 1      26 160
 7  66  54  60  11   5   0 2.10  0.0    0 13.0 30 220   M    M   8 1      43 220
 8  63  57  60  10   5   0 0.67  0.0    0  7.2 15 230   M    M   7 1      23 190
 9  64  57  61  11   4   0 0.74  0.0    0  9.7 20 220   M    M   7 1      27 230
10  65  49  57   7   8   0 0.00  0.0    0  6.2 16 210   M    M   4        19 230
11  66  42  54   4  11   0 0.00  0.0    0 10.0 21 350   M    M   1        26 350
12  68  43  56   6   9   0 0.00  0.0    0  7.6 17 350   M    M   0        24 360
13  62  38  50   0  15   0 0.00  0.0    0  2.8  7  10   M    M   0         9  10
14  69  39  54   3  11   0 0.00  0.0    0  3.4 10  50   M    M   0        12  30
15  63  48  56   5   9   0 0.00  0.0    0  4.0 17 220   M    M   4 8      24 210
16  65  49  57   6   8   0 0.30    M    0  9.6 23 220   M    M   4 1      32 210
17  56  51  54   3  11   0 1.64  0.0    0 11.6 31 150   M    M  10 1      47 140
18  62  49  56   5   9   0 0.05    M    0  6.8 21 240   M    M   8 1      25 240
19  56  47  52   0  13   0 0.38    M    0  7.9 16 140   M    M  10 18     24 140
20  59  52  56   4   9   0 2.65  0.0    0 10.6 29 210   M    M  10 1      38 200
21  61  48  55   3  10   0 0.17    M    0 10.0 30 220   M    M   3 1      40 210
22  59  39  49  -3  16   0 0.01  0.0    0  8.7 24 290   M    M   1        30 300
23  54  35  45  -7  20   0 0.00  0.0    0  3.0 16 320   M    M   1        21 260
24  55  32  44  -8  21   0 0.00  0.0    0  4.5 14 210   M    M   0        18 210
25  56  36  46  -7  19   0 0.00  0.0    0  5.0 14  20   M    M   2        17  30
26  60  32  46  -7  19   0 0.00  0.0    0  8.7 24 230   M    M   1        28 240
================================================================================
SM 1584 1180       301   0 12.79     0.0 196.3          M      123
================================================================================
AV 60.9 45.4                               7.5 FASTST   M    M   5    MAX(MPH)
                                 MISC ---->  # 31 150               # 47  140
================================================================================
NOTES:
# LAST OF SEVERAL OCCURRENCES

COLUMN 17 PEAK WIND IN M.P.H.

PRELIMINARY LOCAL CLIMATOLOGICAL DATA (WS FORM: F-6) , PAGE 2

                                          STATION:  VACAVILLE AIRPORT CA
                                          MONTH:    FEBRUARY
                                          YEAR:     2017
                                          LATITUDE:   38 22 N
                                          LONGITUDE: 121 58 W

[TEMPERATURE DATA]      [PRECIPITATION DATA]       SYMBOLS USED IN COLUMN 16

AVERAGE MONTHLY: 53.2   TOTAL FOR MONTH:  12.79    1 = FOG OR MIST
DPTR FM NORMAL:   2.6   DPTR FM NORMAL:    8.39    2 = FOG REDUCING VISIBILITY
HIGHEST:    69 ON 14    GRTST 24HR  3.08 ON  6- 7      TO 1/4 MILE OR LESS
LOWEST:     32 ON 26,24                            3 = THUNDER
                        SNOW, ICE PELLETS, HAIL    4 = ICE PELLETS
                        TOTAL MONTH:   0.0 INCH    5 = HAIL
                        GRTST 24HR     0.0         6 = FREEZING RAIN OR DRIZZLE
                        GRTST DEPTH:   0           7 = DUSTSTORM OR SANDSTORM:
                                                       VSBY 1/2 MILE OR LESS
                                                   8 = SMOKE OR HAZE
[NO. OF DAYS WITH]      [WEATHER - DAYS WITH]      9 = BLOWING SNOW
                                                   X = TORNADO
MAX 32 OR BELOW:   0    0.01 INCH OR MORE:  15
MAX 90 OR ABOVE:   0    0.10 INCH OR MORE:  12
MIN 32 OR BELOW:   2    0.50 INCH OR MORE:   8
MIN  0 OR BELOW:   0    1.00 INCH OR MORE:   5

[HDD (BASE 65) ]
TOTAL THIS MO.   301    CLEAR  (SCALE 0-3)  11
DPTR FM NORMAL   -75    PTCLDY (SCALE 4-7)   9
TOTAL FM JUL 1  1756    CLOUDY (SCALE 8-10)  6
DPTR FM NORMAL  -199

[CDD (BASE 65) ]
TOTAL THIS MO.     0
DPTR FM NORMAL     0    [PRESSURE DATA]
TOTAL FM JAN 1     0    HIGHEST SLP M ON M
DPTR FM NORMAL     0    LOWEST  SLP 29.20 ON 17

[REMARKS]
