000
CXUS54 KCRP 241300
CF6VCT
PRELIMINARY LOCAL CLIMATOLOGICAL DATA (WS FORM: F-6)

                                          STATION:   VICTORIA
                                          MONTH:     NOVEMBER
                                          YEAR:      2014
                                          LATITUDE:   28 51 N
                                          LONGITUDE:  96 55 W

  TEMPERATURE IN F:       :PCPN:    SNOW:  WIND      :SUNSHINE: SKY     :PK WND
================================================================================
1   2   3   4   5  6A  6B    7    8   9   10  11  12  13   14  15   16   17  18
                                     12Z  AVG MX 2MIN
DY MAX MIN AVG DEP HDD CDD  WTR  SNW DPTH SPD SPD DIR MIN PSBL S-S WX    SPD DR
================================================================================

 1  74  46  60  -8   5   0 0.00  0.0    0  8.7 18 140   M    M   0        22 150
 2  78  47  63  -5   2   0 0.00  0.0    0 10.4 22 120   M    M   2        27 150
 3  84  58  71   4   0   6 0.00  0.0    0 12.7 26 150   M    M   5        36 140
 4  84  68  76   9   0  11 0.10  0.0    0  9.9 23 120   M    M   5 1      30 130
 5  72  62  67   0   0   2 1.12  0.0    0  9.4 21  30   M    M  10 1      24  20
 6  65  60  63  -3   2   0 1.39  0.0    0 10.8 18  30   M    M   9 1      23  30
 7  65  55  60  -6   5   0    T  0.0    0  6.0 14  20   M    M   3        20  20
 8  80  54  67   1   0   2 0.20  0.0    0  5.1 13 330   M    M   5 1      18 310
 9  77  47  62  -3   3   0 0.00  0.0    0  6.1 10 180   M    M   0 8      13 230
10  82  52  67   2   0   2 0.00  0.0    0 11.9 28 180   M    M   0        35 190
11  73  50  62  -2   3   0 0.01  0.0    0 11.4 26 360   M    M   9 12     32 360
12  54  40  47 -17  18   0 0.07  0.0    0 15.9 22 360   M    M  10        28 360
13  47  36  42 -22  23   0 0.29  0.0    0 14.5 22 360   M    M  10 18     30 360
14  51  40  46 -18  19   0 0.00  0.0    0  8.5 18  10   M    M  10        23  10
15  58  45  52 -11  13   0 0.15  0.0    0  7.7 18  70   M    M  10 18     23  80
16  58  44  51 -12  14   0    T  0.0    0  9.8 28 350   M    M   9 12     39 340
17  54  34  44 -18  21   0 0.00  0.0    0 15.0 26 340   M    M   2        37 350
18  58  34  46 -16  19   0 0.00  0.0    0  5.5 13  70   M    M   1        16  70
19  73  42  58  -4   7   0 0.00  0.0    0  6.1 17 220   M    M   5        20 220
20  75  49  62   1   3   0 0.78  0.0    0  6.3 17 150   M    M   9 1      21 180
21  77  64  71  10   0   6 0.35  0.0    0  9.8 26 160   M    M  10 1      32 160
22  75  62  69   8   0   4 0.07  0.0    0 14.2 37 270   M    M   9 13     47 270
23  85  57  71  11   0   6 0.00  0.0    0  9.2 18 240   M    M   0        24 230
================================================================================
SM 1599 1146       157  39  4.53     0.0 224.9          M      133
================================================================================
AV 69.5 49.8                               9.8 FASTST   M    M   6    MAX(MPH)
                                 MISC ---->  # 37 270               # 47  270
================================================================================
NOTES:
# LAST OF SEVERAL OCCURRENCES

COLUMN 17 PEAK WIND IN M.P.H.

PRELIMINARY LOCAL CLIMATOLOGICAL DATA (WS FORM: F-6) , PAGE 2

                                          STATION:  VICTORIA
                                          MONTH:    NOVEMBER
                                          YEAR:     2014
                                          LATITUDE:   28 51 N
                                          LONGITUDE:  96 55 W

[TEMPERATURE DATA]      [PRECIPITATION DATA]       SYMBOLS USED IN COLUMN 16

AVERAGE MONTHLY: 59.7   TOTAL FOR MONTH:   4.53    1 = FOG OR MIST
DPTR FM NORMAL:  -4.5   DPTR FM NORMAL:    1.99    2 = FOG REDUCING VISIBILITY
HIGHEST:    85 ON 23    GRTST 24HR  2.34 ON  5- 6      TO 1/4 MILE OR LESS
LOWEST:     34 ON 18,17                            3 = THUNDER
                        SNOW, ICE PELLETS, HAIL    4 = ICE PELLETS
                        TOTAL MONTH:   0.0 INCH    5 = HAIL
                        GRTST 24HR     0.0         6 = FREEZING RAIN OR DRIZZLE
                        GRTST DEPTH:   0           7 = DUSTSTORM OR SANDSTORM:
                                                       VSBY 1/2 MILE OR LESS
                                                   8 = SMOKE OR HAZE
[NO. OF DAYS WITH]      [WEATHER - DAYS WITH]      9 = BLOWING SNOW
                                                   X = TORNADO
MAX 32 OR BELOW:   0    0.01 INCH OR MORE:  11
MAX 90 OR ABOVE:   0    0.10 INCH OR MORE:   8
MIN 32 OR BELOW:   0    0.50 INCH OR MORE:   3
MIN  0 OR BELOW:   0    1.00 INCH OR MORE:   2

[HDD (BASE 65) ]
TOTAL THIS MO.   157    CLEAR  (SCALE 0-3)   8
DPTR FM NORMAL    68    PTCLDY (SCALE 4-7)   4
TOTAL FM JUL 1   157    CLOUDY (SCALE 8-10) 11
DPTR FM NORMAL    45

[CDD (BASE 65) ]
TOTAL THIS MO.    39
DPTR FM NORMAL   -31    [PRESSURE DATA]
TOTAL FM JAN 1  3485    HIGHEST SLP M ON M
DPTR FM NORMAL   372    LOWEST  SLP 29.58 ON 23

[REMARKS]
