000
CXUS55 KVEF 300940
CF6VGT
PRELIMINARY LOCAL CLIMATOLOGICAL DATA (WS FORM: F-6)

                                          STATION:   NORTH_LAS_VEGAS NV
                                          MONTH:     SEPTEMBER
                                          YEAR:      2016
                                          LATITUDE:   36 12 N
                                          LONGITUDE: 115 12 W

  TEMPERATURE IN F:       :PCPN:    SNOW:  WIND      :SUNSHINE: SKY     :PK WND
================================================================================
1   2   3   4   5  6A  6B    7    8   9   10  11  12  13   14  15   16   17  18
                                     12Z  AVG MX 2MIN
DY MAX MIN AVG DEP HDD CDD  WTR  SNW DPTH SPD SPD DIR MIN PSBL S-S WX    SPD DR
================================================================================

 1 103  80  92   6   0  27 0.00  0.0    0  7.7 22 150   M    M   0        28 180
 2 103  78  91   5   0  26 0.00  0.0    0  8.8 24 190   M    M   0        29 210
 3  99  73  86   0   0  21 0.00  0.0    0 11.8 29 230   M    M   0        39 240
 4  93  74  84  -1   0  19 0.00  0.0    0 13.4 24 180   M    M   0        32 180
 5  92  68  80  -5   0  15 0.00  0.0    0  6.2 14 180   M    M   0        20 200
 6  95  68  82  -3   0  17 0.00  0.0    0  5.7 16 140   M    M   0        20 150
 7  96  67  82  -2   0  17 0.00  0.0    0  6.6 20 140   M    M   0        26 140
 8  99  73  86   2   0  21 0.00  0.0    0  6.1 17 180   M    M   0        22 160
 9 100  73  87   3   0  22 0.00  0.0    0  3.9 12 140   M    M   0        15 140
10 101  73  87   4   0  22 0.00  0.0    0  3.8 10 120   M    M   0        13 130
11 101  74  88   5   0  23 0.00  0.0    0  8.5 22 220   M    M   0        28 230
12  96  75  86   3   0  21 0.00  0.0    0 11.9 25 220   M    M   0        32 230
13  89  68  79  -3   0  14 0.00  0.0    0 15.0 29 230   M    M   0        37 220
14  84  63  74  -8   0   9 0.00  0.0    0  5.2 14 350   M    M   0        18 350
15  89  66  78  -4   0  13 0.00  0.0    0  6.3 14 340   M    M   0        18 330
16  91  65  78  -3   0  13 0.00  0.0    0  3.4 14  30   M    M   0        21  20
17  94  66  80  -1   0  15 0.00  0.0    0  3.3 12 100   M    M   0        13 110
18  98  67  83   3   0  18 0.00  0.0    0  4.6 14 160   M    M   0        17 150
19  98  68  83   3   0  18 0.00  0.0    0  5.5 17 220   M    M   0        24 210
20  86  71  79  -1   0  14 0.00  0.0    0  8.1 18 160   M    M   3        23 160
21  82  67  75  -4   0  10 0.00  0.0    0  6.7 20 140   M    M   2        25 140
22  86  67  77  -2   0  12 0.00  0.0    0 16.7 37 220   M    M   0        49 220
23  80  60  70  -8   0   5 0.00  0.0    0 14.1 28 310   M    M   0        34 310
24  88  63  76  -2   0  11 0.00  0.0    0  6.4 18 360   M    M   0        25  10
25  89  65  77   0   0  12 0.00  0.0    0  9.2 23  80   M    M   0        29  80
26  90  65  78   1   0  13 0.00  0.0    0  5.9 17 100   M    M   0        21 100
27  90  66  78   2   0  13 0.00  0.0    0  5.1 14 150   M    M   0        18 160
28  89  69  79   3   0  14 0.00  0.0    0  4.6 20 140   M    M   2        25 140
29  89  67  78   2   0  13 0.00  0.0    0  5.3 15 180   M    M   2        18 180
================================================================================
SM 2690 1999         0 468  0.00     0.0 219.8          M        9
================================================================================
AV 92.8 68.9                               7.6 FASTST   M    M   0    MAX(MPH)
                                 MISC ---->  # 37 220               # 49  220
================================================================================
NOTES:
# LAST OF SEVERAL OCCURRENCES

COLUMN 17 PEAK WIND IN M.P.H.

PRELIMINARY LOCAL CLIMATOLOGICAL DATA (WS FORM: F-6) , PAGE 2

                                          STATION:  NORTH_LAS_VEGAS NV
                                          MONTH:    SEPTEMBER
                                          YEAR:     2016
                                          LATITUDE:   36 12 N
                                          LONGITUDE: 115 12 W

[TEMPERATURE DATA]      [PRECIPITATION DATA]       SYMBOLS USED IN COLUMN 16

AVERAGE MONTHLY: 80.8   TOTAL FOR MONTH:   0.00    1 = FOG OR MIST
DPTR FM NORMAL:  -0.5   DPTR FM NORMAL:   -0.35    2 = FOG REDUCING VISIBILITY
HIGHEST:   103 ON  2, 1 GRTST 24HR  0.00 ON 29-29      TO 1/4 MILE OR LESS
LOWEST:     60 ON 23                               3 = THUNDER
                        SNOW, ICE PELLETS, HAIL    4 = ICE PELLETS
                        TOTAL MONTH:   0.0 INCH    5 = HAIL
                        GRTST 24HR     0.0         6 = FREEZING RAIN OR DRIZZLE
                        GRTST DEPTH:   0           7 = DUSTSTORM OR SANDSTORM:
                                                       VSBY 1/2 MILE OR LESS
                                                   8 = SMOKE OR HAZE
[NO. OF DAYS WITH]      [WEATHER - DAYS WITH]      9 = BLOWING SNOW
                                                   X = TORNADO
MAX 32 OR BELOW:   0    0.01 INCH OR MORE:   0
MAX 90 OR ABOVE:  18    0.10 INCH OR MORE:   0
MIN 32 OR BELOW:   0    0.50 INCH OR MORE:   0
MIN  0 OR BELOW:   0    1.00 INCH OR MORE:   0

[HDD (BASE 65) ]
TOTAL THIS MO.     0    CLEAR  (SCALE 0-3)  29
DPTR FM NORMAL     0    PTCLDY (SCALE 4-7)   0
TOTAL FM JUL 1     0    CLOUDY (SCALE 8-10)  0
DPTR FM NORMAL     0

[CDD (BASE 65) ]
TOTAL THIS MO.   468
DPTR FM NORMAL    -7    [PRESSURE DATA]
TOTAL FM JAN 1  3361    HIGHEST SLP M ON M
DPTR FM NORMAL   240    LOWEST  SLP 29.51 ON  4

[REMARKS]
