000
CXUS55 KVEF 240940
CF6VGT
PRELIMINARY LOCAL CLIMATOLOGICAL DATA (WS FORM: F-6)

                                          STATION:   NORTH_LAS_VEGAS NV
                                          MONTH:     AUGUST
                                          YEAR:      2016
                                          LATITUDE:   36 12 N
                                          LONGITUDE: 115 12 W

  TEMPERATURE IN F:       :PCPN:    SNOW:  WIND      :SUNSHINE: SKY     :PK WND
================================================================================
1   2   3   4   5  6A  6B    7    8   9   10  11  12  13   14  15   16   17  18
                                     12Z  AVG MX 2MIN
DY MAX MIN AVG DEP HDD CDD  WTR  SNW DPTH SPD SPD DIR MIN PSBL S-S WX    SPD DR
================================================================================

 1 101  79  90  -1   0  25 0.00  0.0    0  8.0 16 180   M    M   0        20 170
 2 103  83  93   2   0  28 0.00  0.0    0  9.2 20 180   M    M   0        23 180
 3 104  78  91   0   0  26 0.00  0.0    0 12.3 36  70   M    M   1 8      44  60
 4  84  72  78 -13   0  13    T  0.0    0  5.6 10 180   M    M   5         M  M
 5 101  74  88  -3   0  23 0.00  0.0    0  8.1 26 120   M    M   1        32 110
 6 104  82  93   2   0  28 0.00  0.0    0  9.1 22 170   M    M   0        27 160
 7 106  81  94   3   0  29 0.00  0.0    0 10.3 24 220   M    M   0        31 230
 8 106  79  93   2   0  28 0.00  0.0    0  9.1 22 210   M    M   0        31 230
 9 104  80  92   2   0  27 0.00  0.0    0 13.1 25 200   M    M   0        35 200
10 102  79  91   1   0  26 0.00  0.0    0 11.8 25 220   M    M   0        34 180
11 102  74  88  -2   0  23 0.00  0.0    0  7.8 22 170   M    M   0        35 190
12 103  77  90   0   0  25 0.00  0.0    0  3.7 12 330   M    M   0        16 280
13 107  82  95   5   0  30 0.00  0.0    0  4.4 16 170   M    M   0        19 180
14 109  81  95   5   0  30 0.00  0.0    0  8.3 21 250   M    M   0        25 160
15 108  83  96   6   0  31 0.00  0.0    0  9.2 25 220   M    M   0        33 210
16 107  78  93   4   0  28 0.00  0.0    0  7.4 22 220   M    M   0        31 230
17 107  77  92   3   0  27 0.00  0.0    0  6.7 21 280   M    M   0        29 200
18 102  82  92   3   0  27    T  0.0    0  9.1 24 190   M    M   0        28 210
19 100  79  90   1   0  25 0.00  0.0    0  5.2 13 210   M    M   0        18 200
20 105  78  92   3   0  27 0.00  0.0    0  6.5 26 210   M    M   0        45 220
21 100  80  90   2   0  25 0.00  0.0    0 11.6 32  80   M    M   0        45  90
22  98  68  83  -5   0  18    T  0.0    0  7.8 33 360   M    M   1 3      43 360
23  91  69  80  -8   0  15    T  0.0    0  5.7 23 330   M    M   0        31 340
================================================================================
SM 2354 1795         0 584    T      0.0 190.0          M        8
================================================================================
AV102.3 78.0                               8.3 FASTST   M    M   0    MAX(MPH)
                                 MISC ---->  # 36  70               # 45  220
================================================================================
NOTES:
# LAST OF SEVERAL OCCURRENCES

COLUMN 17 PEAK WIND IN M.P.H.

PRELIMINARY LOCAL CLIMATOLOGICAL DATA (WS FORM: F-6) , PAGE 2

                                          STATION:  NORTH_LAS_VEGAS NV
                                          MONTH:    AUGUST
                                          YEAR:     2016
                                          LATITUDE:   36 12 N
                                          LONGITUDE: 115 12 W

[TEMPERATURE DATA]      [PRECIPITATION DATA]       SYMBOLS USED IN COLUMN 16

AVERAGE MONTHLY: 90.2   TOTAL FOR MONTH:      T    1 = FOG OR MIST
DPTR FM NORMAL:   0.3   DPTR FM NORMAL:   -0.35    2 = FOG REDUCING VISIBILITY
HIGHEST:   109 ON 14    GRTST 24HR    T  ON 23-23      TO 1/4 MILE OR LESS
LOWEST:     68 ON 22                               3 = THUNDER
                        SNOW, ICE PELLETS, HAIL    4 = ICE PELLETS
                        TOTAL MONTH:   0.0 INCH    5 = HAIL
                        GRTST 24HR     0.0         6 = FREEZING RAIN OR DRIZZLE
                        GRTST DEPTH:   0           7 = DUSTSTORM OR SANDSTORM:
                                                       VSBY 1/2 MILE OR LESS
                                                   8 = SMOKE OR HAZE
[NO. OF DAYS WITH]      [WEATHER - DAYS WITH]      9 = BLOWING SNOW
                                                   X = TORNADO
MAX 32 OR BELOW:   0    0.01 INCH OR MORE:   0
MAX 90 OR ABOVE:  22    0.10 INCH OR MORE:   0
MIN 32 OR BELOW:   0    0.50 INCH OR MORE:   0
MIN  0 OR BELOW:   0    1.00 INCH OR MORE:   0

[HDD (BASE 65) ]
TOTAL THIS MO.     0    CLEAR  (SCALE 0-3)  22
DPTR FM NORMAL     0    PTCLDY (SCALE 4-7)   1
TOTAL FM JUL 1     0    CLOUDY (SCALE 8-10)  0
DPTR FM NORMAL     0

[CDD (BASE 65) ]
TOTAL THIS MO.   584
DPTR FM NORMAL    12    [PRESSURE DATA]
TOTAL FM JAN 1  2715    HIGHEST SLP M ON M
DPTR FM NORMAL   247    LOWEST  SLP 29.62 ON  8

[REMARKS]
