000
CXUS53 KSGF 210800
CF6VIH
PRELIMINARY LOCAL CLIMATOLOGICAL DATA (WS FORM: F-6)

                                          STATION:   VICHY-ROLLA MO
                                          MONTH:     AUGUST
                                          YEAR:      2014
                                          LATITUDE:   38  7 N
                                          LONGITUDE:  91 46 W

  TEMPERATURE IN F:       :PCPN:    SNOW:  WIND      :SUNSHINE: SKY     :PK WND
================================================================================
1   2   3   4   5  6A  6B    7    8   9   10  11  12  13   14  15   16   17  18
                                     12Z  AVG MX 2MIN
DY MAX MIN AVG DEP HDD CDD  WTR  SNW DPTH SPD SPD DIR MIN PSBL S-S WX    SPD DR
================================================================================

 1  85  61  73  -5   0   8 0.00    M    M  6.4 14  80   M    M   2 1      17  80
 2  89  59  74  -4   0   9 0.00    M    M  5.1  9  50   M    M   0 1       M  M
 3  87  63  75  -3   0  10 0.00    M    M  6.0 15 330   M    M   2        17 340
 4  89  67  78   0   0  13 0.00    M    M  7.7 13 240   M    M   2 8      17 220
 5  91  71  81   3   0  16 0.00    M    M  8.4 17 340   M    M   3 3      23 260
 6  94  67  81   3   0  16 0.00    M    M  6.2 20 100   M    M   2 1      26 100
 7  80  68  74  -4   0   9 2.03    M    M  6.0 23 280   M    M   6 13     28 280
 8  81  67  74  -3   0   9 0.00    M    M  6.2 12 270   M    M   7 12     14 270
 9  83  68  76  -1   0  11 0.00    M    M  4.5 12 340   M    M   7 12     13 330
10  85  67  76  -1   0  11 0.01    M    M  3.5 12 360   M    M   6 123    14 360
11  83  63  73  -4   0   8 0.02    M    M  8.9 18 320   M    M   5 1      23 300
12  81  59  70  -7   0   5 0.00    M    M  7.6 18 330   M    M   1        24 340
13  82  55  69  -8   0   4 0.00    M    M  2.9 13  20   M    M   2        15  20
14  85  57  71  -6   0   6 0.00    M    M  4.0 10 120   M    M   1        13 130
15  87  63  75  -2   0  10    T    M    M  7.3 12  20   M    M   2        14  20
16  86  68  77   0   0  12 0.81    M    M  8.3 18 190   M    M   7 138    24 210
17  77  67  72  -5   0   7 0.00    M    M  6.1 13 320   M    M   9 1      16 290
18  86  63  75  -1   0  10 0.00    M    M  3.5 10 230   M    M   4 12     13 220
19  89  68  79   3   0  14 0.01  0.0    0  6.2 13 210   M    M   0        16 270
20  92  70  81   5   0  16 0.19  0.0    0  7.1 40 250   M    M   1 38     56 240
================================================================================
SM 1712 1291         0 204  3.07     0.0 121.9          M       69
================================================================================
AV 85.6 64.6                               6.1 FASTST   M    M   3    MAX(MPH)
                                 MISC ---->  # 40 250               # 56  240
================================================================================
NOTES:
# LAST OF SEVERAL OCCURRENCES

COLUMN 17 PEAK WIND IN M.P.H.

PRELIMINARY LOCAL CLIMATOLOGICAL DATA (WS FORM: F-6) , PAGE 2

                                          STATION:  VICHY-ROLLA MO
                                          MONTH:    AUGUST
                                          YEAR:     2014
                                          LATITUDE:   38  7 N
                                          LONGITUDE:  91 46 W

[TEMPERATURE DATA]      [PRECIPITATION DATA]       SYMBOLS USED IN COLUMN 16

AVERAGE MONTHLY: 75.1   TOTAL FOR MONTH:   3.07    1 = FOG OR MIST
DPTR FM NORMAL:  -2.1   DPTR FM NORMAL:    0.73    2 = FOG REDUCING VISIBILITY
HIGHEST:    94 ON  6    GRTST 24HR  2.03 ON  7- 7      TO 1/4 MILE OR LESS
LOWEST:     55 ON 13                               3 = THUNDER
                        SNOW, ICE PELLETS, HAIL    4 = ICE PELLETS
                        TOTAL MONTH:   0.0 INCH    5 = HAIL
                        GRTST 24HR     0.0         6 = FREEZING RAIN OR DRIZZLE
                        GRTST DEPTH:   0           7 = DUSTSTORM OR SANDSTORM:
                                                       VSBY 1/2 MILE OR LESS
                                                   8 = SMOKE OR HAZE
[NO. OF DAYS WITH]      [WEATHER - DAYS WITH]      9 = BLOWING SNOW
                                                   X = TORNADO
MAX 32 OR BELOW:   0    0.01 INCH OR MORE:   6
MAX 90 OR ABOVE:   3    0.10 INCH OR MORE:   3
MIN 32 OR BELOW:   0    0.50 INCH OR MORE:   2
MIN  0 OR BELOW:   0    1.00 INCH OR MORE:   1

[HDD (BASE 65) ]
TOTAL THIS MO.     0    CLEAR  (SCALE 0-3)  12
DPTR FM NORMAL     0    PTCLDY (SCALE 4-7)   7
TOTAL FM JUL 1     3    CLOUDY (SCALE 8-10)  1
DPTR FM NORMAL     2

[CDD (BASE 65) ]
TOTAL THIS MO.   204
DPTR FM NORMAL   -40    [PRESSURE DATA]
TOTAL FM JAN 1   850    HIGHEST SLP M ON M
DPTR FM NORMAL  -118    LOWEST  SLP 29.78 ON 19

[REMARKS]
