000
CXUS52 KTAE 300800
CF6VLD
PRELIMINARY LOCAL CLIMATOLOGICAL DATA (WS FORM: F-6)

                                          STATION:   VALDOSTA
                                          MONTH:     JANUARY
                                          YEAR:      2015
                                          LATITUDE:   30 46 N
                                          LONGITUDE:  83 17 W

  TEMPERATURE IN F:       :PCPN:    SNOW:  WIND      :SUNSHINE: SKY     :PK WND
================================================================================
1   2   3   4   5  6A  6B    7    8   9   10  11  12  13   14  15   16   17  18
                                     12Z  AVG MX 2MIN
DY MAX MIN AVG DEP HDD CDD  WTR  SNW DPTH SPD SPD DIR MIN PSBL S-S WX    SPD DR
================================================================================

 1  62  45  54   3  11   0 0.00  0.0    0  3.8 10  30   M    M   9        13  30
 2  68  54  61  11   4   0 0.00  0.0    0  4.9 10  90   M    M  10 1      14  80
 3  78  60  69  19   0   4    T  0.0    0  7.4 18 180   M    M   9 1      25 170
 4  73  55  64  14   1   0 0.81  0.0    0  5.9 16 180   M    M  10 12     23 250
 5  59  40  50   0  15   0 0.00  0.0    0  5.4 10  16   M    M   M        19 360
 6  63  35  49  -1  16   0 0.00  0.0    0  1.2  8 320   M    M   1 1      16 290
 7  62  34  48  -2  17   0 0.00  0.0    0  3.8 20 360   M    M   1        29 360
 8  41  23  32 -18  33   0 0.00  0.0    0  9.4 24  10   M    M   1        30  10
 9  52  35  44  -6  21   0 0.00  0.0    0  2.5 14  10   M    M   8        18 350
10  56  36  46  -4  19   0 0.00  0.0    0  6.2 17  10   M    M   3        22  10
11  62  44  53   3  12   0    T  0.0    0  7.0 13  70   M    M   7 1      17  60
12  65  51  58   8   7   0 1.54  0.0    0  2.1 13 180   M    M  10 123    14 180
13  62  55  59   9   6   0    T  0.0    0  5.0 12  20   M    M  10 1      14  30
14  55  46  51   1  14   0 0.00  0.0    0  7.2 14  10   M    M  10 1      16  10
15  46  41  44  -6  21   0 0.20    M    0  3.1  9  20   M    M  10 1      11  10
16  58  36  47  -3  18   0 0.01    M    0  2.7 12  10   M    M   2 1      15  10
17  64  32  48  -2  17   0 0.00  0.0    0  1.7  9 130   M    M   2 1      12 140
18  67  37  52   2  13   0 0.00  0.0    0  1.7 12 320   M    M   2 1      21 290
19  69  32  51   1  14   0 0.00  0.0    0  1.1  6 210   M    M   0        11  40
20  68  34  51   1  14   0 0.00  0.0    0  0.8  8 200   M    M   3        11 200
21  74  44  59   9   6   0 0.00  0.0    0  0.9  8 320   M    M   2 1      13  20
22  71  48  60  10   5   0 0.00  0.0    0  5.6 10  40   M    M   6 1      16  50
23  67  55  61  11   4   0 1.93  0.0    0  9.2 17 130   M    M  10 13     25 140
24  67  37  52   2  13   0 0.07    M    0  4.4 12 290   M    M   6 1      25 310
25  62  32  47  -3  18   0 0.00  0.0    0  4.0 12 180   M    M   1 1      17 190
26  57  37  47  -4  18   0 0.00  0.0    0  5.2 15 310   M    M   4        22 320
27  62  34  48  -3  17   0 0.00  0.0    0  2.2 12 320   M    M   1        21 300
28   M   M   M   M   M   M    M    M    M   M   M   M   M    M   M         M  M
29  66  31  49  -2  16   0 0.00  0.0    0  3.4 14 170   M    M   0 1      17 170
================================================================================
SM 1756 1143       370   4  4.56     0.0 117.8          M      138
================================================================================
AV 62.7 40.8                               4.2 FASTST   M    M   5    MAX(MPH)
                                 MISC ---->  # 24  10               # 30   10
================================================================================
NOTES:
# LAST OF SEVERAL OCCURRENCES

COLUMN 17 PEAK WIND IN M.P.H.

PRELIMINARY LOCAL CLIMATOLOGICAL DATA (WS FORM: F-6) , PAGE 2

                                          STATION:  VALDOSTA
                                          MONTH:    JANUARY
                                          YEAR:     2015
                                          LATITUDE:   30 46 N
                                          LONGITUDE:  83 17 W

[TEMPERATURE DATA]      [PRECIPITATION DATA]       SYMBOLS USED IN COLUMN 16

AVERAGE MONTHLY: 51.8   TOTAL FOR MONTH:   4.56    1 = FOG OR MIST
DPTR FM NORMAL:   1.6   DPTR FM NORMAL:    0.25    2 = FOG REDUCING VISIBILITY
HIGHEST:    78 ON  3    GRTST 24HR  2.00 ON 23-24      TO 1/4 MILE OR LESS
LOWEST:     23 ON  8                               3 = THUNDER
                        SNOW, ICE PELLETS, HAIL    4 = ICE PELLETS
                        TOTAL MONTH:   0.0 INCH    5 = HAIL
                        GRTST 24HR     0.0         6 = FREEZING RAIN OR DRIZZLE
                        GRTST DEPTH:   0           7 = DUSTSTORM OR SANDSTORM:
                                                       VSBY 1/2 MILE OR LESS
                                                   8 = SMOKE OR HAZE
[NO. OF DAYS WITH]      [WEATHER - DAYS WITH]      9 = BLOWING SNOW
                                                   X = TORNADO
MAX 32 OR BELOW:   0    0.01 INCH OR MORE:   6
MAX 90 OR ABOVE:   0    0.10 INCH OR MORE:   4
MIN 32 OR BELOW:   5    0.50 INCH OR MORE:   3
MIN  0 OR BELOW:   0    1.00 INCH OR MORE:   2

[HDD (BASE 65) ]
TOTAL THIS MO.   370    CLEAR  (SCALE 0-3)  13
DPTR FM NORMAL   -61    PTCLDY (SCALE 4-7)   5
TOTAL FM JUL 1  1009    CLOUDY (SCALE 8-10)  9
DPTR FM NORMAL   -35

[CDD (BASE 65) ]
TOTAL THIS MO.     4
DPTR FM NORMAL     4    [PRESSURE DATA]
TOTAL FM JAN 1     4    HIGHEST SLP 30.43 ON  5
DPTR FM NORMAL     4    LOWEST  SLP 29.78 ON 23

[REMARKS]
