000
CXUS52 KFFC 251110
CF6VPC
PRELIMINARY LOCAL CLIMATOLOGICAL DATA (WS FORM: F-6)

                                          STATION:   CARTERSVILLE
                                          MONTH:     MAY
                                          YEAR:      2015
                                          LATITUDE:   34  7 N
                                          LONGITUDE:  84 51 W

  TEMPERATURE IN F:       :PCPN:    SNOW:  WIND      :SUNSHINE: SKY     :PK WND
================================================================================
1   2   3   4   5  6A  6B    7    8   9   10  11  12  13   14  15   16   17  18
                                     12Z  AVG MX 2MIN
DY MAX MIN AVG DEP HDD CDD  WTR  SNW DPTH SPD SPD DIR MIN PSBL S-S WX    SPD DR
================================================================================

 1  69  43  56  -7   9   0 0.00    M    M  4.8 20 360   M    M   0        27 360
 2  76  41  59  -5   6   0 0.00  0.0    M  0.6  8 360   M    M   0 1      11 350
 3  80  44  62  -2   3   0 0.00  0.0    M  1.6  9 160   M    M   2 1      17 170
 4  82  47  65   1   0   0 0.00  0.0    M  0.9  8 140   M    M   2 1      11 150
 5  82  50  66   1   0   1 0.00  0.0    M  2.5 12 140   M    M   0 1      17 160
 6  83  50  67   2   0   2 0.00  0.0    M  1.7 10 130   M    M   0 1      15 140
 7  86  50  68   3   0   3 0.00  0.0    M  1.3 12 160   M    M   1 1      20  90
 8  87  56  72   7   0   7 0.00  0.0    M  0.1  7  60   M    M   0 18     11  70
 9  87  61  74   8   0   9 0.00  0.0    M  2.3 12 130   M    M   1 1      15 100
10  88  62  75   9   0  10 0.00  0.0    M  2.1  8 160   M    M   1        12 110
11  90  62  76  10   0  11 0.00  0.0    M  2.7 13 170   M    M   1 1      16 220
12  84  62  73   6   0   8 0.67  0.0    M  1.2 16 200   M    M   3 138    24 180
13  83  55  69   2   0   4 0.00  0.0    M  3.2 13  10   M    M   0        17 360
14  84  50  67   0   0   2 0.00  0.0    M  4.0 13 110   M    M   0        19  70
15  81  60  71   4   0   6 0.00    M    M  4.0 13 160   M    M   4        16 160
16  84  61  73   5   0   8 0.01    M    M  3.9 12 170   M    M   3        15 140
17  83  65  74   6   0   9 0.01    M    M  2.2 12 120   M    M   5 13     16 110
18  86  66  76   8   0  11 0.04    M    M  1.6 12 190   M    M   5 13     17 190
19  84  64  74   5   0   9    T    M    M  1.3 12 350   M    M   2        15 350
20  88  64  76   7   0  11    T    M    M  1.5  8 350   M    M   2        12 360
21  76  54  65  -4   0   0 0.00    M    M  5.3 12 350   M    M   8        20 340
22  77  46  62  -7   3   0 0.00    M    M  3.4 12  20   M    M   0        14  20
23  82  47  65  -5   0   0 0.00    M    M  4.3 15 160   M    M   0        20 170
24  84  55  70   0   0   5 0.00    M    M  5.8 14 150   M    M   2        20 170
================================================================================
SM 1986 1315        21 116  0.73     0.0  62.3          M       42
================================================================================
AV 82.8 54.8                               2.6 FASTST   M    M   2    MAX(MPH)
                                 MISC ---->  # 20 360               # 27  360
================================================================================
NOTES:
# LAST OF SEVERAL OCCURRENCES

COLUMN 17 PEAK WIND IN M.P.H.

PRELIMINARY LOCAL CLIMATOLOGICAL DATA (WS FORM: F-6) , PAGE 2

                                          STATION:  CARTERSVILLE
                                          MONTH:    MAY
                                          YEAR:     2015
                                          LATITUDE:   34  7 N
                                          LONGITUDE:  84 51 W

[TEMPERATURE DATA]      [PRECIPITATION DATA]       SYMBOLS USED IN COLUMN 16

AVERAGE MONTHLY: 68.8   TOTAL FOR MONTH:   0.73    1 = FOG OR MIST
DPTR FM NORMAL:   2.1   DPTR FM NORMAL:   -2.41    2 = FOG REDUCING VISIBILITY
HIGHEST:    90 ON 11    GRTST 24HR  0.67 ON 12-12      TO 1/4 MILE OR LESS
LOWEST:     41 ON  2                               3 = THUNDER
                        SNOW, ICE PELLETS, HAIL    4 = ICE PELLETS
                        TOTAL MONTH:   0.0 INCH    5 = HAIL
                        GRTST 24HR     0.0         6 = FREEZING RAIN OR DRIZZLE
                        GRTST DEPTH:  M  ON   M    7 = DUSTSTORM OR SANDSTORM:
                                                       VSBY 1/2 MILE OR LESS
                                                   8 = SMOKE OR HAZE
[NO. OF DAYS WITH]      [WEATHER - DAYS WITH]      9 = BLOWING SNOW
                                                   X = TORNADO
MAX 32 OR BELOW:   0    0.01 INCH OR MORE:   4
MAX 90 OR ABOVE:   1    0.10 INCH OR MORE:   1
MIN 32 OR BELOW:   0    0.50 INCH OR MORE:   1
MIN  0 OR BELOW:   0    1.00 INCH OR MORE:   0

[HDD (BASE 65) ]
TOTAL THIS MO.    21    CLEAR  (SCALE 0-3)  18
DPTR FM NORMAL   -19    PTCLDY (SCALE 4-7)   6
TOTAL FM JUL 1  3317    CLOUDY (SCALE 8-10)  0
DPTR FM NORMAL    53

[CDD (BASE 65) ]
TOTAL THIS MO.   116
DPTR FM NORMAL    35    [PRESSURE DATA]
TOTAL FM JAN 1   161    HIGHEST SLP M ON M
DPTR FM NORMAL    55    LOWEST  SLP 29.85 ON M

[REMARKS]
