000
CXUS51 KBTV 300700
CF6VSF
PRELIMINARY LOCAL CLIMATOLOGICAL DATA (WS FORM: F-6)

                                          STATION:   SPRINGFIELD VT
                                          MONTH:     AUGUST
                                          YEAR:      2014
                                          LATITUDE:   43 19 N
                                          LONGITUDE:  72 31 W

  TEMPERATURE IN F:       :PCPN:    SNOW:  WIND      :SUNSHINE: SKY     :PK WND
================================================================================
1   2   3   4   5  6A  6B    7    8   9   10  11  12  13   14  15   16   17  18
                                     12Z  AVG MX 2MIN
DY MAX MIN AVG DEP HDD CDD  WTR  SNW DPTH SPD SPD DIR MIN PSBL S-S WX    SPD DR
================================================================================

 1  82  57  70   1   0   5 0.00  0.0    0  2.0  9 170   M    M   6 12     13 160
 2  79  59  69   1   0   4 0.00  0.0    0  2.4 13 170   M    M   4 12     16 160
 3  79  56  68   0   0   3 0.00  0.0    0  1.6  8 140   M    M   5 12     11 150
 4  80  60  70   2   0   5 0.03  0.0    0  1.3 12  10   M    M   7 12     15  10
 5  85  60  73   5   0   8    T  0.0    0  2.4 16 290   M    M   6 12     26 290
 6  78  54  66  -2   0   1 0.05  0.0    0  3.8 18 270   M    M   5 12     23 280
 7  72  52  62  -6   3   0 0.40  0.0    0  2.7 15 270   M    M   6 123    21 360
 8  78  51  65  -3   0   0 0.00  0.0    0  3.1 14 300   M    M   4 12     20 280
 9  81  51  66  -2   0   1 0.00  0.0    0  1.4 12 280   M    M   3 12     16 280
10  84  50  67  -1   0   2 0.00  0.0    0  0.9  9  10   M    M   1 12     14  40
11  84  54  69   1   0   4 0.00  0.0    0  2.1 10 180   M    M   3 12     14 140
12  78  57  68   0   0   3 0.00  0.0    0  2.8 15 190   M    M   5 12     21 180
13  69  57  63  -5   2   0 1.88  0.0    0  3.2 12  50   M    M  10 123    16  50
14  70  50  60  -8   5   0 0.00  0.0    0  4.0 17 280   M    M   5 12     26 320
15  67  50  59  -9   6   0    T  0.0    0  3.6 10 230   M    M  10 12      M  M
16  72  51  62  -5   3   0 0.02  0.0    0  3.3 13 250   M    M   3        19 180
17  72  53  63  -4   2   0    T  0.0    0  2.1 13 280   M    M   8        20 300
18  72  49  61  -6   4   0 0.00  0.0    0  3.7 16 290   M    M   4        22 280
19  76  44  60  -7   5   0 0.00  0.0    0  1.0  8 140   M    M   3 12     11 100
20  81  50  66  -1   0   1 0.00  0.0    0  1.5  9 150   M    M   5 12     14 150
21  67  58  63  -4   2   0 0.29  0.0    0  0.8  8 100   M    M  10 1      11  90
22  64  57  61  -6   4   0 0.71  0.0    0  0.0  3  40   M    M  10 1       6 150
23  74  55  65  -1   0   0    T  0.0    0  1.2  8  70   M    M   7 12     12  50
24  81  53  67   1   0   2 0.00  0.0    0  1.8  9  60   M    M   4 12     14  10
25  85  54  70   4   0   5 0.00  0.0    0  1.0  7  60   M    M   4 12     10 110
26  85  54  70   4   0   5 0.00  0.0    0  2.2 15 270   M    M   3 12     19 280
27  86  57  72   6   0   7    T  0.0    0  3.5 13 250   M    M   2        17 270
28  74  55  65  -1   0   0 0.00  0.0    0  5.0 16 310   M    M   4        23 320
29  75  47  61  -4   4   0 0.00  0.0    0  2.2 12  60   M    M   1 1      14  60
================================================================================
SM 2230 1555        40  56  3.38     0.0  66.6          M      148
================================================================================
AV 76.9 53.6                               2.3 FASTST   M    M   5    MAX(MPH)
                                 MISC ---->  # 18 270               # 26  290
================================================================================
NOTES:
# LAST OF SEVERAL OCCURRENCES

COLUMN 17 PEAK WIND IN M.P.H.

PRELIMINARY LOCAL CLIMATOLOGICAL DATA (WS FORM: F-6) , PAGE 2

                                          STATION:  SPRINGFIELD VT
                                          MONTH:    AUGUST
                                          YEAR:     2014
                                          LATITUDE:   43 19 N
                                          LONGITUDE:  72 31 W

[TEMPERATURE DATA]      [PRECIPITATION DATA]       SYMBOLS USED IN COLUMN 16

AVERAGE MONTHLY: 65.3   TOTAL FOR MONTH:   3.38    1 = FOG OR MIST
DPTR FM NORMAL:  -2.0   DPTR FM NORMAL:   -0.20    2 = FOG REDUCING VISIBILITY
HIGHEST:    86 ON 27    GRTST 24HR  1.88 ON 13-13      TO 1/4 MILE OR LESS
LOWEST:     44 ON 19                               3 = THUNDER
                        SNOW, ICE PELLETS, HAIL    4 = ICE PELLETS
                        TOTAL MONTH:   0.0 INCH    5 = HAIL
                        GRTST 24HR     0.0         6 = FREEZING RAIN OR DRIZZLE
                        GRTST DEPTH:   0           7 = DUSTSTORM OR SANDSTORM:
                                                       VSBY 1/2 MILE OR LESS
                                                   8 = SMOKE OR HAZE
[NO. OF DAYS WITH]      [WEATHER - DAYS WITH]      9 = BLOWING SNOW
                                                   X = TORNADO
MAX 32 OR BELOW:   0    0.01 INCH OR MORE:   7
MAX 90 OR ABOVE:   0    0.10 INCH OR MORE:   4
MIN 32 OR BELOW:   0    0.50 INCH OR MORE:   2
MIN  0 OR BELOW:   0    1.00 INCH OR MORE:   1

[HDD (BASE 65) ]
TOTAL THIS MO.    40    CLEAR  (SCALE 0-3)   8
DPTR FM NORMAL     6    PTCLDY (SCALE 4-7)  17
TOTAL FM JUL 1    47    CLOUDY (SCALE 8-10)  4
DPTR FM NORMAL    -4

[CDD (BASE 65) ]
TOTAL THIS MO.    56
DPTR FM NORMAL   -45    [PRESSURE DATA]
TOTAL FM JAN 1   233    HIGHEST SLP M ON M
DPTR FM NORMAL   -83    LOWEST  SLP 29.70 ON 13

[REMARKS]
