776
CXUS56 KPQR 241200
CF6VUO
PRELIMINARY LOCAL CLIMATOLOGICAL DATA (WS FORM: F-6)

                                          STATION:   VANCOUVER WA
                                          MONTH:     FEBRUARY
                                          YEAR:      2018
                                          LATITUDE:   45 37 N
                                          LONGITUDE: 122 39 W

  TEMPERATURE IN F:       :PCPN:    SNOW:  WIND      :SUNSHINE: SKY     :PK WND
================================================================================
1   2   3   4   5  6A  6B    7    8   9   10  11  12  13   14  15   16   17  18
                                     12Z  AVG MX 2MIN
DY MAX MIN AVG DEP HDD CDD  WTR  SNW DPTH SPD SPD DIR MIN PSBL S-S WX    SPD DR
================================================================================

 1  51  41  46   3  19   0 0.12    M    0  2.7 12 120   M    M  10 1      14 120
 2  60  43  52   9  13   0    T    M    0  2.8 10 210   M    M   7 12     15 210
 3  57  45  51   8  14   0 0.02    M    0  0.6  7 280   M    M   9 1      10 190
 4  60  45  53  10  12   0 0.00  0.0    0  2.3  9 260   M    M   9        13 260
 5  58  38  48   5  17   0 0.00  0.0    0  0.7  6 210   M    M   3 1       7 200
 6  52  35  44   1  21   0 0.00  0.0    0  1.4  7 120   M    M   8 1       9 120
 7  59  36  48   5  17   0 0.00  0.0    0  0.1  5 210   M    M   1 1       5 220
 8  55  37  46   3  19   0 0.00  0.0    0  1.9  9 320   M    M   7 128    13 310
 9  51  37  44   1  21   0    T  0.0    0  2.9  9 300   M    M   7        13 330
10  50  32  41  -2  24   0 0.00  0.0    0  3.1 10 290   M    M   3        13 290
11  49  34  42  -1  23   0    T  0.0    0  3.1 12 290   M    M   5        14 300
12  49  28  39  -4  26   0 0.00  0.0    0  4.6 17  80   M    M   1        25  60
13  51  23  37  -6  28   0    T  0.0    0  1.2  7 120   M    M   1         9 210
14  47  33  40  -3  25   0 0.32    M    0  2.7 14 270   M    M   8 1      17 270
15  49  38  44   1  21   0 0.07    M    0  2.1  9 270   M    M   8 1      11 250
16  50  42  46   3  19   0 0.07    M    0  5.8 12 190   M    M  10 1      17 180
17  56  42  49   5  16   0 0.07    M    0  8.6 24 260   M    M  10 1      34 240
18  43  32  38  -6  27   0 0.17    M    0  7.1 15 190   M    M   7 1      21 190
19  40  28  34 -10  31   0 0.01    M    M  2.8 13 300   M    M   7        17 270
20  34  31  33 -11  32   0 0.25    M    M  6.7 14 110   M    M   9 1      17 120
21  36  20  28 -16  37   0 0.03    M    M  2.5 12 110   M    M   4 12     14 120
22  39  29  34 -10  31   0 0.04    M    M  3.4 13 290   M    M   9 1      16 290
23  39  22  31 -13  34   0    T    M    0  6.1 16 200   M    M   6        24 220
================================================================================
SM 1135  791       527   0  1.17     0.0  75.2          M      149
================================================================================
AV 49.4 34.4                               3.3 FASTST   M    M   6    MAX(MPH)
                                 MISC ---->  # 24 260               # 34  240
================================================================================
NOTES:
# LAST OF SEVERAL OCCURRENCES

COLUMN 17 PEAK WIND IN M.P.H.

PRELIMINARY LOCAL CLIMATOLOGICAL DATA (WS FORM: F-6) , PAGE 2

                                          STATION:  VANCOUVER WA
                                          MONTH:    FEBRUARY
                                          YEAR:     2018
                                          LATITUDE:   45 37 N
                                          LONGITUDE: 122 39 W

[TEMPERATURE DATA]      [PRECIPITATION DATA]       SYMBOLS USED IN COLUMN 16

AVERAGE MONTHLY: 41.9   TOTAL FOR MONTH:   1.17    1 = FOG OR MIST
DPTR FM NORMAL:  -1.4   DPTR FM NORMAL:   -2.12    2 = FOG REDUCING VISIBILITY
HIGHEST:    60 ON  4, 2 GRTST 24HR  0.32 ON 14-14      TO 1/4 MILE OR LESS
LOWEST:     20 ON 21                               3 = THUNDER
                        SNOW, ICE PELLETS, HAIL    4 = ICE PELLETS
                        TOTAL MONTH:   0.0 INCH    5 = HAIL
                        GRTST 24HR     0.0         6 = FREEZING RAIN OR DRIZZLE
                        GRTST DEPTH:   0           7 = DUSTSTORM OR SANDSTORM:
                                                       VSBY 1/2 MILE OR LESS
                                                   8 = SMOKE OR HAZE
[NO. OF DAYS WITH]      [WEATHER - DAYS WITH]      9 = BLOWING SNOW
                                                   X = TORNADO
MAX 32 OR BELOW:   0    0.01 INCH OR MORE:  11
MAX 90 OR ABOVE:   0    0.10 INCH OR MORE:   4
MIN 32 OR BELOW:   9    0.50 INCH OR MORE:   0
MIN  0 OR BELOW:   0    1.00 INCH OR MORE:   0

[HDD (BASE 65) ]
TOTAL THIS MO.   527    CLEAR  (SCALE 0-3)   5
DPTR FM NORMAL    28    PTCLDY (SCALE 4-7)  11
TOTAL FM JUL 1  2914    CLOUDY (SCALE 8-10)  7
DPTR FM NORMAL   -97

[CDD (BASE 65) ]
TOTAL THIS MO.     0
DPTR FM NORMAL     0    [PRESSURE DATA]
TOTAL FM JAN 1     0    HIGHEST SLP M ON M
DPTR FM NORMAL     0    LOWEST  SLP 29.70 ON 18

[REMARKS]
