000
CXUS55 KLOX 261655
CF6WJF
PRELIMINARY LOCAL CLIMATOLOGICAL DATA (WS FORM: F-6)

                                          STATION:   LANCASTER FOX FIELD CA
                                          MONTH:     FEBRUARY
                                          YEAR:      2017
                                          LATITUDE:   34 43 N
                                          LONGITUDE: 118 13 W

  TEMPERATURE IN F:       :PCPN:    SNOW:  WIND      :SUNSHINE: SKY     :PK WND
================================================================================
1   2   3   4   5  6A  6B    7    8   9   10  11  12  13   14  15   16   17  18
                                     12Z  AVG MX 2MIN
DY MAX MIN AVG DEP HDD CDD  WTR  SNW DPTH SPD SPD DIR MIN PSBL S-S WX    SPD DR
================================================================================

 1  67  29  48   2  17   0 0.00  0.0    0  5.6 23 250   M    M   0        27 250
 2  64  44  54   8  11   0 0.00  0.0    0 10.1 23 260   M    M   3        27 250
 3  63  46  55   9  10   0    T    M    0 13.5 26 220   M    M   5        35 220
 4  62  43  53   6  12   0 0.00  0.0    0 13.0 24 260   M    M   1        28 260
 5  59  32  46  -1  19   0 0.00  0.0    0  7.7 31 220   M    M   2        41 230
 6  58  48  53   6  12   0 0.00  0.0    0 16.9 33 250   M    M   7 8      38 240
 7  63  52  58  11   7   0 0.00  0.0    0 20.4 32 230   M    M   1        43 220
 8  71  51  61  14   4   0 0.00  0.0    0 10.1 20 270   M    M   1        25 230
 9  76  41  59  12   6   0 0.00  0.0    0  8.8 23 210   M    M   0        27 220
10  62  52  57   9   8   0 0.19  0.0    0 11.0 25 260   M    M   7 1      29 260
11  60  47  54   6  11   0 0.08    M    0 11.4 23 270   M    M   6 1      27 270
12  66  41  54   6  11   0 0.00  0.0    0  8.4 22  60   M    M   4        28  70
13  69  35  52   4  13   0 0.00  0.0    0  4.9 12 290   M    M   0        18 150
14  71  40  56   8   9   0 0.00  0.0    0  4.9 16  50   M    M   0        19  50
15  72  30  51   3  14   0 0.00  0.0    0  3.2 10 290   M    M   0        11 290
16  68  36  52   4  13   0 0.08    M    0  9.8 32 270   M    M   4 8      37 270
17  55  44  50   1  15   0 1.43    M    0  9.4 26 210   M    M  10 1      34 160
18  58  43  51   2  14   0 0.02    M    0  9.2 23 260   M    M   6        27 260
19  57  45  51   2  14   0    T    M    0 18.0 28 230   M    M   2        35 220
20  59  48  54   5  11   0 0.00  0.0    0 15.2 25 240   M    M   7        30 210
21  60  49  55   6  10   0 0.00  0.0    0 13.3 24 220   M    M   4        29 220
22  54  40  47  -3  18   0 0.00  0.0    0 19.3 31 270   M    M   2        35 270
23  48  34  41  -9  24   0 0.00  0.0    0 15.5 28 290   M    M   1        36 280
24  54  31  43  -7  22   0 0.00  0.0    0  7.9 21 280   M    M   0        28 290
25  60  27  44  -6  21   0 0.00  0.0    0 11.4 24 290   M    M   2        29 210
================================================================================
SM 1556 1028       326   0  1.80     0.0 279.0          M       75
================================================================================
AV 62.2 41.1                              11.2 FASTST   M    M   3    MAX(MPH)
                                 MISC ---->  # 33 250               # 43  220
================================================================================
NOTES:
# LAST OF SEVERAL OCCURRENCES

COLUMN 17 PEAK WIND IN M.P.H.

PRELIMINARY LOCAL CLIMATOLOGICAL DATA (WS FORM: F-6) , PAGE 2

                                          STATION:  LANCASTER FOX FIELD CA
                                          MONTH:    FEBRUARY
                                          YEAR:     2017
                                          LATITUDE:   34 43 N
                                          LONGITUDE: 118 13 W

[TEMPERATURE DATA]      [PRECIPITATION DATA]       SYMBOLS USED IN COLUMN 16

AVERAGE MONTHLY: 51.7   TOTAL FOR MONTH:   1.80    1 = FOG OR MIST
DPTR FM NORMAL:   3.6   DPTR FM NORMAL:    0.18    2 = FOG REDUCING VISIBILITY
HIGHEST:    76 ON  9    GRTST 24HR  1.47 ON 16-17      TO 1/4 MILE OR LESS
LOWEST:     27 ON 25                               3 = THUNDER
                        SNOW, ICE PELLETS, HAIL    4 = ICE PELLETS
                        TOTAL MONTH:   0.0 INCH    5 = HAIL
                        GRTST 24HR     0.0         6 = FREEZING RAIN OR DRIZZLE
                        GRTST DEPTH:   0           7 = DUSTSTORM OR SANDSTORM:
                                                       VSBY 1/2 MILE OR LESS
                                                   8 = SMOKE OR HAZE
[NO. OF DAYS WITH]      [WEATHER - DAYS WITH]      9 = BLOWING SNOW
                                                   X = TORNADO
MAX 32 OR BELOW:   0    0.01 INCH OR MORE:   5
MAX 90 OR ABOVE:   0    0.10 INCH OR MORE:   2
MIN 32 OR BELOW:   5    0.50 INCH OR MORE:   1
MIN  0 OR BELOW:   0    1.00 INCH OR MORE:   1

[HDD (BASE 65) ]
TOTAL THIS MO.   326    CLEAR  (SCALE 0-3)  15
DPTR FM NORMAL   -98    PTCLDY (SCALE 4-7)   9
TOTAL FM JUL 1  1941    CLOUDY (SCALE 8-10)  1
DPTR FM NORMAL  -308

[CDD (BASE 65) ]
TOTAL THIS MO.     0
DPTR FM NORMAL     0    [PRESSURE DATA]
TOTAL FM JAN 1     0    HIGHEST SLP M ON M
DPTR FM NORMAL     0    LOWEST  SLP 29.72 ON 19

[REMARKS]
