000
CXUS55 KLOX 191155
CF6WJF
PRELIMINARY LOCAL CLIMATOLOGICAL DATA (WS FORM: F-6)

                                          STATION:   LANCASTER FOX FIELD CA
                                          MONTH:     SEPTEMBER
                                          YEAR:      2014
                                          LATITUDE:   34 43 N
                                          LONGITUDE: 118 13 W

  TEMPERATURE IN F:       :PCPN:    SNOW:  WIND      :SUNSHINE: SKY     :PK WND
================================================================================
1   2   3   4   5  6A  6B    7    8   9   10  11  12  13   14  15   16   17  18
                                     12Z  AVG MX 2MIN
DY MAX MIN AVG DEP HDD CDD  WTR  SNW DPTH SPD SPD DIR MIN PSBL S-S WX    SPD DR
================================================================================

 1  98  62  80   2   0  15 0.00  0.0    0  9.8 23 240   M    M   0        29 240
 2  99  60  80   2   0  15 0.00  0.0    0 10.6 26 260   M    M   0        32 250
 3  94  67  81   3   0  16 0.00  0.0    0 16.1 26 220   M    M   0        33 220
 4  94  67  81   4   0  16 0.00  0.0    0 13.2 26 240   M    M   0        32 240
 5  96  54  75  -2   0  10 0.00  0.0    0  7.1 21 240   M    M   0        24 210
 6  98  58  78   1   0  13 0.00  0.0    0  7.8 25 250   M    M   0        30 250
 7  97  62  80   4   0  15 0.00  0.0    0  8.8 24 250   M    M   1        29 240
 8  90  69  80   4   0  15    T  0.0    0 12.2 26 230   M    M   4        35 250
 9  93  60  77   1   0  12 0.00  0.0    0 13.8 26 270   M    M   0        31 260
10  95  50  73  -3   0   8 0.00  0.0    0  4.3 16 240   M    M   0        19 240
11  98  54  76   1   0  11 0.00  0.0    0  5.3 21 240   M    M   0        24 250
12  99  58  79   4   0  14 0.00  0.0    0  4.5 20 250   M    M   0 8      22 240
13 101  61  81   6   0  16 0.00  0.0    0  6.3 20 240   M    M   0        26 260
14 101  61  81   7   0  16 0.00  0.0    0  4.9 18 260   M    M   0        22 250
15 102  65  84  10   0  19 0.00  0.0    0  6.5 21 240   M    M   0        26 260
16 101  68  85  11   0  20 0.00  0.0    0  8.4 26 280   M    M   1        32 270
17  99  65  82   9   0  17 0.00  0.0    0  8.1 24 230   M    M   0        29 230
18  86  65  76   3   0  11 0.00  0.0    0 15.7 28 220   M    M   0        33 220
================================================================================
SM 1741 1106         0 259    T      0.0 163.4          M        6
================================================================================
AV 96.7 61.4                               9.1 FASTST   M    M   0    MAX(MPH)
                                 MISC ---->  # 28 220                 35    M
================================================================================
NOTES:
# LAST OF SEVERAL OCCURRENCES

COLUMN 17 PEAK WIND IN M.P.H.

PRELIMINARY LOCAL CLIMATOLOGICAL DATA (WS FORM: F-6) , PAGE 2

                                          STATION:  LANCASTER FOX FIELD CA
                                          MONTH:    SEPTEMBER
                                          YEAR:     2014
                                          LATITUDE:   34 43 N
                                          LONGITUDE: 118 13 W

[TEMPERATURE DATA]      [PRECIPITATION DATA]       SYMBOLS USED IN COLUMN 16

AVERAGE MONTHLY: 79.1   TOTAL FOR MONTH:      T    1 = FOG OR MIST
DPTR FM NORMAL:   3.4   DPTR FM NORMAL:   -0.08    2 = FOG REDUCING VISIBILITY
HIGHEST:   102 ON 15    GRTST 24HR    T  ON  8- 8      TO 1/4 MILE OR LESS
LOWEST:     50 ON 10                               3 = THUNDER
                        SNOW, ICE PELLETS, HAIL    4 = ICE PELLETS
                        TOTAL MONTH:   0.0 INCH    5 = HAIL
                        GRTST 24HR     0.0         6 = FREEZING RAIN OR DRIZZLE
                        GRTST DEPTH:   0           7 = DUSTSTORM OR SANDSTORM:
                                                       VSBY 1/2 MILE OR LESS
                                                   8 = SMOKE OR HAZE
[NO. OF DAYS WITH]      [WEATHER - DAYS WITH]      9 = BLOWING SNOW
                                                   X = TORNADO
MAX 32 OR BELOW:   0    0.01 INCH OR MORE:   0
MAX 90 OR ABOVE:  17    0.10 INCH OR MORE:   0
MIN 32 OR BELOW:   0    0.50 INCH OR MORE:   0
MIN  0 OR BELOW:   0    1.00 INCH OR MORE:   0

[HDD (BASE 65) ]
TOTAL THIS MO.     0    CLEAR  (SCALE 0-3)  17
DPTR FM NORMAL     0    PTCLDY (SCALE 4-7)   1
TOTAL FM JUL 1     0    CLOUDY (SCALE 8-10)  0
DPTR FM NORMAL     0

[CDD (BASE 65) ]
TOTAL THIS MO.   259
DPTR FM NORMAL    64    [PRESSURE DATA]
TOTAL FM JAN 1  1910    HIGHEST SLP M ON M
DPTR FM NORMAL   156    LOWEST  SLP 29.64 ON M

[REMARKS]
