000
CXUS55 KLOX 281655
CF6WJF
PRELIMINARY LOCAL CLIMATOLOGICAL DATA (WS FORM: F-6)

                                          STATION:   LANCASTER FOX FIELD CA
                                          MONTH:     FEBRUARY
                                          YEAR:      2015
                                          LATITUDE:   34 43 N
                                          LONGITUDE: 118 13 W

  TEMPERATURE IN F:       :PCPN:    SNOW:  WIND      :SUNSHINE: SKY     :PK WND
================================================================================
1   2   3   4   5  6A  6B    7    8   9   10  11  12  13   14  15   16   17  18
                                     12Z  AVG MX 2MIN
DY MAX MIN AVG DEP HDD CDD  WTR  SNW DPTH SPD SPD DIR MIN PSBL S-S WX    SPD DR
================================================================================

 1  68  32  50   4  15   0 0.00  0.0    0  2.5  9 280   M    M   0        10 300
 2  70  33  52   6  13   0 0.00  0.0    0  2.7 13 300   M    M   0        13 290
 3  72  33  53   7  12   0 0.00  0.0    0  4.2 13 280   M    M   0        14 280
 4  76  32  54   7  11   0 0.00  0.0    0  2.6 12 290   M    M   0        15 230
 5  74  32  53   6  12   0 0.00  0.0    0  2.0 12 290   M    M   0        12 290
 6  74  39  57  10   8   0 0.00  0.0    M  8.2 21 240   M    M   0        26 240
 7  65  46  56   9   9   0    T    M    0 11.4 21 250   M    M   3        26 260
 8  73  40  57  10   8   0 0.00  0.0    0  8.7 22 220   M    M   0        26 220
 9  68  46  57  10   8   0 0.00  0.0    M 16.6 32 270   M    M   0 8      39 280
10  70  36  53   5  12   0 0.00  0.0    0  8.9 23 270   M    M   0        31 290
11  70  29  50   2  15   0 0.00  0.0    0  7.7 23  50   M    M   0        29  50
12  74  31  53   5  12   0 0.00  0.0    0  7.9 22  50   M    M   0        28  50
13  76  30  53   5  12   0 0.00  0.0    0  3.8 10 290   M    M   0        12  40
14  78  31  55   7  10   0 0.00  0.0    0  2.7 12 250   M    M   0        12 250
15  78  34  56   8   9   0 0.00  0.0    0  3.4 16 290   M    M   0        19 290
16  82  33  58  10   7   0 0.00  0.0    0  7.2 26 250   M    M   0 8      31 260
17  74  33  54   5  11   0 0.00  0.0    0  2.5 10 280   M    M   0        13 230
18  75  34  55   6  10   0 0.00  0.0    0  2.6 13 240   M    M   0        14 240
19  78  35  57   8   8   0 0.00  0.0    0  7.2 22 250   M    M   0        26 260
20  75  43  59  10   6   0 0.00  0.0    0  6.8 17 240   M    M   0        20 250
21  71  42  57   8   8   0 0.00  0.0    0 17.4 30 240   M    M   0 8      38 240
22  54  39  47  -3  18   0 0.39    M    0 12.3 24 230   M    M   6 1      31 230
23  54  35  45  -5  20   0 0.00  0.0    0  4.5 15  30   M    M   7        19  20
24  62  28  45  -5  20   0 0.00  0.0    0  3.4 12 290   M    M   0        13 280
25  70  29  50   0  15   0 0.00  0.0    0  6.8 28 280   M    M   0        36 280
26  70  41  56   6   9   0 0.00  0.0    0 12.3 29 270   M    M   0        32 270
27  62  45  54   4  11   0 0.00  0.0    0 19.7 33 220   M    M   0 8      39 270
================================================================================
SM 1913  961       309   0  0.39     0.0 196.0          M       16
================================================================================
AV 70.9 35.6                               7.3 FASTST   M    M   1    MAX(MPH)
                                 MISC ---->    33   M                 39    M
================================================================================
NOTES:
# LAST OF SEVERAL OCCURRENCES

COLUMN 17 PEAK WIND IN M.P.H.

PRELIMINARY LOCAL CLIMATOLOGICAL DATA (WS FORM: F-6) , PAGE 2

                                          STATION:  LANCASTER FOX FIELD CA
                                          MONTH:    FEBRUARY
                                          YEAR:     2015
                                          LATITUDE:   34 43 N
                                          LONGITUDE: 118 13 W

[TEMPERATURE DATA]      [PRECIPITATION DATA]       SYMBOLS USED IN COLUMN 16

AVERAGE MONTHLY: 53.2   TOTAL FOR MONTH:   0.39    1 = FOG OR MIST
DPTR FM NORMAL:   5.0   DPTR FM NORMAL:   -1.34    2 = FOG REDUCING VISIBILITY
HIGHEST:    82 ON 16    GRTST 24HR  0.39 ON 21-22      TO 1/4 MILE OR LESS
LOWEST:     28 ON 24                               3 = THUNDER
                        SNOW, ICE PELLETS, HAIL    4 = ICE PELLETS
                        TOTAL MONTH:   0.0 INCH    5 = HAIL
                        GRTST 24HR     0.0         6 = FREEZING RAIN OR DRIZZLE
                        GRTST DEPTH:   0           7 = DUSTSTORM OR SANDSTORM:
                                                       VSBY 1/2 MILE OR LESS
                                                   8 = SMOKE OR HAZE
[NO. OF DAYS WITH]      [WEATHER - DAYS WITH]      9 = BLOWING SNOW
                                                   X = TORNADO
MAX 32 OR BELOW:   0    0.01 INCH OR MORE:   1
MAX 90 OR ABOVE:   0    0.10 INCH OR MORE:   1
MIN 32 OR BELOW:   9    0.50 INCH OR MORE:   0
MIN  0 OR BELOW:   0    1.00 INCH OR MORE:   0

[HDD (BASE 65) ]
TOTAL THIS MO.   309    CLEAR  (SCALE 0-3)  25
DPTR FM NORMAL  -145    PTCLDY (SCALE 4-7)   2
TOTAL FM JUL 1  1853    CLOUDY (SCALE 8-10)  0
DPTR FM NORMAL  -426

[CDD (BASE 65) ]
TOTAL THIS MO.     0
DPTR FM NORMAL     0    [PRESSURE DATA]
TOTAL FM JAN 1     0    HIGHEST SLP M ON M
DPTR FM NORMAL     0    LOWEST  SLP 29.71 ON 27

[REMARKS]
