000
CXUS56 KLKN 271009
CF6WMC
PRELIMINARY LOCAL CLIMATOLOGICAL DATA (WS FORM: F-6)

                                          STATION:   WINNEMUCCA AIRPORT NV
                                          MONTH:     APRIL
                                          YEAR:      2017
                                          LATITUDE:   40 54 N
                                          LONGITUDE: 117 48 W

  TEMPERATURE IN F:       :PCPN:    SNOW:  WIND      :SUNSHINE: SKY     :PK WND
================================================================================
1   2   3   4   5  6A  6B    7    8   9   10  11  12  13   14  15   16   17  18
                                     12Z  AVG MX 2MIN
DY MAX MIN AVG DEP HDD CDD  WTR  SNW DPTH SPD SPD DIR MIN PSBL S-S WX    SPD DR
================================================================================

 1  62  25  44   0  21   0 0.00  0.0    0  5.0 12 280   M    M   0        15 250
 2  62  36  49   5  16   0    T  0.0    0  8.1 18 340   M    M   2        25 350
 3  54  31  43  -1  22   0 0.00  0.0    0  7.9 17  20   M    M   1        23  30
 4  61  24  43  -1  22   0 0.00  0.0    0  6.3 14  50   M    M   2        17  50
 5  72  39  56  12   9   0 0.00  0.0    0  8.5 22 160   M    M   1        29 150
 6  68  47  58  14   7   0 0.01  0.0    0  8.2 31 190   M    M   7        40 180
 7  57  38  48   4  17   0 0.13  0.0    0 15.5 31 200   M    M   6        43 200
 8  47  26  37  -8  28   0 0.21    T    0 10.5 30 280   M    M   7 1      38 270
 9  52  20  36  -9  29   0 0.00  0.0    0  7.2 16 210   M    M   0        24 150
10  57  24  41  -4  24   0 0.00  0.0    0  7.7 22 250   M    M   2        28 250
11  63  33  48   3  17   0 0.00  0.0    0  7.0 17 250   M    M   6        24 180
12  71  31  51   5  14   0 0.00  0.0    0  9.1 25 190   M    M   1 8      33 180
13  51  34  43  -3  22   0 0.26  0.0    0  8.5 25 280   M    M   7 1      32 290
14  50  24  37  -9  28   0 0.00  0.0    0  9.3 16 270   M    M   4        23 250
15  60  20  40  -6  25   0 0.00  0.0    0  5.7 14  70   M    M   0        18 110
16  70  33  52   6  13   0    T  0.0    0 11.6 35 220   M    M   3        44 220
17  61  46  54   7  11   0 0.01  0.0    0  8.2 21 220   M    M   8 1      26 220
18  56  43  50   3  15   0 0.04  0.0    0 10.6 18 150   M    M   6 1      24 140
19  62  30  46  -1  19   0 0.00  0.0    0  8.1 17 170   M    M   2        21 160
20  56  28  42  -6  23   0    T  0.0    0 10.5 30 320   M    M   5        35 310
21  60  21  41  -7  24   0 0.00  0.0    0  5.8 14  10   M    M   0        20  10
22  72  38  55   7  10   0 0.00  0.0    0  7.5 14  60   M    M   1        19 170
23  67  41  54   6  11   0 0.00  0.0    0 10.6 23 270   M    M   1        30 260
24  58  39  49   0  16   0 0.11  0.0    0 14.6 35 250   M    M   9 1      42 260
25  54  37  46  -3  19   0 0.01  0.0    0  6.6 16 220   M    M   6        21 240
26  61  35  48  -1  17   0 0.15  0.0    0 10.6 28 320   M    M   8 1      39 320
================================================================================
SM 1564  843       479   0  0.93    T    229.2          M       95
================================================================================
AV 60.2 32.4                               8.8 FASTST   M    M   4    MAX(MPH)
                                 MISC ---->  # 35 220               # 44  220
================================================================================
NOTES:
# LAST OF SEVERAL OCCURRENCES

COLUMN 17 PEAK WIND IN M.P.H.

PRELIMINARY LOCAL CLIMATOLOGICAL DATA (WS FORM: F-6) , PAGE 2

                                          STATION:  WINNEMUCCA AIRPORT NV
                                          MONTH:    APRIL
                                          YEAR:     2017
                                          LATITUDE:   40 54 N
                                          LONGITUDE: 117 48 W

[TEMPERATURE DATA]      [PRECIPITATION DATA]       SYMBOLS USED IN COLUMN 16

AVERAGE MONTHLY: 46.3   TOTAL FOR MONTH:   0.93    1 = FOG OR MIST
DPTR FM NORMAL:   0.2   DPTR FM NORMAL:    0.17    2 = FOG REDUCING VISIBILITY
HIGHEST:    72 ON 22, 5 GRTST 24HR  0.26 ON 13-13      TO 1/4 MILE OR LESS
LOWEST:     20 ON 15, 9                            3 = THUNDER
                        SNOW, ICE PELLETS, HAIL    4 = ICE PELLETS
                        TOTAL MONTH:    T          5 = HAIL
                        GRTST 24HR    T  ON  8- 8  6 = FREEZING RAIN OR DRIZZLE
                        GRTST DEPTH:   0           7 = DUSTSTORM OR SANDSTORM:
                                                       VSBY 1/2 MILE OR LESS
                                                   8 = SMOKE OR HAZE
[NO. OF DAYS WITH]      [WEATHER - DAYS WITH]      9 = BLOWING SNOW
                                                   X = TORNADO
MAX 32 OR BELOW:   0    0.01 INCH OR MORE:   9
MAX 90 OR ABOVE:   0    0.10 INCH OR MORE:   5
MIN 32 OR BELOW:  12    0.50 INCH OR MORE:   0
MIN  0 OR BELOW:   0    1.00 INCH OR MORE:   0

[HDD (BASE 65) ]
TOTAL THIS MO.   479    CLEAR  (SCALE 0-3)  13
DPTR FM NORMAL   -12    PTCLDY (SCALE 4-7)  12
TOTAL FM JUL 1  5544    CLOUDY (SCALE 8-10)  1
DPTR FM NORMAL  -275

[CDD (BASE 65) ]
TOTAL THIS MO.     0
DPTR FM NORMAL     0    [PRESSURE DATA]
TOTAL FM JAN 1     0    HIGHEST SLP M ON M
DPTR FM NORMAL     0    LOWEST  SLP 29.59 ON 13

[REMARKS]
