000
CXUS56 KLKN 231026
CF6WMC
PRELIMINARY LOCAL CLIMATOLOGICAL DATA (WS FORM: F-6)

                                          STATION:   WINNEMUCCA AIRPORT NV
                                          MONTH:     FEBRUARY
                                          YEAR:      2018
                                          LATITUDE:   40 54 N
                                          LONGITUDE: 117 48 W

  TEMPERATURE IN F:       :PCPN:    SNOW:  WIND      :SUNSHINE: SKY     :PK WND
================================================================================
1   2   3   4   5  6A  6B    7    8   9   10  11  12  13   14  15   16   17  18
                                     12Z  AVG MX 2MIN
DY MAX MIN AVG DEP HDD CDD  WTR  SNW DPTH SPD SPD DIR MIN PSBL S-S WX    SPD DR
================================================================================

 1  59  31  45  13  20   0    T  0.0    0  3.5 12 270   M    M   5        14 270
 2  62  23  43  11  22   0 0.00  0.0    0  4.2 12 120   M    M   0        14 260
 3  61  22  42   9  23   0 0.00  0.0    0  4.6 15 300   M    M   0        20 320
 4  63  21  42   9  23   0 0.00  0.0    0  5.3 13 170   M    M   0        16 230
 5  61  29  45  12  20   0 0.00  0.0    0  5.8 16 260   M    M   2        23 280
 6  54  17  36   3  29   0 0.00  0.0    0  4.6 12 150   M    M   0 8      14 280
 7  60  16  38   5  27   0 0.00  0.0    0  3.7  9 150   M    M   0        11 140
 8  65  19  42   8  23   0 0.00  0.0    0  3.2 13 150   M    M   0        16 270
 9  61  27  44  10  21   0 0.00  0.0    0  6.7 20 270   M    M   2        24 260
10  49  13  31  -3  34   0 0.00  0.0    0 10.7 26 340   M    M   2        35 350
11  41   8  25  -9  40   0 0.19  2.7    0  5.6 20 140   M    M   5 12     26 140
12  35  23  29  -5  36   0    T    T    3  6.9 15 340   M    M   8 12     18  30
13  44  11  28  -7  37   0 0.00  0.0    1  4.0 10 350   M    M   1        12  30
14  45  14  30  -5  35   0    T    T    T  9.1 24 230   M    M   5 8      31 220
15  42  16  29  -6  36   0 0.00  0.0    0  5.1 14 310   M    M   3        17 300
16  50  11  31  -4  34   0 0.00  0.0    0  5.7 14 220   M    M   0        20 240
17  60  15  38   2  27   0 0.00  0.0    0 10.9 25 230   M    M   0        36 230
18  52  25  39   3  26   0 0.01  0.2    0 13.2 30 300   M    M   9 18     45 290
19  33  15  24 -12  41   0 0.01  0.1    T  7.7 25 310   M    M   7        31 300
20  32   0  16 -20  49   0 0.00  0.0    0  5.2 13 230   M    M   2        19 250
21  38  14  26 -11  39   0 0.00  0.0    0  6.7 15 160   M    M   6        19 160
22  32  22  27 -10  38   0 0.21  3.6    0  6.5 15 330   M    M   8 12     19 170
================================================================================
SM 1099  392       680   0  0.42     6.6 138.9          M       65
================================================================================
AV 50.0 17.8                               6.3 FASTST   M    M   3    MAX(MPH)
                                 MISC ---->  # 30 300               # 45  290
================================================================================
NOTES:
# LAST OF SEVERAL OCCURRENCES

COLUMN 17 PEAK WIND IN M.P.H.

PRELIMINARY LOCAL CLIMATOLOGICAL DATA (WS FORM: F-6) , PAGE 2

                                          STATION:  WINNEMUCCA AIRPORT NV
                                          MONTH:    FEBRUARY
                                          YEAR:     2018
                                          LATITUDE:   40 54 N
                                          LONGITUDE: 117 48 W

[TEMPERATURE DATA]      [PRECIPITATION DATA]       SYMBOLS USED IN COLUMN 16

AVERAGE MONTHLY: 33.9   TOTAL FOR MONTH:   0.42    1 = FOG OR MIST
DPTR FM NORMAL:  -0.5   DPTR FM NORMAL:   -0.09    2 = FOG REDUCING VISIBILITY
HIGHEST:    65 ON  8    GRTST 24HR  0.21 ON 22-22      TO 1/4 MILE OR LESS
LOWEST:      0 ON 20                               3 = THUNDER
                        SNOW, ICE PELLETS, HAIL    4 = ICE PELLETS
                        TOTAL MONTH:   6.6 INCHES  5 = HAIL
                        GRTST 24HR   3.6 ON 22-22  6 = FREEZING RAIN OR DRIZZLE
                        GRTST DEPTH:   3 ON 12     7 = DUSTSTORM OR SANDSTORM:
                                                       VSBY 1/2 MILE OR LESS
                                                   8 = SMOKE OR HAZE
[NO. OF DAYS WITH]      [WEATHER - DAYS WITH]      9 = BLOWING SNOW
                                                   X = TORNADO
MAX 32 OR BELOW:   2    0.01 INCH OR MORE:   4
MAX 90 OR ABOVE:   0    0.10 INCH OR MORE:   2
MIN 32 OR BELOW:  22    0.50 INCH OR MORE:   0
MIN  0 OR BELOW:   1    1.00 INCH OR MORE:   0

[HDD (BASE 65) ]
TOTAL THIS MO.   680    CLEAR  (SCALE 0-3)  14
DPTR FM NORMAL     8    PTCLDY (SCALE 4-7)   5
TOTAL FM JUL 1  4002    CLOUDY (SCALE 8-10)  3
DPTR FM NORMAL  -423

[CDD (BASE 65) ]
TOTAL THIS MO.     0
DPTR FM NORMAL     0    [PRESSURE DATA]
TOTAL FM JAN 1     0    HIGHEST SLP M ON M
DPTR FM NORMAL     0    LOWEST  SLP 29.52 ON 18

[REMARKS]
