000
CXUS54 KFWD 270730
CF6XBP
PRELIMINARY LOCAL CLIMATOLOGICAL DATA (WS FORM: F-6)

                                          STATION:   BRIDGEPORT
                                          MONTH:     APRIL
                                          YEAR:      2017
                                          LATITUDE:   33 10 N
                                          LONGITUDE:  96 30 W

  TEMPERATURE IN F:       :PCPN:    SNOW:  WIND      :SUNSHINE: SKY     :PK WND
================================================================================
1   2   3   4   5  6A  6B    7    8   9   10  11  12  13   14  15   16   17  18
                                     12Z  AVG MX 2MIN
DY MAX MIN AVG DEP HDD CDD  WTR  SNW DPTH SPD SPD DIR MIN PSBL S-S WX    SPD DR
================================================================================

 1  70  54  62   4   3   0 0.35  0.0    0  6.3 13 130   M    M   7 3      20 130
 2  66  54  60   1   5   0 0.95  0.0    0  6.0 12 280   M    M  10 3      22  30
 3  78  46  62   3   3   0 0.00  0.0    0  3.0  7 270   M    M   1         M  M
 4  84  49  67   8   0   2 0.00  0.0    0 10.2 21 210   M    M   1        33 210
 5  69  45  57  -3   8   0 0.00  0.0    0 12.4 23 320   M    M   2        33 340
 6  74  40  57  -3   8   0 0.00  0.0    0  1.8  5 330   M    M   0         M  M
 7  78  43  61   1   4   0 0.00  0.0    0  6.2 14 170   M    M   0        20 170
 8  82  58  70  10   0   5 0.00  0.0    0 12.6 20 180   M    M   0        28 180
 9  83  64  74  13   0   9 0.00  0.0    0 13.6 20 200   M    M   1        27 200
10  74  64  69   8   0   4 0.00  0.0    0  5.9 13 190   M    M   8 3      17 190
11  77  55  66   5   0   1 0.00  0.0    0  6.0 10  40   M    M   2         M  M
12  75  54  65   3   0   0 0.00  0.0    0  4.7 12 120   M    M   7 1       M  M
13  78  57  68   6   0   3 0.08  0.0    0  6.4 15 190   M    M   8 13     20 190
14  79  62  71   9   0   6    M  0.0    0  9.3 16 160   M    M   4        22 180
15  80  62  71   9   0   6 0.00  0.0    0   M   M   M   M    M   M         M  M
16  79  64  72   9   0   7 0.00  0.0    0  7.5 14 170   M    M   4        18 170
17  76  55  66   3   0   1 2.43  0.0    0  4.6 18  60   M    M   4 13     33  40
18  79  54  67   4   0   2 0.00  0.0    0  3.7  8 150   M    M   6 1       M  M
19  80  64  72   8   0   7 0.00  0.0    0  8.1 14 190   M    M   4        21 170
20  81  66  74  10   0   9 0.00  0.0    0  7.5 14 180   M    M   4        24 170
21  84  56  70   6   0   5 0.16  0.0    0  9.0 16 200   M    M   5 3      25 350
22  62  50  56  -8   9   0 0.00  0.0    0 11.5 17 340   M    M   8        25 360
23  71  44  58  -6   7   0 0.00  0.0    0  6.1 12 360   M    M   0        18 330
24  78  43  61  -4   4   0 0.00  0.0    0  8.8 16 170   M    M   0        23 170
25  88  61  75  10   0  10 0.00  0.0    0 12.4 21 170   M    M   0        28 170
26  74  43  59  -6   6   0 0.00  0.0    0  8.3 18 330   M    M   5        25 330
================================================================================
SM 1999 1407        57  77  3.97     0.0 191.9          M       91
================================================================================
AV 76.9 54.1                               7.7 FASTST   M    M   4    MAX(MPH)
                                 MISC ---->  # 23 320               # 33  210
================================================================================
NOTES:
# LAST OF SEVERAL OCCURRENCES

COLUMN 17 PEAK WIND IN M.P.H.

PRELIMINARY LOCAL CLIMATOLOGICAL DATA (WS FORM: F-6) , PAGE 2

                                          STATION:  BRIDGEPORT
                                          MONTH:    APRIL
                                          YEAR:     2017
                                          LATITUDE:   33 10 N
                                          LONGITUDE:  96 30 W

[TEMPERATURE DATA]      [PRECIPITATION DATA]       SYMBOLS USED IN COLUMN 16

AVERAGE MONTHLY: 65.5   TOTAL FOR MONTH:   3.97    1 = FOG OR MIST
DPTR FM NORMAL:   3.6   DPTR FM NORMAL:    1.59    2 = FOG REDUCING VISIBILITY
HIGHEST:    88 ON 25    GRTST 24HR  2.43 ON 17-17      TO 1/4 MILE OR LESS
LOWEST:     40 ON  6                               3 = THUNDER
                        SNOW, ICE PELLETS, HAIL    4 = ICE PELLETS
                        TOTAL MONTH:   0.0 INCH    5 = HAIL
                        GRTST 24HR     0.0         6 = FREEZING RAIN OR DRIZZLE
                        GRTST DEPTH:   0           7 = DUSTSTORM OR SANDSTORM:
                                                       VSBY 1/2 MILE OR LESS
                                                   8 = SMOKE OR HAZE
[NO. OF DAYS WITH]      [WEATHER - DAYS WITH]      9 = BLOWING SNOW
                                                   X = TORNADO
MAX 32 OR BELOW:   0    0.01 INCH OR MORE:   5
MAX 90 OR ABOVE:   0    0.10 INCH OR MORE:   4
MIN 32 OR BELOW:   0    0.50 INCH OR MORE:   2
MIN  0 OR BELOW:   0    1.00 INCH OR MORE:   1

[HDD (BASE 65) ]
TOTAL THIS MO.    57    CLEAR  (SCALE 0-3)  11
DPTR FM NORMAL   -74    PTCLDY (SCALE 4-7)  12
TOTAL FM JUL 1  1792    CLOUDY (SCALE 8-10)  2
DPTR FM NORMAL -1137

[CDD (BASE 65) ]
TOTAL THIS MO.    77
DPTR FM NORMAL    28    [PRESSURE DATA]
TOTAL FM JAN 1   174    HIGHEST SLP M ON M
DPTR FM NORMAL   109    LOWEST  SLP M ON M

[REMARKS]
