000
CXAK56 PAJK 221332
CF6YAK
PRELIMINARY LOCAL CLIMATOLOGICAL DATA (WS FORM: F-6)

                                          STATION:   YAKUTAT
                                          MONTH:     FEBRUARY
                                          YEAR:      2018
                                          LATITUDE:   59 31 N
                                          LONGITUDE: 139 40 W

  TEMPERATURE IN F:       :PCPN:    SNOW:  WIND      :SUNSHINE: SKY     :PK WND
================================================================================
1   2   3   4   5  6A  6B    7    8   9   10  11  12  13   14  15   16   17  18
                                     12Z  AVG MX 2MIN
DY MAX MIN AVG DEP HDD CDD  WTR  SNW DPTH SPD SPD DIR MIN PSBL S-S WX    SPD DR
================================================================================

 1  29   8  19 -10  46   0 0.00  0.0    2  7.1 17  80   M    M   0        23  80
 2  32   4  18 -11  47   0 0.00  0.0    2  1.2 17  80   M    M   0 18     21 100
 3  35   4  20  -9  45   0 0.00  0.0    2  1.3  8 320   M    M   0 8       9 330
 4  33   1  17 -12  48   0 0.00  0.0    2  0.1  5  90   M    M   0 1       7  80
 5  32   9  21  -8  44   0 0.00  0.0    2  2.4  8  80   M    M   1 18     10  80
 6  35  29  32   3  33   0 0.06  0.2    2  5.7 12  80   M    M  10 16     14  80
 7  35  17  26  -3  39   0 0.00  0.0    2  3.3  9  90   M    M   6 1      12  90
 8  34  10  22  -7  43   0 0.00  0.0    2  1.2  9 120   M    M   0        13 120
 9  35   7  21  -8  44   0 0.00  0.0    M  0.0  3  60   M    M   1         5  90
10  35   9  22  -7  43   0 0.00  0.0    0  2.5  9  70   M    M   7        10  80
11  34  26  30   1  35   0 0.01    M    0  1.8  9  30   M    M  10 168    10  30
12  40  32  36   6  29   0 1.34  5.5    4  6.3 17 120   M    M  10 126    25 110
13  42  29  36   6  29   0 0.06    M    0  2.6 12  90   M    M   6 12     16  90
14  38  25  32   2  33   0 0.01  0.1    4  2.4  9 100   M    M   4 12     14 100
15  37  27  32   2  33   0 0.11  1.1    4  4.1 14 130   M    M  10 12     21 140
16  35  18  27  -3  38   0 0.00  0.0    4  2.1 10  80   M    M   2 12     12  90
17  40  15  28  -2  37   0 0.00  0.0    0  0.9  7  20   M    M   2 1       8  10
18  37  12  25  -5  40   0 0.00  0.0    0  0.3  5  50   M    M   2 1       5 100
19  39  19  29  -1  36   0 0.01    M    0  1.4  9 320   M    M   3 1      11 320
20  37  18  28  -2  37   0 0.00  0.0    4  0.9  5  70   M    M   4 1       5 270
21  38  17  28  -2  37   0 0.00  0.0    4  1.7  6  60   M    M   2 1       7  60
================================================================================
SM  752  336       816   0  1.60     6.9  49.3          M       80
================================================================================
AV 35.8 16.0                               2.3 FASTST   M    M   4    MAX(MPH)
                                 MISC ---->  # 17  80               # 25  110
================================================================================
NOTES:
# LAST OF SEVERAL OCCURRENCES

COLUMN 17 PEAK WIND IN M.P.H.

PRELIMINARY LOCAL CLIMATOLOGICAL DATA (WS FORM: F-6) , PAGE 2

                                          STATION:  YAKUTAT
                                          MONTH:    FEBRUARY
                                          YEAR:     2018
                                          LATITUDE:   59 31 N
                                          LONGITUDE: 139 40 W

[TEMPERATURE DATA]      [PRECIPITATION DATA]       SYMBOLS USED IN COLUMN 16

AVERAGE MONTHLY: 25.9   TOTAL FOR MONTH:   1.60    1 = FOG OR MIST
DPTR FM NORMAL:  -3.6   DPTR FM NORMAL:   -6.48    2 = FOG REDUCING VISIBILITY
HIGHEST:    42 ON 13    GRTST 24HR  1.34 ON 12-12      TO 1/4 MILE OR LESS
LOWEST:      1 ON  4                               3 = THUNDER
                        SNOW, ICE PELLETS, HAIL    4 = ICE PELLETS
                        TOTAL MONTH:   6.9 INCHES  5 = HAIL
                        GRTST 24HR   5.5 ON 12-12  6 = FREEZING RAIN OR DRIZZLE
                        GRTST DEPTH:   4 ON 21,20  7 = DUSTSTORM OR SANDSTORM:
                                                       VSBY 1/2 MILE OR LESS
                                                   8 = SMOKE OR HAZE
[NO. OF DAYS WITH]      [WEATHER - DAYS WITH]      9 = BLOWING SNOW
                                                   X = TORNADO
MAX 32 OR BELOW:   3    0.01 INCH OR MORE:   7
MAX 90 OR ABOVE:   0    0.10 INCH OR MORE:   2
MIN 32 OR BELOW:  21    0.50 INCH OR MORE:   1
MIN  0 OR BELOW:   0    1.00 INCH OR MORE:   1

[HDD (BASE 65) ]
TOTAL THIS MO.   816    CLEAR  (SCALE 0-3)  11
DPTR FM NORMAL    70    PTCLDY (SCALE 4-7)   6
TOTAL FM JUL 1  5575    CLOUDY (SCALE 8-10)  4
DPTR FM NORMAL  -297

[CDD (BASE 65) ]
TOTAL THIS MO.     0
DPTR FM NORMAL     0    [PRESSURE DATA]
TOTAL FM JAN 1     0    HIGHEST SLP M ON M
DPTR FM NORMAL     0    LOWEST  SLP 29.57 ON  2

[REMARKS]
