000
CXUS56 KPDT 011032
CF6YKM
PRELIMINARY LOCAL CLIMATOLOGICAL DATA (WS FORM: F-6)

                                          STATION:   YAKIMA WA
                                          MONTH:     JULY
                                          YEAR:      2015
                                          LATITUDE:   46 34 N
                                          LONGITUDE: 120 32 W

  TEMPERATURE IN F:       :PCPN:    SNOW:  WIND      :SUNSHINE: SKY     :PK WND
================================================================================
1   2   3   4   5  6A  6B    7    8   9   10  11  12  13   14  15   16   17  18
                                     12Z  AVG MX 2MIN
DY MAX MIN AVG DEP HDD CDD  WTR  SNW DPTH SPD SPD DIR MIN PSBL S-S WX    SPD DR
================================================================================

 1 101  67  84  17   0  19 0.00  0.0    0  7.4 18 340   M    M   0 8      27 330
 2 104  62  83  15   0  18 0.00  0.0    0  8.9 20 320   M    M   0        32 360
 3 107  76  92  24   0  27 0.00  0.0    0  8.3 16 330   M    M   0        35 330
 4 105  68  87  19   0  22 0.00  0.0    0  8.1 22 320   M    M   0        32 360
 5  99  60  80  12   0  15 0.00  0.0    0  5.9 12  90   M    M   0 8      18 330
 6 102  63  83  14   0  18 0.00  0.0    0  8.4 18 290   M    M   0 8      29 300
 7 101  59  80  11   0  15 0.00  0.0    0  5.8 16 320   M    M   0 8      21 330
 8 101  66  84  15   0  19 0.00  0.0    0  7.7 15 310   M    M   0        20 350
 9 103  66  85  15   0  20 0.00  0.0    0  6.3 13 160   M    M   0 8      23 290
10  98  73  86  16   0  21    T  0.0    0  9.0 28 310   M    M   1 38     39 330
11  90  67  79   9   0  14 0.00  0.0    0  9.6 23 310   M    M   1 8      44 350
12  88  56  72   2   0   7 0.05  0.0    0  4.3 17 290   M    M   3        28 320
13  87  57  72   2   0   7 0.01  0.0    0  6.4 21 250   M    M   3        28 320
14  91  52  72   1   0   7 0.00  0.0    0  6.3 22 320   M    M   1        32 330
15  93  56  75   4   0  10 0.00  0.0    0  9.7 23 320   M    M   0        32 330
16  86  59  73   2   0   8 0.00  0.0    0 14.8 29 330   M    M   1        41 320
17  92  61  77   6   0  12 0.00  0.0    0  6.2 14 330   M    M   0        19 240
18  96  54  75   4   0  10 0.00  0.0    0  6.7 13 150   M    M   0        24 180
19 102  59  81   9   0  16 0.00  0.0    0  7.1 16 340   M    M   0        21  30
20 101  61  81   9   0  16 0.00  0.0    0  6.9 23 290   M    M   0        29 280
21  91  57  74   2   0   9 0.00  0.0    0  6.8 26 330   M    M   0        33 330
22  87  53  70  -2   0   5 0.00  0.0    0  7.3 21 330   M    M   0        30 330
23  89  55  72   0   0   7 0.00  0.0    0  6.3 20 340   M    M   1        30 360
24  92  57  75   3   0  10 0.00  0.0    0  6.2 24 320   M    M   2 8      32 320
25  79  55  67  -5   0   2 0.00  0.0    0  6.4 20 320   M    M   4        28 320
26  80  52  66  -6   0   1 0.00  0.0    0  8.5 29 320   M    M   2        36 330
27  82  54  68  -4   0   3 0.00  0.0    0 13.9 30 320   M    M   2        56 360
28  87  53  70  -2   0   5 0.00  0.0    0  4.5 14 320   M    M   0        26 320
29  95  51  73   1   0   8 0.00  0.0    0  5.3 15 360   M    M   0        17 160
30 102  53  78   6   0  13 0.00  0.0    0  6.9 14 340   M    M   0        55 220
31 107  58  83  11   0  18 0.00  0.0    0  6.9 15 320   M    M   0        24 330
================================================================================
SM 2938 1840         0 382  0.06     0.0 232.8          M       21
================================================================================
AV 94.8 59.4                               7.5 FASTST   M    M   1    MAX(MPH)
                                 MISC ---->  # 30 320               # 56  360
================================================================================
NOTES:
# LAST OF SEVERAL OCCURRENCES

COLUMN 17 PEAK WIND IN M.P.H.

PRELIMINARY LOCAL CLIMATOLOGICAL DATA (WS FORM: F-6) , PAGE 2

                                          STATION:  YAKIMA WA
                                          MONTH:    JULY
                                          YEAR:     2015
                                          LATITUDE:   46 34 N
                                          LONGITUDE: 120 32 W

[TEMPERATURE DATA]      [PRECIPITATION DATA]       SYMBOLS USED IN COLUMN 16

AVERAGE MONTHLY: 77.1   TOTAL FOR MONTH:   0.06    1 = FOG OR MIST
DPTR FM NORMAL:   6.5   DPTR FM NORMAL:   -0.16    2 = FOG REDUCING VISIBILITY
HIGHEST:   107 ON 31, 3 GRTST 24HR  0.06 ON 12-13      TO 1/4 MILE OR LESS
LOWEST:     51 ON 29                               3 = THUNDER
                        SNOW, ICE PELLETS, HAIL    4 = ICE PELLETS
                        TOTAL MONTH:   0.0 INCH    5 = HAIL
                        GRTST 24HR     0.0         6 = FREEZING RAIN OR DRIZZLE
                        GRTST DEPTH:   0           7 = DUSTSTORM OR SANDSTORM:
                                                       VSBY 1/2 MILE OR LESS
                                                   8 = SMOKE OR HAZE
[NO. OF DAYS WITH]      [WEATHER - DAYS WITH]      9 = BLOWING SNOW
                                                   X = TORNADO
MAX 32 OR BELOW:   0    0.01 INCH OR MORE:   2
MAX 90 OR ABOVE:  22    0.10 INCH OR MORE:   0
MIN 32 OR BELOW:   0    0.50 INCH OR MORE:   0
MIN  0 OR BELOW:   0    1.00 INCH OR MORE:   0

[HDD (BASE 65) ]
TOTAL THIS MO.     0    CLEAR  (SCALE 0-3)  30
DPTR FM NORMAL   -21    PTCLDY (SCALE 4-7)   1
TOTAL FM JUL 1     0    CLOUDY (SCALE 8-10)  0
DPTR FM NORMAL   -21

[CDD (BASE 65) ]
TOTAL THIS MO.   382
DPTR FM NORMAL   187    [PRESSURE DATA]
TOTAL FM JAN 1   781    HIGHEST SLP 30.22 ON 28
DPTR FM NORMAL   501    LOWEST  SLP 29.51 ON  9

[REMARKS]
#FINAL-07-15#
