000
CXUS51 KPBZ 210904
CF6ZZV
PRELIMINARY LOCAL CLIMATOLOGICAL DATA (WS FORM: F-6)

                                          STATION:   ZANESVILLE OH
                                          MONTH:     FEBRUARY
                                          YEAR:      2018
                                          LATITUDE:   39 56 N
                                          LONGITUDE:  81 54 W

  TEMPERATURE IN F:       :PCPN:    SNOW:  WIND      :SUNSHINE: SKY     :PK WND
================================================================================
1   2   3   4   5  6A  6B    7    8   9   10  11  12  13   14  15   16   17  18
                                     12Z  AVG MX 2MIN
DY MAX MIN AVG DEP HDD CDD  WTR  SNW DPTH SPD SPD DIR MIN PSBL S-S WX    SPD DR
================================================================================

 1  47  19  33   3  32   0 0.04    M    0 10.8 23 250   M    M   8 1      31 330
 2  20  10  15 -15  50   0    T    M    0  9.3 20 320   M    M   5        26 320
 3  36  11  24  -6  41   0 0.00  0.0    0  8.8 15 180   M    M   8        19 180
 4  37  25  31   1  34   0 0.14    M    0  9.6 21 340   M    M  10 1      28 320
 5  25  10  18 -12  47   0    T    M    0  5.8 21 330   M    M   4 1      27 310
 6  30  23  27  -3  38   0 0.01    M    0  2.9 10 310   M    M   9 8      13 310
 7  32  21  27  -3  38   0 0.53    M    0  7.8 16 300   M    M   9 16     21 290
 8  25  20  23  -7  42   0    T    M    0  4.6 15 250   M    M   9 18     20 230
 9  38  22  30  -1  35   0 0.00    M    M  4.0 15 190   M    M   4 1      19 190
10  44  32  38   7  27   0 0.20    M    M  2.1 10 360   M    M   9 1      15 360
11  52  31  42  11  23   0 0.29    M    M  5.9 20 270   M    M  10 12     30 280
12  38  25  32   1  33   0 0.05    M    M  5.6 12 350   M    M   4 18     16 330
13  40  20  30  -1  35   0 0.00  0.0    0  5.6 10 160   M    M   4        13  30
14  58  32  45  13  20   0 0.23    M    0  4.7 15 190   M    M   9 128    19 200
15  66  57  62  30   3   0 1.09  0.0    0  7.7 24 280   M    M   9 1      34 290
16  58  32  45  13  20   0 0.63    M    0  7.6 17 340   M    M  10 18     23 320
17  35  27  31  -1  34   0 0.12    M    0  4.0 12 120   M    M   8 1      13 120
18  42  33  38   5  27   0    T    M    0  6.9 15 180   M    M   5 1      20 280
19  67  33  50  17  15   0 0.20    M    0  8.9 15 190   M    M   4 1      22 200
20  78  61  70  37   0   5 0.00  0.0    0 11.8 24 210   M    M   2        34 200
================================================================================
SM  868  544       594   5  3.53     0.0 134.4          M      140
================================================================================
AV 43.4 27.2                               6.7 FASTST   M    M   7    MAX(MPH)
                                 MISC ---->  # 24 280               # 34  290
================================================================================
NOTES:
# LAST OF SEVERAL OCCURRENCES

COLUMN 17 PEAK WIND IN M.P.H.

PRELIMINARY LOCAL CLIMATOLOGICAL DATA (WS FORM: F-6) , PAGE 2

                                          STATION:  ZANESVILLE OH
                                          MONTH:    FEBRUARY
                                          YEAR:     2018
                                          LATITUDE:   39 56 N
                                          LONGITUDE:  81 54 W

[TEMPERATURE DATA]      [PRECIPITATION DATA]       SYMBOLS USED IN COLUMN 16

AVERAGE MONTHLY: 35.3   TOTAL FOR MONTH:   3.53    1 = FOG OR MIST
DPTR FM NORMAL:   4.2   DPTR FM NORMAL:    2.00    2 = FOG REDUCING VISIBILITY
HIGHEST:    78 ON 20    GRTST 24HR  1.09 ON 15-15      TO 1/4 MILE OR LESS
LOWEST:     10 ON  5, 2                            3 = THUNDER
                        SNOW, ICE PELLETS, HAIL    4 = ICE PELLETS
                        TOTAL MONTH:   0.0 INCH    5 = HAIL
                        GRTST 24HR     0.0         6 = FREEZING RAIN OR DRIZZLE
                        GRTST DEPTH:   0           7 = DUSTSTORM OR SANDSTORM:
                                                       VSBY 1/2 MILE OR LESS
                                                   8 = SMOKE OR HAZE
[NO. OF DAYS WITH]      [WEATHER - DAYS WITH]      9 = BLOWING SNOW
                                                   X = TORNADO
MAX 32 OR BELOW:   5    0.01 INCH OR MORE:  12
MAX 90 OR ABOVE:   0    0.10 INCH OR MORE:   9
MIN 32 OR BELOW:  16    0.50 INCH OR MORE:   3
MIN  0 OR BELOW:   0    1.00 INCH OR MORE:   1

[HDD (BASE 65) ]
TOTAL THIS MO.   594    CLEAR  (SCALE 0-3)   1
DPTR FM NORMAL   -83    PTCLDY (SCALE 4-7)   9
TOTAL FM JUL 1  3821    CLOUDY (SCALE 8-10) 10
DPTR FM NORMAL  -123

[CDD (BASE 65) ]
TOTAL THIS MO.     5
DPTR FM NORMAL     5    [PRESSURE DATA]
TOTAL FM JAN 1     5    HIGHEST SLP M ON M
DPTR FM NORMAL     5    LOWEST  SLP 29.63 ON 15

[REMARKS]
