000
CXUS53 KGJT 012014
CLADRO


CLIMATE REPORT
NATIONAL WEATHER SERVICE GRAND JUNCTION CO
1233 PM MST THU JAN 1 2015

...................................

...THE DURANGO AIRPORT CO CLIMATE SUMMARY FOR THE YEAR OF 2014...

CLIMATE NORMAL PERIOD 1981 TO 2010
CLIMATE RECORD PERIOD 9999 TO 9999

WEATHER         OBSERVED          NORMAL  DEPART  LAST YEAR`S
                 VALUE   DATE(S)  VALUE   FROM    VALUE  DATE(S)
                                          NORMAL
................................................................
TEMPERATURE (F)
RECORD
 HIGH              MM   MM
 LOW               MM   MM
HIGHEST            95   07/22        MM      MM       96  06/27
LOWEST             -2   12/28        MM      MM      -21  01/15
                                                          01/12
AVG. MAXIMUM     64.1              61.8     2.3     61.2
AVG. MINIMUM     32.0              30.5     1.5     29.8
MEAN             48.0              46.1     1.9     45.5
DAYS MAX >= 90     15              11.0     4.0       19
DAYS MAX <= 32      9              16.8    -7.8       30
DAYS MIN <= 32    202             197.7     4.3      209
DAYS MIN <= 0       3              12.2    -9.2       24

PRECIPITATION (INCHES)
RECORD
 MAXIMUM           MM   MM
 MINIMUM           MM   MM
TOTALS          12.05             16.07   -4.02    15.83
DAILY AVG.          T              0.04   -0.04     0.04
DAYS >= .01        74                MM      MM       80
DAYS >= .10        30                MM      MM       37
DAYS >= .50         6                MM      MM       11
DAYS >= 1.00        2                MM      MM        1
GREATEST
 24 HR. TOTAL    1.41   MM                       12/31 TO 12/31

  STORM TOTAL       MM                                 MM

SNOWFALL (INCHES)
RECORDS
 TOTAL             MM   MM
 24 HR TOTAL       MM
 SNOW DEPTH        MM   MM
TOTALS             MM                MM      MM       MM
 LIQUID EQUIV      MM                MM      MM       MM
SINCE 7/1          MM                MM      MM       MM
 LIQUID 7/1        MM                MM      MM       MM
SNOWDEPTH AVG.     MM                MM      MM       MM
DAYS >= TRACE      MM                MM      MM       MM
DAYS >= 1.0        MM                MM      MM       MM
GREATEST
 SNOW DEPTH        MM                                 MM  MM
 24 HR TOTAL       MM                                 MM
 STORM TOTAL       MM                                 MM

DEGREE_DAYS
HEATING TOTAL    6387              7124    -737     7366
 SINCE 7/1       2504              2874    -370     2958
COOLING TOTAL     305               242      63      388
 SINCE 1/1        305               243      62      388

FREEZE DATES
RECORD
 EARLIEST     MM
 LATEST       MM
EARLIEST                        MM
LATEST                          MM
..................................................

WIND (MPH)
AVERAGE WIND SPEED              6.5
RESULTANT WIND SPEED/DIRECTION   2/283
HIGHEST WIND SPEED/DIRECTION    44/250    DATE  03/30
HIGHEST GUST SPEED/DIRECTION    61/220    DATE  03/30

SKY COVER
POSSIBLE SUNSHINE (PERCENT)   MM
AVERAGE SKY COVER           0.20
NUMBER OF DAYS FAIR          273
NUMBER OF DAYS PC             69
NUMBER OF DAYS CLOUDY         22

AVERAGE RH (PERCENT)     51

WEATHER CONDITIONS. NUMBER OF DAYS WITH
THUNDERSTORM             58     MIXED PRECIP               0
HEAVY RAIN               17     RAIN                      31
LIGHT RAIN               99     FREEZING RAIN              0
LT FREEZING RAIN          0     HAIL                       0
HEAVY SNOW                1     SNOW                       4
LIGHT SNOW               28     SLEET                      0
FOG                      57     FOG W/VIS <= 1/4 MILE      8
HAZE                     17

-  INDICATES NEGATIVE NUMBERS.
R  INDICATES RECORD WAS SET OR TIED.
MM INDICATES DATA IS MISSING.
T  INDICATES TRACE AMOUNT.

$$
